000
CXUS54 KFWD 010730
CF6FTW
PRELIMINARY LOCAL CLIMATOLOGICAL DATA (WS FORM: F-6)
STATION: FORT WORTH MEACHAM
MONTH: APRIL
YEAR: 2023
LATITUDE: 32 49 N
LONGITUDE: 97 21 W
TEMPERATURE IN F: :PCPN: SNOW: WIND :SUNSHINE: SKY :PK WND
================================================================================
1 2 3 4 5 6A 6B 7 8 9 10 11 12 13 14 15 16 17 18
12Z AVG MX 2MIN
DY MAX MIN AVG DEP HDD CDD WTR SNW DPTH SPD SPD DIR MIN PSBL S-S WX SPD DR
================================================================================
1 73 51 62 0 3 0 0.00 M M 7.7 18 320 M M 0 26 330
2 77 54 66 4 0 1 0.13 M M 9.7 24 180 M M 4 13 33 160
3 90 64 77 15 0 12 0.00 M M 14.2 26 170 M M 0 1 37 180
4 79 71 75 13 0 10 0.00 M M 15.4 22 160 M M 5 1 31 180
5 76 49 63 1 2 0 0.00 M M 13.3 24 310 M M 2 8 34 320
6 60 45 53 -10 12 0 0.00 M M 12.1 20 20 M M 2 27 50
7 62 51 57 -6 8 0 0.00 M M 9.2 15 30 M M 9 24 20
8 72 54 63 0 2 0 0.00 M M 3.7 13 100 M M 8 18 80
9 72 51 62 -1 3 0 0.00 M M 4.6 13 100 M M 5 1 17 110
10 75 56 66 2 0 1 0.00 M M 6.4 15 80 M M 2 20 80
11 75 52 64 0 1 0 0.00 M M 6.0 13 130 M M 0 18 90
12 77 52 65 1 0 0 0.00 M M 6.7 20 120 M M 1 18 26 130
13 79 54 67 3 0 2 0.00 M M 9.3 17 140 M M 0 26 170
14 79 58 69 5 0 4 0.00 M M 14.6 24 180 M M 5 34 180
15 77 55 66 2 0 1 0.00 M M 14.2 25 310 M M 2 1 35 350
16 72 45 59 -6 6 0 0.00 M M 6.2 18 300 M M 0 25 330
17 81 49 65 0 0 0 0.00 M M 9.7 23 160 M M 0 30 150
18 77 58 68 3 0 3 0.00 M M 15.3 25 160 M M 4 35 150
19 85 67 76 11 0 11 0.00 M M 19.9 31 160 M M 7 41 160
20 83 62 73 7 0 8 0.18 M M 12.6 25 170 M M 7 138 37 160
21 77 54 66 0 0 1 0.00 M M 9.2 22 10 M M 1 1 30 30
22 73 50 62 -4 3 0 0.00 M M 10.2 24 40 M M 4 34 10
23 58 47 53 -13 12 0 0.09 M M 10.2 22 20 M M 9 1 29 20
24 70 45 58 -8 7 0 0.01 M M 8.9 17 150 M M 6 23 120
25 73 58 66 -1 0 1 T M M 11.2 17 120 M M 9 1 23 150
26 65 54 60 -7 5 0 1.52 M M 9.3 23 100 M M 10 123 34 100
27 68 56 62 -5 3 0 T M M 8.4 22 300 M M 7 1 30 310
28 73 51 62 -6 3 0 0.01 M M 12.4 25 350 M M 5 3 34 340
29 70 51 61 -7 4 0 0.00 M M 13.7 26 310 M M 4 37 330
30 83 52 68 0 0 3 0.00 M M 8.6 18 40 M M 0 24 50
================================================================================
SM 2231 1616 74 58 1.94 M 312.9 M 118
================================================================================
AV 74.4 53.9 10.4 FASTST M M 4 MAX(MPH)
MISC ----> 31 160 41 160
================================================================================
NOTES:
# LAST OF SEVERAL OCCURRENCES
COLUMN 17 PEAK WIND IN M.P.H.
PRELIMINARY LOCAL CLIMATOLOGICAL DATA (WS FORM: F-6) , PAGE 2
STATION: FORT WORTH MEACHAM
MONTH: APRIL
YEAR: 2023
LATITUDE: 32 49 N
LONGITUDE: 97 21 W
[TEMPERATURE DATA] [PRECIPITATION DATA] SYMBOLS USED IN COLUMN 16
AVERAGE MONTHLY: 64.1 TOTAL FOR MONTH: 1.94 1 = FOG OR MIST
DPTR FM NORMAL: -0.6 DPTR FM NORMAL: -1.12 2 = FOG REDUCING VISIBILITY
HIGHEST: 90 ON 3 GRTST 24HR 1.52 ON 26-26 TO 1/4 MILE OR LESS
LOWEST: 45 ON 24,16 3 = THUNDER
SNOW, ICE PELLETS, HAIL 4 = ICE PELLETS
TOTAL MONTH: M 5 = HAIL
GRTST 24HR M ON M 6 = FREEZING RAIN OR DRIZZLE
GRTST DEPTH: M ON M 7 = DUSTSTORM OR SANDSTORM:
VSBY 1/2 MILE OR LESS
8 = SMOKE OR HAZE
[NO. OF DAYS WITH] [WEATHER - DAYS WITH] 9 = BLOWING SNOW
X = TORNADO
MAX 32 OR BELOW: 0 0.01 INCH OR MORE: 6
MAX 90 OR ABOVE: 1 0.10 INCH OR MORE: 3
MIN 32 OR BELOW: 0 0.50 INCH OR MORE: 1
MIN 0 OR BELOW: 0 1.00 INCH OR MORE: 1
[HDD (BASE 65) ]
TOTAL THIS MO. 74 CLEAR (SCALE 0-3) 13
DPTR FM NORMAL -25 PTCLDY (SCALE 4-7) 12
TOTAL FM JUL 1 2020 CLOUDY (SCALE 8-10) 5
DPTR FM NORMAL -307
[CDD (BASE 65) ]
TOTAL THIS MO. 58
DPTR FM NORMAL -32 [PRESSURE DATA]
TOTAL FM JAN 1 124 HIGHEST SLP M ON M
DPTR FM NORMAL -5 LOWEST SLP 29.48 ON 4
[REMARKS]
#FINAL-04-23#