000
CXUS54 KFWD 072133
CF6FTW
PRELIMINARY LOCAL CLIMATOLOGICAL DATA (WS FORM: F-6)
STATION: FORT WORTH MEACHAM
MONTH: MARCH
YEAR: 2022
LATITUDE: 32 49 N
LONGITUDE: 97 21 W
TEMPERATURE IN F: :PCPN: SNOW: WIND :SUNSHINE: SKY :PK WND
================================================================================
1 2 3 4 5 6A 6B 7 8 9 10 11 12 13 14 15 16 17 18
12Z AVG MX 2MIN
DY MAX MIN AVG DEP HDD CDD WTR SNW DPTH SPD SPD DIR MIN PSBL S-S WX SPD DR
================================================================================
1 74 39 57 4 8 0 M M M 4.0 8 210 M M 0 M M
2 77 46 62 9 3 0 M M M 4.9 12 180 M M 0 M M
3 78 44 61 7 4 0 M M M 4.6 10 140 M M 0 8 M M
4 72 53 63 9 2 0 0.00 M M 13.1 26 160 M M 5 1 37 170
5 79 62 71 17 0 6 T M M 18.0 23 180 M M 5 39 160
6 79 36 58 4 7 0 0.24 M M 15.6 25 310 M M 8 1 34 320
7 51 34 43 -12 22 0 0.01 M M 13.7 18 340 M M 6 32 330
8 46 31 39 -16 26 0 0.03 M M 7.0 17 10 M M 3 3 21 10
9 57 27 42 -13 23 0 0.00 M M 5.5 14 10 M M 0 1 19 20
10 66 38 52 -4 13 0 0.00 M M 9.7 21 320 M M 0 28 330
11 39 29 34 -22 31 0 0.03 M M 17.3 29 360 M M 8 16 36 360
12 56 22 39 -17 26 0 0.00 M M 5.9 13 170 M M 0 17 160
13 65 36 51 -5 14 0 0.00 M M 14.7 25 170 M M 0 33 160
14 80 49 65 8 0 0 T M M 15.9 26 180 M M 5 3 39 180
15 72 47 60 3 5 0 0.00 M M 10.8 22 310 M M 1 31 320
16 81 44 63 6 2 0 0.00 M M 8.8 20 160 M M 0 26 180
17 76 54 65 7 0 0 T M M 19.7 33 170 M M 2 3 46 160
18 65 46 56 -2 9 0 0.00 0.0 M 17.2 28 300 M M 3 45 300
19 75 40 58 0 7 0 0.00 M M 5.7 16 210 M M 0 8 27 230
20 80 51 66 8 0 1 0.00 M M 15.7 28 140 M M 1 43 180
21 73 53 63 4 2 0 0.91 M M 14.3 40 270 M M 8 138 52 270
22 55 43 49 -10 16 0 0.00 M M 16.3 25 310 M M 6 1 37 310
23 62 44 53 -6 12 0 0.00 M M 12.9 30 320 M M 1 41 330
24 66 33 50 -10 15 0 0.00 M M 6.9 21 310 M M 0 28 300
25 80 42 61 1 4 0 0.00 M M 3.6 10 110 M M 0 14 100
26 84 48 66 6 0 1 0.00 M M 7.9 15 30 M M 0 22 140
27 93 51 72 12 0 7 0.00 M M 10.2 24 170 M M 0 8 33 160
28 84 57 71 10 0 6 0.00 M M 16.5 26 180 M M 0 40 170
29 78 65 72 11 0 7 0.00 M M 22.0 35 170 M M 5 50 170
30 72 45 59 -2 6 0 0.43 M M 11.5 29 290 M M 4 13 40 180
31 68 42 55 -6 10 0 T M M 7.6 22 290 M M 2 32 290
================================================================================
SM 2183 1351 267 28 1.65 0.0 357.6 M 73
================================================================================
AV 70.4 43.6 11.5 FASTST M M 2 MAX(MPH)
MISC ----> 40 270 52 270
================================================================================
NOTES:
# LAST OF SEVERAL OCCURRENCES
COLUMN 17 PEAK WIND IN M.P.H.
PRELIMINARY LOCAL CLIMATOLOGICAL DATA (WS FORM: F-6) , PAGE 2
STATION: FORT WORTH MEACHAM
MONTH: MARCH
YEAR: 2022
LATITUDE: 32 49 N
LONGITUDE: 97 21 W
[TEMPERATURE DATA] [PRECIPITATION DATA] SYMBOLS USED IN COLUMN 16
AVERAGE MONTHLY: 57.0 TOTAL FOR MONTH: 1.65 1 = FOG OR MIST
DPTR FM NORMAL: -0.3 DPTR FM NORMAL: -1.51 2 = FOG REDUCING VISIBILITY
HIGHEST: 93 ON 27 GRTST 24HR 0.91 ON 21-21 TO 1/4 MILE OR LESS
LOWEST: 22 ON 12 3 = THUNDER
SNOW, ICE PELLETS, HAIL 4 = ICE PELLETS
TOTAL MONTH: 0.0 INCH 5 = HAIL
GRTST 24HR 0.0 6 = FREEZING RAIN OR DRIZZLE
GRTST DEPTH: M ON M 7 = DUSTSTORM OR SANDSTORM:
VSBY 1/2 MILE OR LESS
8 = SMOKE OR HAZE
[NO. OF DAYS WITH] [WEATHER - DAYS WITH] 9 = BLOWING SNOW
X = TORNADO
MAX 32 OR BELOW: 0 0.01 INCH OR MORE: 6
MAX 90 OR ABOVE: 1 0.10 INCH OR MORE: 3
MIN 32 OR BELOW: 4 0.50 INCH OR MORE: 1
MIN 0 OR BELOW: 0 1.00 INCH OR MORE: 0
[HDD (BASE 65) ]
TOTAL THIS MO. 267 CLEAR (SCALE 0-3) 20
DPTR FM NORMAL -3 PTCLDY (SCALE 4-7) 11
TOTAL FM JUL 1 1955 CLOUDY (SCALE 8-10) 0
DPTR FM NORMAL -273
[CDD (BASE 65) ]
TOTAL THIS MO. 28
DPTR FM NORMAL -2 [PRESSURE DATA]
TOTAL FM JAN 1 33 HIGHEST SLP 30.50 ON 12
DPTR FM NORMAL -6 LOWEST SLP 29.42 ON 30
[REMARKS]
#FINAL-03-22#