000
CXUS54 KFWD 010731
CF6FTW
PRELIMINARY LOCAL CLIMATOLOGICAL DATA (WS FORM: F-6)
STATION: FORT WORTH MEACHAM
MONTH: APRIL
YEAR: 2020
LATITUDE: 32 49 N
LONGITUDE: 97 21 W
TEMPERATURE IN F: :PCPN: SNOW: WIND :SUNSHINE: SKY :PK WND
================================================================================
1 2 3 4 5 6A 6B 7 8 9 10 11 12 13 14 15 16 17 18
12Z AVG MX 2MIN
DY MAX MIN AVG DEP HDD CDD WTR SNW DPTH SPD SPD DIR MIN PSBL S-S WX SPD DR
================================================================================
1 69 47 58 -3 7 0 0.00 0.0 0 11.0 22 150 M M 0 28 150
2 67 58 63 2 2 0 0.01 0.0 0 15.1 22 140 M M 8 1 31 160
3 64 38 51 -11 14 0 0.06 0.0 0 12.0 25 310 M M 10 1 33 300
4 45 39 42 -20 23 0 0.37 0.0 0 7.3 16 350 M M 10 13 21 350
5 63 45 54 -8 11 0 0.00 0.0 0 5.8 12 140 M M 9 128 16 150
6 69 59 64 2 1 0 T 0.0 0 7.9 17 160 M M 8 1 24 160
7 84 63 74 11 0 9 0.00 0.0 0 8.0 16 220 M M 1 18 23 220
8 91 66 79 16 0 14 0.00 0.0 0 8.3 18 240 M M 0 18 26 230
9 74 61 68 5 0 3 T 0.0 0 8.4 17 30 M M 1 1 25 30
10 71 54 63 0 2 0 0.00 0.0 0 9.4 16 100 M M 0 22 70
11 67 56 62 -2 3 0 0.07 0.0 0 11.0 18 160 M M 7 13 25 180
12 79 43 61 -3 4 0 0.46 0.0 0 12.4 32 300 M M 4 13 48 230
13 55 36 46 -18 19 0 0.00 0.0 0 14.0 25 350 M M 0 39 10
14 54 38 46 -18 19 0 0.00 0.0 0 10.4 17 350 M M 7 23 340
15 63 34 49 -16 16 0 0.00 0.0 0 5.2 14 140 M M 0 1 19 140
16 72 47 60 -5 5 0 0.00 0.0 0 13.9 28 160 M M 0 37 170
17 62 45 54 -11 11 0 0.00 0.0 0 11.1 22 170 M M 5 31 170
18 66 39 53 -13 12 0 0.01 0.0 0 7.6 18 150 M M 5 23 160
19 82 58 70 4 0 5 T 0.0 0 11.2 21 320 M M 5 13 32 290
20 75 51 63 -3 2 0 0.00 0.0 0 4.8 12 90 M M 2 18 18 100
21 85 61 73 7 0 8 0.00 0.0 0 11.6 24 160 M M 3 1 32 160
22 90 62 76 10 0 11 0.01 0.0 0 13.2 24 170 M M 4 1 33 170
23 83 56 70 3 0 5 0.00 0.0 0 7.4 16 150 M M 0 8 22 140
24 90 61 76 9 0 11 0.00 0.0 0 13.6 26 320 M M 0 37 310
25 77 54 66 -1 0 1 0.00 0.0 0 9.7 20 10 M M 0 26 10
26 84 51 68 0 0 3 0.00 0.0 0 7.8 20 150 M M 0 24 160
27 85 63 74 6 0 9 0.00 0.0 0 17.6 29 160 M M 0 40 160
28 90 66 78 10 0 13 0.48 0.0 0 15.7 33 10 M M 5 138 51 10
29 79 56 68 0 0 3 0.00 0.0 0 12.5 29 300 M M 1 3 42 320
30 82 49 66 -3 0 1 0.00 0.0 0 6.1 16 140 M M 0 20 140
================================================================================
SM 2217 1556 151 96 1.47 0.0 310.0 M 95
================================================================================
AV 73.9 51.9 10.3 FASTST M M 3 MAX(MPH)
MISC ----> # 33 10 # 51 10
================================================================================
NOTES:
# LAST OF SEVERAL OCCURRENCES
COLUMN 17 PEAK WIND IN M.P.H.
PRELIMINARY LOCAL CLIMATOLOGICAL DATA (WS FORM: F-6) , PAGE 2
STATION: FORT WORTH MEACHAM
MONTH: APRIL
YEAR: 2020
LATITUDE: 32 49 N
LONGITUDE: 97 21 W
[TEMPERATURE DATA] [PRECIPITATION DATA] SYMBOLS USED IN COLUMN 16
AVERAGE MONTHLY: 62.9 TOTAL FOR MONTH: 1.47 1 = FOG OR MIST
DPTR FM NORMAL: -2.0 DPTR FM NORMAL: -1.45 2 = FOG REDUCING VISIBILITY
HIGHEST: 91 ON 8 GRTST 24HR 0.48 ON 28-28 TO 1/4 MILE OR LESS
LOWEST: 34 ON 15 3 = THUNDER
SNOW, ICE PELLETS, HAIL 4 = ICE PELLETS
TOTAL MONTH: 0.0 INCH 5 = HAIL
GRTST 24HR 0.0 6 = FREEZING RAIN OR DRIZZLE
GRTST DEPTH: 0 7 = DUSTSTORM OR SANDSTORM:
VSBY 1/2 MILE OR LESS
8 = SMOKE OR HAZE
[NO. OF DAYS WITH] [WEATHER - DAYS WITH] 9 = BLOWING SNOW
X = TORNADO
MAX 32 OR BELOW: 0 0.01 INCH OR MORE: 8
MAX 90 OR ABOVE: 4 0.10 INCH OR MORE: 3
MIN 32 OR BELOW: 0 0.50 INCH OR MORE: 0
MIN 0 OR BELOW: 0 1.00 INCH OR MORE: 0
[HDD (BASE 65) ]
TOTAL THIS MO. 151 CLEAR (SCALE 0-3) 16
DPTR FM NORMAL 55 PTCLDY (SCALE 4-7) 11
TOTAL FM JUL 1 2262 CLOUDY (SCALE 8-10) 3
DPTR FM NORMAL -101
[CDD (BASE 65) ]
TOTAL THIS MO. 96
DPTR FM NORMAL 4 [PRESSURE DATA]
TOTAL FM JAN 1 157 HIGHEST SLP M ON M
DPTR FM NORMAL 32 LOWEST SLP 29.45 ON 12
[REMARKS]
#FINAL-04-20#