000
CXUS54 KFWD 010730
CF6FTW
PRELIMINARY LOCAL CLIMATOLOGICAL DATA (WS FORM: F-6)
STATION: FORT WORTH MEACHAM
MONTH: JULY
YEAR: 2023
LATITUDE: 32 49 N
LONGITUDE: 97 21 W
TEMPERATURE IN F: :PCPN: SNOW: WIND :SUNSHINE: SKY :PK WND
================================================================================
1 2 3 4 5 6A 6B 7 8 9 10 11 12 13 14 15 16 17 18
12Z AVG MX 2MIN
DY MAX MIN AVG DEP HDD CDD WTR SNW DPTH SPD SPD DIR MIN PSBL S-S WX SPD DR
================================================================================
1 86 74 80 -4 0 15 0.00 M M 7.7 21 270 M M 0 27 290
2 95 70 83 -1 0 18 0.00 M M 6.4 16 140 M M 2 3 24 130
3 101 76 89 5 0 24 0.00 M M 8.9 23 70 M M 1 3 31 70
4 100 75 88 4 0 23 0.00 M M 11.5 20 160 M M 1 27 140
5 100 79 90 6 0 25 0.00 M M 9.9 20 160 M M 0 27 170
6 99 76 88 4 0 23 T M M 8.3 17 170 M M 2 3 23 150
7 97 76 87 3 0 22 0.00 M M 12.7 21 170 M M 1 29 180
8 99 80 90 6 0 25 T M M 8.7 17 90 M M 1 23 220
9 95 75 85 1 0 20 0.13 M M 9.0 22 320 M M 2 13 30 320
10 101 77 89 5 0 24 T M M 8.7 16 120 M M 3 21 110
11 100 77 89 4 0 24 0.03 M M 11.3 24 40 M M 1 3 33 20
12 108 82 95 10 0 30 0.00 M M 13.6 21 180 M M 0 30 190
13 106 82 94 9 0 29 T M M 13.9 22 180 M M 0 32 170
14 106 84 95 10 0 30 0.00 M M 13.3 22 150 M M 0 28 150
15 100 82 91 6 0 26 0.01 M M 11.0 20 170 M M 1 28 320
16 93 80 87 2 0 22 T M M 8.8 21 30 M M 1 3 29 290
17 108 76 92 7 0 27 0.00 M M 9.3 20 180 M M 0 26 170
18 110 80 95 10 0 30 0.00 M M 13.5 24 180 M M 0 30 170
19 107 83 95 9 0 30 0.00 M M 14.9 21 170 M M 0 31 130
20 105 83 94 8 0 29 0.00 M M 9.6 17 180 M M 0 27 170
21 104 81 93 7 0 28 0.00 M M 9.5 21 20 M M 0 28 30
22 96 77 87 1 0 22 0.00 M M 10.1 17 30 M M 1 24 10
23 100 70 85 -1 0 20 0.00 M M 5.5 15 120 M M 0 20 110
24 104 75 90 4 0 25 0.00 M M 8.2 17 110 M M 0 23 120
25 105 78 92 6 0 27 0.00 M M 10.9 21 150 M M 0 26 160
26 103 80 92 6 0 27 0.00 M M 11.8 20 140 M M 0 30 150
27 104 81 93 7 0 28 0.00 M M 10.1 18 150 M M 0 8 26 130
28 102 79 91 5 0 26 0.00 M M 9.4 18 160 M M 0 30 170
29 103 77 90 4 0 25 0.00 M M 8.2 15 160 M M 0 22 180
30 104 78 91 5 0 26 0.00 M M 6.9 16 160 M M 0 22 160
31 106 80 93 7 0 28 0.00 M M 6.6 16 130 M M 0 23 200
================================================================================
SM 3147 2423 0 778 0.17 M 308.2 M 17
================================================================================
AV101.5 78.2 9.9 FASTST M M 1 MAX(MPH)
MISC ----> # 24 40 33 20
================================================================================
NOTES:
# LAST OF SEVERAL OCCURRENCES
COLUMN 17 PEAK WIND IN M.P.H.
PRELIMINARY LOCAL CLIMATOLOGICAL DATA (WS FORM: F-6) , PAGE 2
STATION: FORT WORTH MEACHAM
MONTH: JULY
YEAR: 2023
LATITUDE: 32 49 N
LONGITUDE: 97 21 W
[TEMPERATURE DATA] [PRECIPITATION DATA] SYMBOLS USED IN COLUMN 16
AVERAGE MONTHLY: 89.8 TOTAL FOR MONTH: 0.17 1 = FOG OR MIST
DPTR FM NORMAL: 4.7 DPTR FM NORMAL: -2.01 2 = FOG REDUCING VISIBILITY
HIGHEST: 110 ON 18 GRTST 24HR 0.13 ON 9- 9 TO 1/4 MILE OR LESS
LOWEST: 70 ON 23, 2 3 = THUNDER
SNOW, ICE PELLETS, HAIL 4 = ICE PELLETS
TOTAL MONTH: M 5 = HAIL
GRTST 24HR M ON M 6 = FREEZING RAIN OR DRIZZLE
GRTST DEPTH: M ON M 7 = DUSTSTORM OR SANDSTORM:
VSBY 1/2 MILE OR LESS
8 = SMOKE OR HAZE
[NO. OF DAYS WITH] [WEATHER - DAYS WITH] 9 = BLOWING SNOW
X = TORNADO
MAX 32 OR BELOW: 0 0.01 INCH OR MORE: 3
MAX 90 OR ABOVE: 30 0.10 INCH OR MORE: 1
MIN 32 OR BELOW: 0 0.50 INCH OR MORE: 0
MIN 0 OR BELOW: 0 1.00 INCH OR MORE: 0
[HDD (BASE 65) ]
TOTAL THIS MO. 0 CLEAR (SCALE 0-3) 31
DPTR FM NORMAL 0 PTCLDY (SCALE 4-7) 0
TOTAL FM JUL 1 0 CLOUDY (SCALE 8-10) 0
DPTR FM NORMAL 0
[CDD (BASE 65) ]
TOTAL THIS MO. 778
DPTR FM NORMAL 153 [PRESSURE DATA]
TOTAL FM JAN 1 1804 HIGHEST SLP M ON M
DPTR FM NORMAL 288 LOWEST SLP 29.68 ON 13
[REMARKS]
#FINAL-07-23#