000
CXUS56 KSGX 011145
CF6FUL
PRELIMINARY LOCAL CLIMATOLOGICAL DATA (WS FORM: F-6)
STATION: FULLERTON AIRPORT CA
MONTH: JANUARY
YEAR: 2024
LATITUDE: 33 52 N
LONGITUDE: 117 58 W
TEMPERATURE IN F: :PCPN: SNOW: WIND :SUNSHINE: SKY :PK WND
================================================================================
1 2 3 4 5 6A 6B 7 8 9 10 11 12 13 14 15 16 17 18
12Z AVG MX 2MIN
DY MAX MIN AVG DEP HDD CDD WTR SNW DPTH SPD SPD DIR MIN PSBL S-S WX SPD DR
================================================================================
1 68 47 58 1 7 0 0.00 M M 2.3 9 250 M M 1 18 11 250
2 67 44 56 -1 9 0 0.00 M M 2.5 9 80 M M 2 18 11 220
3 64 51 58 1 7 0 0.33 M M 3.8 13 280 M M 4 1 17 250
4 65 43 54 -3 11 0 0.00 M M 2.5 8 80 M M 0 8 11 110
5 66 42 54 -3 11 0 0.00 M M 2.6 9 90 M M 0 18 10 290
6 65 40 53 -4 12 0 0.00 M M 4.0 9 190 M M 0 17 150
7 60 45 53 -4 12 0 T M M 9.4 16 290 M M 2 1 29 270
8 63 35 49 -8 16 0 0.00 M M 2.3 8 90 M M 0 8 10 290
9 64 39 52 -5 13 0 0.00 M M 2.5 10 200 M M 0 8 13 220
10 63 43 53 -5 12 0 0.00 M M 4.9 10 210 M M 4 1 15 180
11 63 44 54 -4 11 0 0.00 M M 3.9 14 290 M M 2 18 22 310
12 64 40 52 -6 13 0 0.00 M M 3.0 9 90 M M 1 8 12 240
13 65 40 53 -5 12 0 0.00 M M 2.7 10 190 M M 2 14 180
14 64 44 54 -4 11 0 0.00 M M 2.6 10 190 M M 3 1 14 190
15 67 44 56 -2 9 0 0.00 M M 1.6 10 190 M M 2 18 12 190
16 70 44 57 -1 8 0 0.00 M M 1.3 10 210 M M 1 18 14 190
17 61 54 58 0 7 0 0.00 M M 1.8 7 90 M M 9 18 9 240
18 69 53 61 3 4 0 0.00 M M 2.4 10 200 M M 4 18 15 210
19 69 51 60 2 5 0 0.00 M M 2.3 10 110 M M 2 18 12 80
20 60 56 58 0 7 0 0.39 M M 4.7 15 60 M M 9 18 19 50
21 65 57 61 3 4 0 0.06 M M 3.8 9 90 M M 8 1 13 70
22 62 57 60 2 5 0 0.75 M M 5.0 18 60 M M 10 138 23 60
23 68 52 60 2 5 0 0.00 M M 2.6 10 190 M M 4 128 13 190
24 63 54 59 1 6 0 0.00 M M 2.9 8 220 M M 8 10 230
25 65 51 58 0 7 0 0.02 M M 2.5 10 190 M M 6 1 15 230
26 76 47 62 4 3 0 0.00 M M 2.4 9 310 M M 0 1 14 310
27 82 50 66 8 0 1 0.00 M M 2.1 14 80 M M 2 17 80
28 76 52 64 6 1 0 0.00 M M 2.4 10 200 M M 2 14 210
29 82 49 66 8 0 1 0.00 M M 2.8 13 250 M M 1 8 16 90
30 75 48 62 4 3 0 0.00 M M 2.8 10 90 M M 2 8 11 190
31 67 50 59 1 6 0 0.00 M M 4.3 10 80 M M 2 18 15 210
================================================================================
SM 2078 1466 237 2 1.55 M 96.7 M 93
================================================================================
AV 67.0 47.3 3.1 FASTST M M 3 MAX(MPH)
MISC ----> 18 60 29 270
================================================================================
NOTES:
# LAST OF SEVERAL OCCURRENCES
COLUMN 17 PEAK WIND IN M.P.H.
PRELIMINARY LOCAL CLIMATOLOGICAL DATA (WS FORM: F-6) , PAGE 2
STATION: FULLERTON AIRPORT CA
MONTH: JANUARY
YEAR: 2024
LATITUDE: 33 52 N
LONGITUDE: 117 58 W
[TEMPERATURE DATA] [PRECIPITATION DATA] SYMBOLS USED IN COLUMN 16
AVERAGE MONTHLY: 57.2 TOTAL FOR MONTH: 1.55 1 = FOG OR MIST
DPTR FM NORMAL: -0.4 DPTR FM NORMAL: -1.30 2 = FOG REDUCING VISIBILITY
HIGHEST: 82 ON 29,27 GRTST 24HR 1.19 ON 22-23 TO 1/4 MILE OR LESS
LOWEST: 35 ON 8 3 = THUNDER
SNOW, ICE PELLETS, HAIL 4 = ICE PELLETS
TOTAL MONTH: 0.0 INCH 5 = HAIL
GRTST 24HR M ON M 6 = FREEZING RAIN OR DRIZZLE
GRTST DEPTH: 0 7 = DUSTSTORM OR SANDSTORM:
VSBY 1/2 MILE OR LESS
8 = SMOKE OR HAZE
[NO. OF DAYS WITH] [WEATHER - DAYS WITH] 9 = BLOWING SNOW
X = TORNADO
MAX 32 OR BELOW: 0 0.01 INCH OR MORE: 5
MAX 90 OR ABOVE: 0 0.10 INCH OR MORE: 3
MIN 32 OR BELOW: 0 0.50 INCH OR MORE: 1
MIN 0 OR BELOW: 0 1.00 INCH OR MORE: 0
[HDD (BASE 65) ]
TOTAL THIS MO. 237 CLEAR (SCALE 0-3) 20
DPTR FM NORMAL 2 PTCLDY (SCALE 4-7) 7
TOTAL FM JUL 1 409 CLOUDY (SCALE 8-10) 4
DPTR FM NORMAL -206
[CDD (BASE 65) ]
TOTAL THIS MO. 2
DPTR FM NORMAL -3 [PRESSURE DATA]
TOTAL FM JAN 1 2 HIGHEST SLP 30.30 ON 8
DPTR FM NORMAL -3 LOWEST SLP 29.70 ON 22
[REMARKS]
#FINAL-01-24#