000
CXUS51 KCAR 010700
CF6FVE
PRELIMINARY LOCAL CLIMATOLOGICAL DATA (WS FORM: F-6)
STATION: FRENCHVILLE ME
MONTH: MAY
YEAR: 2023
LATITUDE: 47 16 N
LONGITUDE: 68 19 W
TEMPERATURE IN F: :PCPN: SNOW: WIND :SUNSHINE: SKY :PK WND
================================================================================
1 2 3 4 5 6A 6B 7 8 9 10 11 12 13 14 15 16 17 18
12Z AVG MX 2MIN
DY MAX MIN AVG DEP HDD CDD WTR SNW DPTH SPD SPD DIR MIN PSBL S-S WX SPD DR
================================================================================
1 50 41 46 0 19 0 0.33 M M 18.2 31 100 M M 10 1 52 90
2 51 36 44 -2 21 0 0.03 M M 10.6 21 50 M M 10 1 33 50
3 45 35 40 -7 25 0 0.04 M M 9.8 17 50 M M 10 18 27 50
4 52 36 44 -3 21 0 T M M 9.7 18 30 M M 10 8 30 50
5 63 37 50 2 15 0 0.00 M M 9.9 20 340 M M 3 30 340
6 69 42 56 8 9 0 0.00 M M 11.6 25 330 M M 0 38 320
7 69 48 59 11 6 0 0.00 M M 13.6 25 330 M M 1 33 300
8 50 31 41 -8 24 0 0.00 M M 15.5 30 330 M M 4 42 350
9 52 30 41 -8 24 0 0.00 M M 11.8 24 330 M M 4 32 330
10 64 36 50 0 15 0 0.00 M M 9.7 22 330 M M 5 31 350
11 71 39 55 5 10 0 0.00 M M 4.9 16 250 M M 0 25 310
12 72 47 60 10 5 0 0.21 M M 5.4 30 260 M M 4 13 40 250
13 51 42 47 -4 18 0 T M M 15.8 29 320 M M 6 40 320
14 57 40 49 -2 16 0 0.00 M M 17.3 28 330 M M 6 41 330
15 64 44 54 2 11 0 0.04 M M 13.6 33 300 M M 5 55 290
16 53 35 44 -8 21 0 0.00 M M 10.3 17 330 M M 6 30 300
17 44 31 38 -14 27 0 T M M 14.4 26 330 M M 5 37 320
18 55 31 43 -10 22 0 0.00 M M 11.1 22 320 M M 2 29 300
19 71 39 55 2 10 0 0.00 M M 11.6 23 170 M M 2 8 38 180
20 69 49 59 6 6 0 0.11 M M 11.3 21 170 M M 7 1 32 160
21 64 37 51 -3 14 0 0.58 M M 14.9 28 320 M M 6 12 45 320
22 57 30 44 -10 21 0 0.00 M M 4.9 16 330 M M 0 26 350
23 71 37 54 0 11 0 0.00 M M 11.4 21 160 M M 0 36 190
24 52 44 48 -7 17 0 0.34 M M 6.3 16 340 M M 8 12 25 360
25 45 37 41 -14 24 0 0.20 M M 13.0 26 340 M M 10 12 39 340
26 65 38 52 -3 13 0 0.04 M M 8.9 16 320 M M 6 27 350
27 73 48 61 5 4 0 0.00 M M 9.3 21 270 M M 1 30 250
28 84 50 67 11 0 2 T M M 17.9 37 320 M M 0 54 300
29 68 43 56 0 9 0 0.00 M M 7.2 16 350 M M 0 28 20
30 82 43 63 7 2 0 0.00 M M 5.3 15 250 M M 0 20 240
31 90 55 73 16 0 8 0.00 M M 6.0 14 290 M M 0 19 230
================================================================================
SM 1923 1231 440 10 1.92 M 341.2 M 131
================================================================================
AV 62.0 39.7 11.0 FASTST M M 4 MAX(MPH)
MISC ----> 37 320 55 290
================================================================================
NOTES:
# LAST OF SEVERAL OCCURRENCES
COLUMN 17 PEAK WIND IN M.P.H.
PRELIMINARY LOCAL CLIMATOLOGICAL DATA (WS FORM: F-6) , PAGE 2
STATION: FRENCHVILLE ME
MONTH: MAY
YEAR: 2023
LATITUDE: 47 16 N
LONGITUDE: 68 19 W
[TEMPERATURE DATA] [PRECIPITATION DATA] SYMBOLS USED IN COLUMN 16
AVERAGE MONTHLY: 50.9 TOTAL FOR MONTH: 1.92 1 = FOG OR MIST
DPTR FM NORMAL: -0.8 DPTR FM NORMAL: -1.15 2 = FOG REDUCING VISIBILITY
HIGHEST: 90 ON 31 GRTST 24HR 0.69 ON 20-21 TO 1/4 MILE OR LESS
LOWEST: 30 ON 22, 9 3 = THUNDER
SNOW, ICE PELLETS, HAIL 4 = ICE PELLETS
TOTAL MONTH: M 5 = HAIL
GRTST 24HR M ON M 6 = FREEZING RAIN OR DRIZZLE
GRTST DEPTH: M ON M 7 = DUSTSTORM OR SANDSTORM:
VSBY 1/2 MILE OR LESS
8 = SMOKE OR HAZE
[NO. OF DAYS WITH] [WEATHER - DAYS WITH] 9 = BLOWING SNOW
X = TORNADO
MAX 32 OR BELOW: 0 0.01 INCH OR MORE: 10
MAX 90 OR ABOVE: 1 0.10 INCH OR MORE: 6
MIN 32 OR BELOW: 5 0.50 INCH OR MORE: 1
MIN 0 OR BELOW: 0 1.00 INCH OR MORE: 0
[HDD (BASE 65) ]
TOTAL THIS MO. 440 CLEAR (SCALE 0-3) 13
DPTR FM NORMAL 21 PTCLDY (SCALE 4-7) 13
TOTAL FM JUL 1 8294 CLOUDY (SCALE 8-10) 5
DPTR FM NORMAL -775
[CDD (BASE 65) ]
TOTAL THIS MO. 10
DPTR FM NORMAL 3 [PRESSURE DATA]
TOTAL FM JAN 1 10 HIGHEST SLP 30.36 ON 23
DPTR FM NORMAL 3 LOWEST SLP 29.38 ON 1
[REMARKS]
#FINAL-05-23#