000
CXUS51 KCAR 010600
CF6FVE
PRELIMINARY LOCAL CLIMATOLOGICAL DATA (WS FORM: F-6)
STATION: FRENCHVILLE ME
MONTH: APRIL
YEAR: 2021
LATITUDE: 47 16 N
LONGITUDE: 68 19 W
TEMPERATURE IN F: :PCPN: SNOW: WIND :SUNSHINE: SKY :PK WND
================================================================================
1 2 3 4 5 6A 6B 7 8 9 10 11 12 13 14 15 16 17 18
12Z AVG MX 2MIN
DY MAX MIN AVG DEP HDD CDD WTR SNW DPTH SPD SPD DIR MIN PSBL S-S WX SPD DR
================================================================================
1 47 21 34 4 31 0 0.53 M M 21.1 36 330 M M 10 126 47 340
2 24 16 20 -10 45 0 T M M 10.4 23 330 M M 9 27 330
3 32 12 22 -9 43 0 0.00 M M 5.7 14 300 M M 3 18 280
4 36 15 26 -5 39 0 0.06 M M 14.6 28 350 M M 4 1 41 10
5 42 32 37 5 28 0 0.11 M M 16.8 25 340 M M 10 16 35 350
6 50 35 43 11 22 0 0.06 M M 9.1 16 330 M M 10 1 20 330
7 60 39 50 18 15 0 0.00 M M 9.7 16 360 M M 7 23 40
8 61 39 50 17 15 0 0.00 M M 5.2 12 100 M M 7 14 60
9 65 40 53 19 12 0 0.00 M M 4.5 12 330 M M 7 15 10
10 59 33 46 12 19 0 0.00 M M 8.2 18 30 M M 1 25 40
11 55 27 41 7 24 0 0.00 M M 8.2 15 20 M M 5 1 22 30
12 51 43 47 12 18 0 0.00 M M 12.3 23 50 M M 9 34 60
13 60 36 48 12 17 0 0.00 M M 7.6 15 50 M M 2 20 90
14 60 30 45 9 20 0 0.00 M M 4.8 10 60 M M 0 15 10
15 62 34 48 11 17 0 0.00 M M 9.2 18 100 M M 0 29 110
16 49 29 39 2 26 0 0.00 M M 13.2 24 60 M M 4 36 60
17 43 30 37 -1 28 0 0.01 M M 10.8 21 50 M M 10 1 31 40
18 48 33 41 3 24 0 T M M 8.9 18 340 M M 9 1 25 340
19 61 31 46 7 19 0 T M M 7.9 18 330 M M 3 26 340
20 61 38 50 11 15 0 0.07 M M 8.7 23 230 M M 5 32 230
21 38 32 35 -5 30 0 0.45 M M 6.9 17 350 M M 9 12 24 360
22 31 26 29 -11 36 0 0.11 M M 19.8 30 280 M M 10 12 38 280
23 44 26 35 -6 30 0 0.01 M M 18.0 31 290 M M 7 1 40 280
24 56 35 46 5 19 0 0.00 M M 11.8 26 280 M M 1 33 330
25 60 35 48 6 17 0 0.07 M M 6.8 21 170 M M 6 1 32 180
26 44 34 39 -3 26 0 0.08 M M 14.3 35 320 M M 10 1 43 310
27 51 35 43 0 22 0 T M M 16.5 31 320 M M 8 41 310
28 62 35 49 6 16 0 0.00 M M 8.5 21 330 M M 0 27 320
29 64 37 51 7 14 0 0.00 M M 6.3 14 60 M M 0 21 50
30 48 38 43 -1 22 0 0.20 M M 8.7 17 30 M M 8 1 24 20
================================================================================
SM 1524 946 709 0 1.76 M 314.5 M 174
================================================================================
AV 50.8 31.5 10.5 FASTST M M 6 MAX(MPH)
MISC ----> 36 330 47 340
================================================================================
NOTES:
# LAST OF SEVERAL OCCURRENCES
COLUMN 17 PEAK WIND IN M.P.H.
PRELIMINARY LOCAL CLIMATOLOGICAL DATA (WS FORM: F-6) , PAGE 2
STATION: FRENCHVILLE ME
MONTH: APRIL
YEAR: 2021
LATITUDE: 47 16 N
LONGITUDE: 68 19 W
[TEMPERATURE DATA] [PRECIPITATION DATA] SYMBOLS USED IN COLUMN 16
AVERAGE MONTHLY: 41.2 TOTAL FOR MONTH: 1.76 1 = FOG OR MIST
DPTR FM NORMAL: 4.2 DPTR FM NORMAL: -1.05 2 = FOG REDUCING VISIBILITY
HIGHEST: 65 ON 9 GRTST 24HR 0.53 ON 31- 1 TO 1/4 MILE OR LESS
LOWEST: 12 ON 3 3 = THUNDER
SNOW, ICE PELLETS, HAIL 4 = ICE PELLETS
TOTAL MONTH: M 5 = HAIL
GRTST 24HR M ON M 6 = FREEZING RAIN OR DRIZZLE
GRTST DEPTH: M ON M 7 = DUSTSTORM OR SANDSTORM:
VSBY 1/2 MILE OR LESS
8 = SMOKE OR HAZE
[NO. OF DAYS WITH] [WEATHER - DAYS WITH] 9 = BLOWING SNOW
X = TORNADO
MAX 32 OR BELOW: 3 0.01 INCH OR MORE: 12
MAX 90 OR ABOVE: 0 0.10 INCH OR MORE: 5
MIN 32 OR BELOW: 13 0.50 INCH OR MORE: 1
MIN 0 OR BELOW: 0 1.00 INCH OR MORE: 0
[HDD (BASE 65) ]
TOTAL THIS MO. 709 CLEAR (SCALE 0-3) 8
DPTR FM NORMAL -132 PTCLDY (SCALE 4-7) 11
TOTAL FM JUL 1 8040 CLOUDY (SCALE 8-10) 11
DPTR FM NORMAL -1092
[CDD (BASE 65) ]
TOTAL THIS MO. 0
DPTR FM NORMAL 0 [PRESSURE DATA]
TOTAL FM JAN 1 0 HIGHEST SLP M ON M
DPTR FM NORMAL 0 LOWEST SLP 29.13 ON 22
[REMARKS]
#FINAL-04-21#