264
CXUS54 KTSA 010840
CF6FYV
PRELIMINARY LOCAL CLIMATOLOGICAL DATA (WS FORM: F-6)
STATION: FAYETTEVILLE ARKANSAS
MONTH: JULY
YEAR: 2020
LATITUDE: 36 0 N
LONGITUDE: 94 10 W
TEMPERATURE IN F: :PCPN: SNOW: WIND :SUNSHINE: SKY :PK WND
================================================================================
1 2 3 4 5 6A 6B 7 8 9 10 11 12 13 14 15 16 17 18
12Z AVG MX 2MIN
DY MAX MIN AVG DEP HDD CDD WTR SNW DPTH SPD SPD DIR MIN PSBL S-S WX SPD DR
================================================================================
1 91 75 83 7 0 18 0.00 0.0 0 8.0 20 210 M M 3 27 190
2 94 67 81 5 0 16 0.45 0.0 0 4.4 25 80 M M 2 13 41 80
3 92 64 78 1 0 13 T 0.0 0 2.7 9 340 M M 1 13 13 320
4 85 68 77 0 0 12 1.45 0.0 0 2.9 23 290 M M 6 13 37 280
5 87 66 77 0 0 12 0.01 0.0 0 3.4 20 180 M M 1 123 23 180
6 89 67 78 1 0 13 T 0.0 0 3.1 12 140 M M 2 12 16 120
7 91 66 79 2 0 14 T 0.0 0 2.0 12 150 M M 2 1 16 150
8 90 68 79 2 0 14 0.00 0.0 0 2.3 10 180 M M 1 1 16 140
9 84 67 76 -1 0 11 0.51 0.0 0 3.6 32 310 M M 1 13 45 330
10 88 64 76 -1 0 11 0.00 0.0 0 2.3 16 210 M M 2 1 22 200
11 92 68 80 2 0 15 T 0.0 0 5.5 26 180 M M 3 123 36 190
12 90 65 78 0 0 13 T 0.0 0 4.7 22 270 M M 1 33 260
13 82 61 72 -6 0 7 T 0.0 0 2.2 9 180 M M 3 16 120
14 92 70 81 3 0 16 0.00 0.0 0 8.2 20 160 M M 1 27 160
15 91 75 83 5 0 18 0.00 0.0 0 6.6 16 190 M M 0 24 180
16 92 72 82 4 0 17 0.00 0.0 0 3.5 13 340 M M 2 1 16 150
17 92 75 84 6 0 19 0.00 0.0 0 5.0 16 170 M M 0 22 180
18 91 70 81 3 0 16 0.00 0.0 0 7.9 20 170 M M 0 25 170
19 93 72 83 5 0 18 0.00 0.0 0 5.5 15 200 M M 1 22 230
20 92 69 81 3 0 16 0.00 0.0 0 3.9 10 230 M M 1 16 170
21 91 72 82 4 0 17 0.00 0.0 0 6.0 16 180 M M 2 3 23 190
22 90 69 80 2 0 15 0.24 0.0 0 3.1 16 190 M M 3 13 21 200
23 90 68 79 1 0 14 0.00 0.0 0 2.9 12 70 M M 2 1 21 170
24 93 69 81 3 0 16 0.00 0.0 0 4.1 12 140 M M 1 1 17 100
25 90 69 80 2 0 15 0.00 0.0 0 3.7 12 120 M M 2 1 17 180
26 91 70 81 3 0 16 0.00 0.0 0 4.7 14 160 M M 2 20 150
27 90 70 80 2 0 15 T 0.0 0 4.7 17 330 M M 1 22 330
28 91 70 81 3 0 16 0.05 0.0 0 1.4 8 260 M M 5 M M
29 82 73 78 0 0 13 1.00 0.0 0 5.7 16 210 M M 7 13 25 210
30 87 68 78 0 0 13 0.42 0.0 0 7.8 20 330 M M 5 13 28 340
31 74 63 69 -9 0 4 0.11 0.0 0 7.9 18 330 M M 8 1 27 320
================================================================================
SM 2767 2130 0 443 4.24 0.0 139.7 M 71
================================================================================
AV 89.3 68.7 4.5 FASTST M M 2 MAX(MPH)
MISC ----> # 32 310 # 45 330
================================================================================
NOTES:
# LAST OF SEVERAL OCCURRENCES
COLUMN 17 PEAK WIND IN M.P.H.
PRELIMINARY LOCAL CLIMATOLOGICAL DATA (WS FORM: F-6) , PAGE 2
STATION: FAYETTEVILLE ARKANSAS
MONTH: JULY
YEAR: 2020
LATITUDE: 36 0 N
LONGITUDE: 94 10 W
[TEMPERATURE DATA] [PRECIPITATION DATA] SYMBOLS USED IN COLUMN 16
AVERAGE MONTHLY: 79.0 TOTAL FOR MONTH: 4.24 1 = FOG OR MIST
DPTR FM NORMAL: 1.4 DPTR FM NORMAL: 0.78 2 = FOG REDUCING VISIBILITY
HIGHEST: 94 ON 2 GRTST 24HR 1.45 ON 4- 4 TO 1/4 MILE OR LESS
LOWEST: 61 ON 13 3 = THUNDER
SNOW, ICE PELLETS, HAIL 4 = ICE PELLETS
TOTAL MONTH: 0.0 INCH 5 = HAIL
GRTST 24HR 0.0 6 = FREEZING RAIN OR DRIZZLE
GRTST DEPTH: 0 7 = DUSTSTORM OR SANDSTORM:
VSBY 1/2 MILE OR LESS
8 = SMOKE OR HAZE
[NO. OF DAYS WITH] [WEATHER - DAYS WITH] 9 = BLOWING SNOW
X = TORNADO
MAX 32 OR BELOW: 0 0.01 INCH OR MORE: 9
MAX 90 OR ABOVE: 22 0.10 INCH OR MORE: 7
MIN 32 OR BELOW: 0 0.50 INCH OR MORE: 3
MIN 0 OR BELOW: 0 1.00 INCH OR MORE: 2
[HDD (BASE 65) ]
TOTAL THIS MO. 0 CLEAR (SCALE 0-3) 25
DPTR FM NORMAL 0 PTCLDY (SCALE 4-7) 6
TOTAL FM JUL 1 0 CLOUDY (SCALE 8-10) 0
DPTR FM NORMAL 0
[CDD (BASE 65) ]
TOTAL THIS MO. 443
DPTR FM NORMAL 52 [PRESSURE DATA]
TOTAL FM JAN 1 921 HIGHEST SLP 30.11 ON 17
DPTR FM NORMAL 172 LOWEST SLP 29.72 ON 11
[REMARKS]
#FINAL-07-20#