000
CXUS54 KTSA 011331
CF6FYV
PRELIMINARY LOCAL CLIMATOLOGICAL DATA (WS FORM: F-6)
STATION: FAYETTEVILLE ARKANSAS
MONTH: DECEMBER
YEAR: 2023
LATITUDE: 36 0 N
LONGITUDE: 94 10 W
TEMPERATURE IN F: :PCPN: SNOW: WIND :SUNSHINE: SKY :PK WND
================================================================================
1 2 3 4 5 6A 6B 7 8 9 10 11 12 13 14 15 16 17 18
12Z AVG MX 2MIN
DY MAX MIN AVG DEP HDD CDD WTR SNW DPTH SPD SPD DIR MIN PSBL S-S WX SPD DR
================================================================================
1 53 44 49 7 16 0 T 0.0 0 7.8 16 250 M M 10 18 27 220
2 57 39 48 6 17 0 0.02 0.0 0 4.6 12 260 M M 6 1 16 260
3 61 29 45 3 20 0 0.00 0.0 0 6.8 18 280 M M 2 12 25 260
4 55 31 43 2 22 0 0.00 0.0 0 7.1 18 320 M M 2 26 330
5 55 28 42 1 23 0 0.00 0.0 0 8.5 21 290 M M 0 32 300
6 60 24 42 1 23 0 0.00 0.0 0 3.9 13 180 M M 0 17 160
7 65 47 56 15 9 0 0.00 0.0 0 15.5 25 170 M M 1 34 170
8 66 53 60 20 5 0 0.00 0.0 0 14.4 24 180 M M 8 33 210
9 57 36 47 7 18 0 0.00 0.0 0 7.2 18 330 M M 2 26 300
10 48 26 37 -3 28 0 0.00 0.0 0 4.0 13 280 M M 0 20 280
11 56 22 39 -1 26 0 0.00 0.0 0 3.6 17 210 M M 0 23 230
12 62 24 43 4 22 0 0.00 0.0 0 1.1 9 210 M M 0 12 220
13 62 28 45 6 20 0 0.00 0.0 0 2.3 14 180 M M 0 18 20 110
14 65 28 47 8 18 0 0.00 0.0 0 4.6 18 150 M M 2 30 140
15 59 48 54 15 11 0 0.33 0.0 0 6.1 15 140 M M 7 1 25 140
16 49 31 40 2 25 0 T 0.0 0 6.0 14 270 M M 9 12 21 270
17 60 25 43 5 22 0 0.00 0.0 0 2.4 13 250 M M 2 12 17 260
18 47 23 35 -3 30 0 0.00 0.0 0 4.3 16 330 M M 0 22 340
19 55 19 37 -1 28 0 0.00 0.0 0 5.2 16 190 M M 0 21 180
20 58 42 50 12 15 0 0.00 0.0 0 7.8 17 190 M M 1 23 180
21 60 46 53 15 12 0 0.06 0.0 0 6.6 16 200 M M 9 1 22 190
22 56 50 53 15 12 0 0.11 0.0 0 5.6 14 200 M M 10 18 17 180
23 67 53 60 23 5 0 0.00 0.0 0 7.4 17 170 M M 9 18 24 180
24 63 54 59 22 6 0 1.51 0.0 0 9.5 21 140 M M 10 18 33 140
25 55 28 42 5 23 0 0.06 0.0 0 9.8 20 260 M M 9 1 31 260
26 47 27 37 0 28 0 T 0.0 0 10.4 22 190 M M 5 32 200
27 44 34 39 2 26 0 T 0.0 0 9.8 16 310 M M 10 8 25 250
28 37 32 35 -2 30 0 T T 0 7.8 14 320 M M 9 18 19 320
29 40 25 33 -4 32 0 0.00 0.0 0 6.5 15 320 M M 6 22 300
30 55 20 38 2 27 0 0.00 0.0 0 4.4 12 230 M M 0 16 230
31 49 26 38 2 27 0 0.00 0.0 0 5.8 16 330 M M 3 22 350
================================================================================
SM 1723 1042 626 0 2.09 T 206.8 M 132
================================================================================
AV 55.6 33.6 6.7 FASTST M M 4 MAX(MPH)
MISC ----> 25 170 34 170
================================================================================
NOTES:
# LAST OF SEVERAL OCCURRENCES
COLUMN 17 PEAK WIND IN M.P.H.
PRELIMINARY LOCAL CLIMATOLOGICAL DATA (WS FORM: F-6) , PAGE 2
STATION: FAYETTEVILLE ARKANSAS
MONTH: DECEMBER
YEAR: 2023
LATITUDE: 36 0 N
LONGITUDE: 94 10 W
[TEMPERATURE DATA] [PRECIPITATION DATA] SYMBOLS USED IN COLUMN 16
AVERAGE MONTHLY: 44.6 TOTAL FOR MONTH: 2.09 1 = FOG OR MIST
DPTR FM NORMAL: 5.8 DPTR FM NORMAL: -0.98 2 = FOG REDUCING VISIBILITY
HIGHEST: 67 ON 23 GRTST 24HR 1.57 ON 24-25 TO 1/4 MILE OR LESS
LOWEST: 19 ON 19 3 = THUNDER
SNOW, ICE PELLETS, HAIL 4 = ICE PELLETS
TOTAL MONTH: T 5 = HAIL
GRTST 24HR T ON 28-28 6 = FREEZING RAIN OR DRIZZLE
GRTST DEPTH: 0 7 = DUSTSTORM OR SANDSTORM:
VSBY 1/2 MILE OR LESS
8 = SMOKE OR HAZE
[NO. OF DAYS WITH] [WEATHER - DAYS WITH] 9 = BLOWING SNOW
X = TORNADO
MAX 32 OR BELOW: 0 0.01 INCH OR MORE: 6
MAX 90 OR ABOVE: 0 0.10 INCH OR MORE: 3
MIN 32 OR BELOW: 19 0.50 INCH OR MORE: 1
MIN 0 OR BELOW: 0 1.00 INCH OR MORE: 1
[HDD (BASE 65) ]
TOTAL THIS MO. 626 CLEAR (SCALE 0-3) 17
DPTR FM NORMAL -186 PTCLDY (SCALE 4-7) 5
TOTAL FM JUL 1 1275 CLOUDY (SCALE 8-10) 9
DPTR FM NORMAL -354
[CDD (BASE 65) ]
TOTAL THIS MO. 0
DPTR FM NORMAL 0 [PRESSURE DATA]
TOTAL FM JAN 1 1808 HIGHEST SLP 30.62 ON 14
DPTR FM NORMAL 456 LOWEST SLP 29.62 ON 8
[REMARKS]
#FINAL-12-23#