000
CXUS56 KOTX 010910
CF6GEG
PRELIMINARY LOCAL CLIMATOLOGICAL DATA (WS FORM: F-6)
STATION: SPOKANE WA AIRPORT
MONTH: JULY
YEAR: 2023
LATITUDE: 47 37 N
LONGITUDE: 117 32 W
TEMPERATURE IN F: :PCPN: SNOW: WIND :SUNSHINE: SKY :PK WND
================================================================================
1 2 3 4 5 6A 6B 7 8 9 10 11 12 13 14 15 16 17 18
12Z AVG MX 2MIN
DY MAX MIN AVG DEP HDD CDD WTR SNW DPTH SPD SPD DIR MIN PSBL S-S WX SPD DR
================================================================================
1 87 62 75 9 0 10 0.00 0.0 0 14.4 26 240 M M 1 8 34 230
2 82 58 70 3 0 5 0.00 0.0 0 7.3 20 270 M M 1 25 260
3 82 54 68 1 0 3 0.00 0.0 0 8.1 21 350 M M 2 8 26 360
4 85 54 70 2 0 5 0.00 0.0 0 7.0 15 30 M M 4 22 20
5 87 61 74 6 0 9 0.00 0.0 0 4.9 12 360 M M 6 16 70
6 91 61 76 8 0 11 0.00 0.0 0 4.6 14 360 M M 4 18 360
7 93 64 79 10 0 14 0.00 0.0 0 6.9 15 20 M M 4 20 20
8 95 67 81 12 0 16 0.00 0.0 0 5.9 10 50 M M 2 13 10
9 97 68 83 14 0 18 0.00 0.0 0 6.2 20 280 M M 2 8 25 290
10 80 59 70 0 0 5 0.12 0.0 0 9.3 32 280 M M 6 138 39 260
11 82 56 69 -1 0 4 0.00 0.0 0 7.3 18 230 M M 3 23 230
12 87 59 73 3 0 8 0.00 0.0 0 8.6 22 230 M M 3 29 240
13 85 58 72 1 0 7 0.00 0.0 0 7.9 18 220 M M 2 23 220
14 90 62 76 5 0 11 0.00 0.0 0 6.7 14 260 M M 3 20 130
15 95 62 79 8 0 14 0.00 0.0 0 8.0 20 250 M M 3 32 240
16 97 65 81 9 0 16 0.00 0.0 0 7.3 17 250 M M 5 22 220
17 82 62 72 0 0 7 0.00 0.0 0 17.9 31 230 M M 3 40 250
18 84 51 68 -4 0 3 0.00 0.0 0 6.0 14 240 M M 1 18 280
19 91 60 76 4 0 11 0.00 0.0 0 5.0 14 50 M M 1 18 60
20 97 63 80 7 0 15 0.00 0.0 0 4.2 14 290 M M 3 16 260
21 96 67 82 9 0 17 0.00 0.0 0 8.1 16 220 M M 1 21 250
22 91 64 78 5 0 13 0.00 0.0 0 10.5 21 240 M M 1 8 26 240
23 95 64 80 7 0 15 0.00 0.0 0 6.6 15 240 M M 2 20 250
24 89 66 78 5 0 13 T 0.0 0 12.6 30 270 M M 5 37 260
25 80 60 70 -3 0 5 0.00 0.0 0 14.1 26 260 M M 4 31 270
26 80 51 66 -7 0 1 0.00 0.0 0 6.6 16 230 M M 2 23 220
27 86 57 72 -1 0 7 0.00 0.0 0 4.2 14 290 M M 3 17 270
28 88 59 74 1 0 9 0.00 0.0 0 4.6 12 240 M M 3 14 240
29 91 63 77 3 0 12 0.00 0.0 0 5.5 15 220 M M 3 17 220
30 87 61 74 1 0 9 0.00 0.0 0 7.7 21 230 M M 2 24 230
31 86 58 72 -1 0 7 0.00 0.0 0 7.9 17 220 M M 1 23 230
================================================================================
SM 2738 1876 0 300 0.12 0.0 241.9 M 86
================================================================================
AV 88.3 60.5 7.8 FASTST M M 3 MAX(MPH)
MISC ----> 32 280 40 250
================================================================================
NOTES:
# LAST OF SEVERAL OCCURRENCES
COLUMN 17 PEAK WIND IN M.P.H.
PRELIMINARY LOCAL CLIMATOLOGICAL DATA (WS FORM: F-6) , PAGE 2
STATION: SPOKANE WA AIRPORT
MONTH: JULY
YEAR: 2023
LATITUDE: 47 37 N
LONGITUDE: 117 32 W
[TEMPERATURE DATA] [PRECIPITATION DATA] SYMBOLS USED IN COLUMN 16
AVERAGE MONTHLY: 74.4 TOTAL FOR MONTH: 0.12 1 = FOG OR MIST
DPTR FM NORMAL: 3.4 DPTR FM NORMAL: -0.30 2 = FOG REDUCING VISIBILITY
HIGHEST: 97 ON 20,16 GRTST 24HR 0.12 ON 10-10 TO 1/4 MILE OR LESS
LOWEST: 51 ON 26,18 3 = THUNDER
SNOW, ICE PELLETS, HAIL 4 = ICE PELLETS
TOTAL MONTH: 0.0 INCH 5 = HAIL
GRTST 24HR 0.0 6 = FREEZING RAIN OR DRIZZLE
GRTST DEPTH: 0 7 = DUSTSTORM OR SANDSTORM:
VSBY 1/2 MILE OR LESS
8 = SMOKE OR HAZE
[NO. OF DAYS WITH] [WEATHER - DAYS WITH] 9 = BLOWING SNOW
X = TORNADO
MAX 32 OR BELOW: 0 0.01 INCH OR MORE: 1
MAX 90 OR ABOVE: 13 0.10 INCH OR MORE: 1
MIN 32 OR BELOW: 0 0.50 INCH OR MORE: 0
MIN 0 OR BELOW: 0 1.00 INCH OR MORE: 0
[HDD (BASE 65) ]
TOTAL THIS MO. 0 CLEAR (SCALE 0-3) 20
DPTR FM NORMAL -26 PTCLDY (SCALE 4-7) 11
TOTAL FM JUL 1 0 CLOUDY (SCALE 8-10) 0
DPTR FM NORMAL -22
[CDD (BASE 65) ]
TOTAL THIS MO. 300
DPTR FM NORMAL 88 [PRESSURE DATA]
TOTAL FM JAN 1 491 HIGHEST SLP M ON M
DPTR FM NORMAL 212 LOWEST SLP 29.68 ON 9
[REMARKS]
#FINAL-07-23#