000
CXUS53 KIND 010700
CF6GEZ
PRELIMINARY LOCAL CLIMATOLOGICAL DATA (WS FORM: F-6)
STATION: SHELBYVILLE IN
MONTH: JANUARY
YEAR: 2024
LATITUDE: 39 35 N
LONGITUDE: 85 48 W
TEMPERATURE IN F: :PCPN: SNOW: WIND :SUNSHINE: SKY :PK WND
================================================================================
1 2 3 4 5 6A 6B 7 8 9 10 11 12 13 14 15 16 17 18
12Z AVG MX 2MIN
DY MAX MIN AVG DEP HDD CDD WTR SNW DPTH SPD SPD DIR MIN PSBL S-S WX SPD DR
================================================================================
1 40 34 37 6 28 0 T M M 7.5 13 350 M M 10 18 16 260
2 37 28 33 2 32 0 0.00 M M 9.3 17 230 M M 7 22 220
3 39 26 33 3 32 0 0.00 M M 7.5 15 330 M M 5 18 20 330
4 40 23 32 2 33 0 0.00 M M 5.7 13 350 M M 7 20 350
5 40 20 30 0 35 0 0.00 M M 6.9 14 120 M M 0 18 120
6 37 34 36 6 29 0 0.22 M M 5.6 14 150 M M 10 168 17 160
7 38 35 37 7 28 0 0.03 M M 9.5 20 270 M M 10 18 26 270
8 42 34 38 8 27 0 0.11 M M 10.4 18 90 M M 5 18 26 140
9 50 36 43 13 22 0 1.29 M M 16.6 30 220 M M 10 1 39 230
10 37 34 36 6 29 0 0.01 M M 15.4 26 270 M M 10 18 37 260
11 46 32 39 9 26 0 0.00 M M 11.0 23 270 M M 4 30 260
12 46 30 38 8 27 0 0.95 M M 19.1 36 120 M M 8 1 61 110
13 30 17 24 -5 41 0 T M M 20.7 33 230 M M 10 45 250
14 17 0 9 -20 56 0 T M M 13.5 28 270 M M 2 8 39 260
15 11 0 6 -23 59 0 0.00 M M 7.1 12 300 M M 3 17 300
16 15 5 10 -19 55 0 T M M 11.5 18 260 M M 4 8 23 250
17 32 5 19 -10 46 0 0.00 M M 14.5 29 230 M M 2 36 220
18 32 24 28 -1 37 0 T M M 6.9 15 190 M M 7 1 19 180
19 27 10 19 -10 46 0 0.04 M M 13.0 23 300 M M 10 18 30 300
20 17 1 9 -20 56 0 T M M 8.4 18 290 M M 2 8 24 300
21 24 -4 10 -19 55 0 0.00 M M 5.6 13 150 M M 0 16 160
22 43 18 31 2 34 0 0.01 M M 10.1 17 190 M M 7 22 190
23 45 37 41 11 24 0 0.57 M M 8.1 14 180 M M 10 12 19 160
24 54 44 49 19 16 0 0.40 M M 8.0 15 180 M M 10 12 20 180
25 56 46 51 21 14 0 0.20 M M 5.6 14 250 M M 10 12 18 260
26 56 43 50 20 15 0 0.00 M M 10.4 21 250 M M 10 1 29 250
27 44 40 42 12 23 0 0.46 M M 8.3 24 40 M M 10 1 34 40
28 43 37 40 10 25 0 0.26 M M 17.6 28 350 M M 10 18 38 350
29 37 33 35 5 30 0 0.00 M M 8.7 18 330 M M 10 23 330
30 40 33 37 7 28 0 0.06 M M 10.8 21 190 M M 10 168 27 170
31 44 36 40 10 25 0 T M M 7.1 12 240 M M 9 1 16 230
================================================================================
SM 1159 791 1033 0 4.61 M 320.4 M 222
================================================================================
AV 37.4 25.5 10.3 FASTST M M 7 MAX(MPH)
MISC ----> 36 120 61 110
================================================================================
NOTES:
# LAST OF SEVERAL OCCURRENCES
COLUMN 17 PEAK WIND IN M.P.H.
PRELIMINARY LOCAL CLIMATOLOGICAL DATA (WS FORM: F-6) , PAGE 2
STATION: SHELBYVILLE IN
MONTH: JANUARY
YEAR: 2024
LATITUDE: 39 35 N
LONGITUDE: 85 48 W
[TEMPERATURE DATA] [PRECIPITATION DATA] SYMBOLS USED IN COLUMN 16
AVERAGE MONTHLY: 31.5 TOTAL FOR MONTH: 4.61 1 = FOG OR MIST
DPTR FM NORMAL: 1.8 DPTR FM NORMAL: 1.56 2 = FOG REDUCING VISIBILITY
HIGHEST: 56 ON 26,25 GRTST 24HR 1.29 ON 9- 9 TO 1/4 MILE OR LESS
LOWEST: -4 ON 21 3 = THUNDER
SNOW, ICE PELLETS, HAIL 4 = ICE PELLETS
TOTAL MONTH: M 5 = HAIL
GRTST 24HR M ON M 6 = FREEZING RAIN OR DRIZZLE
GRTST DEPTH: M ON M 7 = DUSTSTORM OR SANDSTORM:
VSBY 1/2 MILE OR LESS
8 = SMOKE OR HAZE
[NO. OF DAYS WITH] [WEATHER - DAYS WITH] 9 = BLOWING SNOW
X = TORNADO
MAX 32 OR BELOW: 9 0.01 INCH OR MORE: 14
MAX 90 OR ABOVE: 0 0.10 INCH OR MORE: 9
MIN 32 OR BELOW: 16 0.50 INCH OR MORE: 3
MIN 0 OR BELOW: 3 1.00 INCH OR MORE: 1
[HDD (BASE 65) ]
TOTAL THIS MO. 1033 CLEAR (SCALE 0-3) 5
DPTR FM NORMAL -59 PTCLDY (SCALE 4-7) 10
TOTAL FM JUL 1 2529 CLOUDY (SCALE 8-10) 16
DPTR FM NORMAL -510
[CDD (BASE 65) ]
TOTAL THIS MO. 0
DPTR FM NORMAL 0 [PRESSURE DATA]
TOTAL FM JAN 1 0 HIGHEST SLP M ON M
DPTR FM NORMAL 0 LOWEST SLP 28.98 ON 9
[REMARKS]
#FINAL-01-24#