000
CXUS53 KFGF 010815
CF6GFK
PRELIMINARY LOCAL CLIMATOLOGICAL DATA (WS FORM: F-6)
STATION: GRAND FORKS INTL AP ND
MONTH: AUGUST
YEAR: 2022
LATITUDE: 47 57 N
LONGITUDE: 97 11 W
TEMPERATURE IN F: :PCPN: SNOW: WIND :SUNSHINE: SKY :PK WND
================================================================================
1 2 3 4 5 6A 6B 7 8 9 10 11 12 13 14 15 16 17 18
12Z AVG MX 2MIN
DY MAX MIN AVG DEP HDD CDD WTR SNW DPTH SPD SPD DIR MIN PSBL S-S WX SPD DR
================================================================================
1 81 52 67 -2 0 2 0.00 0.0 0 6.1 14 180 M M 4 1 20 190
2 84 62 73 4 0 8 T 0.0 0 10.5 21 190 M M 6 3 29 200
3 77 58 68 -1 0 3 T 0.0 0 10.7 29 310 M M 5 41 300
4 85 56 71 2 0 6 0.00 0.0 0 13.7 29 150 M M 0 36 150
5 91 67 79 10 0 14 0.00 0.0 0 12.7 22 180 M M 5 33 180
6 71 53 62 -7 3 0 0.00 0.0 0 12.4 23 360 M M 6 30 360
7 65 50 58 -11 7 0 0.01 0.0 0 5.0 12 360 M M 7 15 340
8 85 46 66 -3 0 1 0.00 0.0 0 9.8 20 210 M M 0 26 210
9 85 56 71 3 0 6 0.00 0.0 0 9.2 16 350 M M 2 23 10
10 80 49 65 -3 0 0 0.00 0.0 0 6.4 16 40 M M 4 21 40
11 81 50 66 -2 0 1 T 0.0 0 7.3 16 100 M M 6 22 100
12 73 60 67 -1 0 2 0.01 0.0 0 9.9 20 140 M M 8 3 28 140
13 81 53 67 -1 0 2 0.00 0.0 0 4.4 12 40 M M 6 12 18 40
14 84 56 70 2 0 5 0.00 0.0 0 9.2 18 190 M M 3 1 24 190
15 83 62 73 5 0 8 T 0.0 0 9.9 21 140 M M 5 28 150
16 84 64 74 7 0 9 0.00 0.0 0 5.4 16 190 M M 7 23 180
17 88 62 75 8 0 10 0.00 0.0 0 3.3 10 150 M M 4 1 15 150
18 75 63 69 2 0 4 0.83 0.0 0 8.7 25 290 M M 8 13 37 300
19 83 64 74 7 0 9 0.06 0.0 0 14.0 28 20 M M 8 1 34 20
20 81 58 70 3 0 5 0.00 0.0 0 5.6 10 80 M M 2 1 15 30
21 86 55 71 5 0 6 0.00 0.0 0 5.6 14 220 M M 3 24 230
22 88 59 74 8 0 9 0.00 0.0 0 6.1 12 210 M M 5 17 210
23 87 60 74 8 0 9 0.14 0.0 0 5.3 25 340 M M 4 18 32 320
24 78 57 68 2 0 3 T 0.0 0 11.8 21 30 M M 8 1 28 30
25 77 50 64 -1 1 0 0.00 0.0 0 7.1 13 10 M M 1 18 350
26 81 50 66 1 0 1 0.05 0.0 0 7.2 15 200 M M 5 8 20 210
27 83 61 72 7 0 7 0.19 0.0 0 11.5 24 190 M M 6 1 32 200
28 77 61 69 4 0 4 0.13 0.0 0 11.8 23 130 M M 4 13 29 130
29 78 56 67 3 0 2 0.00 0.0 0 16.0 31 290 M M 5 42 300
30 86 52 69 5 0 4 0.00 0.0 0 9.2 22 300 M M 1 8 29 310
31 90 55 73 9 0 8 0.00 0.0 0 5.2 10 270 M M 1 M M
================================================================================
SM 2528 1757 11 148 1.42 0.0 271.0 M 139
================================================================================
AV 81.5 56.7 8.7 FASTST M M 4 MAX(MPH)
MISC ----> 31 290 42 300
================================================================================
NOTES:
# LAST OF SEVERAL OCCURRENCES
COLUMN 17 PEAK WIND IN M.P.H.
PRELIMINARY LOCAL CLIMATOLOGICAL DATA (WS FORM: F-6) , PAGE 2
STATION: GRAND FORKS INTL AP ND
MONTH: AUGUST
YEAR: 2022
LATITUDE: 47 57 N
LONGITUDE: 97 11 W
[TEMPERATURE DATA] [PRECIPITATION DATA] SYMBOLS USED IN COLUMN 16
AVERAGE MONTHLY: 69.1 TOTAL FOR MONTH: 1.42 1 = FOG OR MIST
DPTR FM NORMAL: 2.1 DPTR FM NORMAL: -1.39 2 = FOG REDUCING VISIBILITY
HIGHEST: 91 ON 5 GRTST 24HR 0.87 ON 18-19 TO 1/4 MILE OR LESS
LOWEST: 46 ON 8 3 = THUNDER
SNOW, ICE PELLETS, HAIL 4 = ICE PELLETS
TOTAL MONTH: 0.0 INCH 5 = HAIL
GRTST 24HR 0.0 6 = FREEZING RAIN OR DRIZZLE
GRTST DEPTH: 0 7 = DUSTSTORM OR SANDSTORM:
VSBY 1/2 MILE OR LESS
8 = SMOKE OR HAZE
[NO. OF DAYS WITH] [WEATHER - DAYS WITH] 9 = BLOWING SNOW
X = TORNADO
MAX 32 OR BELOW: 0 0.01 INCH OR MORE: 8
MAX 90 OR ABOVE: 2 0.10 INCH OR MORE: 4
MIN 32 OR BELOW: 0 0.50 INCH OR MORE: 1
MIN 0 OR BELOW: 0 1.00 INCH OR MORE: 0
[HDD (BASE 65) ]
TOTAL THIS MO. 11 CLEAR (SCALE 0-3) 9
DPTR FM NORMAL -38 PTCLDY (SCALE 4-7) 21
TOTAL FM JUL 1 16 CLOUDY (SCALE 8-10) 1
DPTR FM NORMAL -61
[CDD (BASE 65) ]
TOTAL THIS MO. 148
DPTR FM NORMAL 36 [PRESSURE DATA]
TOTAL FM JAN 1 488 HIGHEST SLP M ON M
DPTR FM NORMAL 136 LOWEST SLP 29.42 ON 2
[REMARKS]
#FINAL-08-22#