000
CXUS54 KSHV 011400
CF6GGG
PRELIMINARY LOCAL CLIMATOLOGICAL DATA (WS FORM: F-6)
STATION: LONGVIEW
MONTH: JANUARY
YEAR: 2022
LATITUDE: 32 22 N
LONGITUDE: 94 43 W
TEMPERATURE IN F: :PCPN: SNOW: WIND :SUNSHINE: SKY :PK WND
================================================================================
1 2 3 4 5 6A 6B 7 8 9 10 11 12 13 14 15 16 17 18
12Z AVG MX 2MIN
DY MAX MIN AVG DEP HDD CDD WTR SNW DPTH SPD SPD DIR MIN PSBL S-S WX SPD DR
================================================================================
1 80 38 59 12 6 0 0.01 0.0 0 14.5 25 340 M M 7 1 32 190
2 38 24 31 -16 34 0 0.01 T 0 14.6 24 310 M M 6 4 33 330
3 50 22 36 -11 29 0 0.00 0.0 0 2.3 7 60 M M 0 9 60
4 61 25 43 -4 22 0 0.00 0.0 0 9.1 21 210 M M 0 26 200
5 68 37 53 6 12 0 0.00 0.0 0 4.4 13 70 M M 3 12 17 90
6 54 32 43 -4 22 0 0.00 0.0 0 5.6 16 350 M M 1 1 22 350
7 50 28 39 -8 26 0 0.00 0.0 0 8.0 13 130 M M 4 19 70
8 69 46 58 11 7 0 0.25 0.0 0 9.5 20 180 M M 10 123 24 170
9 72 47 60 13 5 0 0.05 0.0 0 11.6 21 320 M M 8 18 27 350
10 56 32 44 -3 21 0 0.00 0.0 0 5.9 15 50 M M 0 21 40
11 60 27 44 -3 21 0 0.00 0.0 0 2.0 10 220 M M 0 14 220
12 64 39 52 5 13 0 0.00 0.0 0 4.5 13 290 M M 4 16 220
13 74 36 55 8 10 0 0.00 0.0 0 4.1 14 330 M M 0 19 300
14 74 37 56 9 9 0 0.00 0.0 0 4.6 16 190 M M 0 20 180
15 61 28 45 -2 20 0 T T 0 18.0 28 310 M M 8 39 320
16 53 29 41 -6 24 0 0.00 0.0 0 9.6 23 320 M M 5 29 320
17 63 28 46 -1 19 0 0.00 0.0 0 2.9 8 280 M M 0 10 260
18 72 37 55 8 10 0 0.00 0.0 0 12.4 28 200 M M 1 35 190
19 75 44 60 13 5 0 0.04 0.0 0 12.7 23 330 M M 7 3 29 260
20 44 30 37 -11 28 0 T 0.0 0 9.7 17 340 M M 8 24 40
21 45 25 35 -13 30 0 0.00 0.0 0 5.8 14 40 M M 0 18 40
22 49 20 35 -13 30 0 0.00 0.0 0 2.6 9 20 M M 0 14 30
23 63 23 43 -5 22 0 0.00 0.0 0 5.7 15 280 M M 0 21 280
24 55 36 46 -2 19 0 0.53 0.0 0 4.8 14 240 M M 7 1 18 220
25 60 41 51 3 14 0 T 0.0 0 6.8 16 70 M M 6 1 20 60
26 51 29 40 -8 25 0 0.00 0.0 0 6.6 14 80 M M 0 19 80
27 54 32 43 -5 22 0 0.00 0.0 0 3.0 10 100 M M 5 13 100
28 57 29 43 -5 22 0 0.00 0.0 0 8.6 24 310 M M 2 33 330
29 63 24 44 -4 21 0 0.00 0.0 0 7.5 17 270 M M 0 21 250
30 70 40 55 7 10 0 0.00 0.0 0 8.4 20 230 M M 0 24 230
31 61 40 51 2 14 0 0.02 0.0 0 4.3 20 140 M M 3 1 24 150
================================================================================
SM 1866 1005 572 0 0.91 T 230.1 M 95
================================================================================
AV 60.2 32.4 7.4 FASTST M M 3 MAX(MPH)
MISC ----> # 28 310 39 320
================================================================================
NOTES:
# LAST OF SEVERAL OCCURRENCES
COLUMN 17 PEAK WIND IN M.P.H.
PRELIMINARY LOCAL CLIMATOLOGICAL DATA (WS FORM: F-6) , PAGE 2
STATION: LONGVIEW
MONTH: JANUARY
YEAR: 2022
LATITUDE: 32 22 N
LONGITUDE: 94 43 W
[TEMPERATURE DATA] [PRECIPITATION DATA] SYMBOLS USED IN COLUMN 16
AVERAGE MONTHLY: 46.3 TOTAL FOR MONTH: 0.91 1 = FOG OR MIST
DPTR FM NORMAL: -1.2 DPTR FM NORMAL: -2.71 2 = FOG REDUCING VISIBILITY
HIGHEST: 80 ON 1 GRTST 24HR 0.53 ON 24-24 TO 1/4 MILE OR LESS
LOWEST: 20 ON 22 3 = THUNDER
SNOW, ICE PELLETS, HAIL 4 = ICE PELLETS
TOTAL MONTH: T 5 = HAIL
GRTST 24HR T ON 2- 2 6 = FREEZING RAIN OR DRIZZLE
GRTST DEPTH: 0 7 = DUSTSTORM OR SANDSTORM:
VSBY 1/2 MILE OR LESS
8 = SMOKE OR HAZE
[NO. OF DAYS WITH] [WEATHER - DAYS WITH] 9 = BLOWING SNOW
X = TORNADO
MAX 32 OR BELOW: 0 0.01 INCH OR MORE: 7
MAX 90 OR ABOVE: 0 0.10 INCH OR MORE: 2
MIN 32 OR BELOW: 18 0.50 INCH OR MORE: 1
MIN 0 OR BELOW: 0 1.00 INCH OR MORE: 0
[HDD (BASE 65) ]
TOTAL THIS MO. 572 CLEAR (SCALE 0-3) 18
DPTR FM NORMAL 24 PTCLDY (SCALE 4-7) 12
TOTAL FM JUL 1 1059 CLOUDY (SCALE 8-10) 1
DPTR FM NORMAL -354
[CDD (BASE 65) ]
TOTAL THIS MO. 0
DPTR FM NORMAL -5 [PRESSURE DATA]
TOTAL FM JAN 1 0 HIGHEST SLP 30.68 ON 10
DPTR FM NORMAL -5 LOWEST SLP 29.56 ON 1
[REMARKS]
#FINAL-01-22#