000
CXUS54 KFWD 010730
CF6GKY
PRELIMINARY LOCAL CLIMATOLOGICAL DATA (WS FORM: F-6)
STATION: ARLINGTON
MONTH: MAY
YEAR: 2021
LATITUDE: 32 39 N
LONGITUDE: 97 6 W
TEMPERATURE IN F: :PCPN: SNOW: WIND :SUNSHINE: SKY :PK WND
================================================================================
1 2 3 4 5 6A 6B 7 8 9 10 11 12 13 14 15 16 17 18
12Z AVG MX 2MIN
DY MAX MIN AVG DEP HDD CDD WTR SNW DPTH SPD SPD DIR MIN PSBL S-S WX SPD DR
================================================================================
1 77 66 72 3 0 7 0.05 M M 6.6 13 30 M M 10 128 18 40
2 84 66 75 5 0 10 0.11 M M 7.8 18 140 M M 6 1 26 140
3 92 70 81 11 0 16 0.15 M M 12.0 30 130 M M 5 41 130
4 78 58 68 -2 0 3 0.00 M M 11.0 23 320 M M 6 29 330
5 80 49 65 -5 0 0 M M M 4.6 14 20 M M 0 19 10
6 85 53 69 -2 0 4 0.00 M M 4.6 16 10 M M 0 23 20
7 88 56 72 1 0 7 0.00 M M 9.3 21 150 M M 0 31 150
8 90 66 78 7 0 13 0.00 M M 15.6 28 160 M M 3 44 150
9 86 69 78 6 0 13 T M M 12.4 23 170 M M 5 36 170
10 69 61 65 -7 0 0 0.81 M M 10.8 20 20 M M 10 138 26 10
11 66 60 63 -9 2 0 1.25 M M 10.1 23 330 M M 10 13 30 330
12 67 59 63 -10 2 0 T M M 10.1 16 330 M M 10 1 23 350
13 78 58 68 -5 0 3 0.00 M M 5.1 13 30 M M 5 18 50
14 81 59 70 -3 0 5 0.00 M M 9.6 16 120 M M 6 24 130
15 84 64 74 0 0 9 0.00 M M 10.8 21 130 M M 2 29 150
16 80 71 76 2 0 11 1.07 M M 10.0 25 150 M M 7 18 33 140
17 82 68 75 1 0 10 0.40 M M 8.1 20 160 M M 4 13 27 160
18 75 64 70 -5 0 5 0.48 M M 6.9 26 50 M M 5 13 41 260
19 83 65 74 -1 0 9 0.00 M M 6.5 15 150 M M 2 20 170
20 83 69 76 1 0 11 T M M 5.0 12 100 M M 4 16 80
21 87 73 80 4 0 15 0.00 M M 9.9 20 120 M M 6 25 120
22 83 73 78 2 0 13 0.34 M M 10.4 18 130 M M 9 18 27 110
23 78 69 74 -2 0 9 T M M 6.9 16 130 M M 8 23 110
24 81 70 76 -1 0 11 0.48 M M 9.0 24 120 M M 9 13 32 120
25 84 69 77 0 0 12 0.62 M M 8.8 18 280 M M 6 13 32 250
26 92 76 84 7 0 19 0.00 M M 8.8 16 140 M M 3 22 160
27 91 77 84 6 0 19 0.00 M M 11.5 22 160 M M 4 32 160
28 83 68 76 -2 0 11 0.15 M M 4.4 24 10 M M 6 13 32 20
29 88 68 78 0 0 13 0.00 M M 7.0 15 40 M M 2 1 20 50
30 78 67 73 -6 0 8 0.00 M M 9.8 16 80 M M 8 22 80
31 79 69 74 -5 0 9 1.45 M M 7.4 22 320 M M 8 13 28 320
================================================================================
SM 2532 2030 4 275 7.36 M 270.8 M 169
================================================================================
AV 81.7 65.5 8.7 FASTST M M 5 MAX(MPH)
MISC ----> 30 130 44 150
================================================================================
NOTES:
# LAST OF SEVERAL OCCURRENCES
COLUMN 17 PEAK WIND IN M.P.H.
PRELIMINARY LOCAL CLIMATOLOGICAL DATA (WS FORM: F-6) , PAGE 2
STATION: ARLINGTON
MONTH: MAY
YEAR: 2021
LATITUDE: 32 39 N
LONGITUDE: 97 6 W
[TEMPERATURE DATA] [PRECIPITATION DATA] SYMBOLS USED IN COLUMN 16
AVERAGE MONTHLY: 73.6 TOTAL FOR MONTH: 7.36 1 = FOG OR MIST
DPTR FM NORMAL: -0.4 DPTR FM NORMAL: 3.03 2 = FOG REDUCING VISIBILITY
HIGHEST: 92 ON 26, 3 GRTST 24HR 2.06 ON 10-11 TO 1/4 MILE OR LESS
LOWEST: 49 ON 5 3 = THUNDER
SNOW, ICE PELLETS, HAIL 4 = ICE PELLETS
TOTAL MONTH: M 5 = HAIL
GRTST 24HR M ON M 6 = FREEZING RAIN OR DRIZZLE
GRTST DEPTH: M ON M 7 = DUSTSTORM OR SANDSTORM:
VSBY 1/2 MILE OR LESS
8 = SMOKE OR HAZE
[NO. OF DAYS WITH] [WEATHER - DAYS WITH] 9 = BLOWING SNOW
X = TORNADO
MAX 32 OR BELOW: 0 0.01 INCH OR MORE: 13
MAX 90 OR ABOVE: 4 0.10 INCH OR MORE: 12
MIN 32 OR BELOW: 0 0.50 INCH OR MORE: 5
MIN 0 OR BELOW: 0 1.00 INCH OR MORE: 3
[HDD (BASE 65) ]
TOTAL THIS MO. 4 CLEAR (SCALE 0-3) 7
DPTR FM NORMAL -5 PTCLDY (SCALE 4-7) 16
TOTAL FM JUL 1 1975 CLOUDY (SCALE 8-10) 8
DPTR FM NORMAL -149
[CDD (BASE 65) ]
TOTAL THIS MO. 275
DPTR FM NORMAL -13 [PRESSURE DATA]
TOTAL FM JAN 1 445 HIGHEST SLP M ON M
DPTR FM NORMAL -5 LOWEST SLP 29.42 ON 3
[REMARKS]
#FINAL-05-21#