000
CXUS54 KFWD 010830
CF6GLE
PRELIMINARY LOCAL CLIMATOLOGICAL DATA (WS FORM: F-6)
STATION: GAINESVILLE
MONTH: DECEMBER
YEAR: 2022
LATITUDE: 33 39 N
LONGITUDE: 97 12 W
TEMPERATURE IN F: :PCPN: SNOW: WIND :SUNSHINE: SKY :PK WND
================================================================================
1 2 3 4 5 6A 6B 7 8 9 10 11 12 13 14 15 16 17 18
12Z AVG MX 2MIN
DY MAX MIN AVG DEP HDD CDD WTR SNW DPTH SPD SPD DIR MIN PSBL S-S WX SPD DR
================================================================================
1 51 28 40 -7 25 0 0.01 M M 7.0 17 150 M M 5 23 150
2 65 48 57 10 8 0 0.00 M M 11.2 18 180 M M 7 1 24 190
3 60 38 49 2 16 0 0.00 M M 11.8 20 360 M M 1 30 10
4 55 41 48 2 17 0 0.00 M M 6.4 13 180 M M 8 1 M M
5 78 50 64 18 1 0 0.00 M M 9.0 18 200 M M 5 1 24 210
6 66 50 58 12 7 0 0.01 M M 4.6 9 320 M M 7 12 M M
7 58 50 54 9 11 0 0.18 M M 4.1 9 20 M M 10 1 M M
8 73 52 63 18 2 0 0.01 M M 2.7 7 190 M M 9 12 M M
9 65 50 58 13 7 0 0.00 M M 6.5 13 40 M M 7 1 18 10
10 63 50 57 12 8 0 0.42 M M 6.8 15 30 M M 9 1 16 340
11 52 47 50 6 15 0 0.00 M M 3.9 8 350 M M 10 1 M M
12 59 49 54 10 11 0 0.04 M M 10.0 17 140 M M 10 1 23 140
13 66 45 56 12 9 0 0.70 M M 8.9 23 170 M M 7 3 35 160
14 52 37 45 1 20 0 0.00 M M 7.5 16 300 M M 2 21 300
15 51 32 42 -1 23 0 0.00 M M 7.4 15 310 M M 0 20 310
16 47 30 39 -4 26 0 0.00 M M 6.2 17 10 M M 4 24 10
17 50 28 39 -4 26 0 0.00 M M 6.3 12 320 M M 0 17 320
18 53 24 39 -4 26 0 0.00 M M 5.6 14 180 M M 2 17 160
19 48 43 46 3 19 0 0.00 M M 10.4 16 170 M M 10 22 160
20 53 30 42 0 23 0 0.00 M M 8.1 13 60 M M 5 18 20
21 47 25 36 -6 29 0 0.00 M M 4.7 13 160 M M 2 1 17 170
22 42 8 25 -17 40 0 0.00 M M 17.0 30 340 M M 6 1 40 340
23 22 8 15 -27 50 0 0.00 M M 12.9 20 340 M M 0 25 340
24 36 16 26 -16 39 0 0.00 M M 2.0 7 280 M M 0 M M
25 51 19 35 -7 30 0 0.00 M M 4.4 10 180 M M 0 18 190
26 57 23 40 -2 25 0 0.00 M M 9.6 20 360 M M 1 29 350
27 47 19 33 -9 32 0 0.00 M M 8.2 15 160 M M 0 20 160
28 70 37 54 12 11 0 0.00 M M 13.4 26 190 M M 0 33 190
29 68 49 59 17 6 0 0.00 M M 7.0 16 210 M M 4 22 200
30 58 38 48 6 17 0 0.00 M M 3.0 8 10 M M 1 M M
31 72 40 56 15 9 0 0.00 M M 7.3 21 200 M M 1 8 25 200
================================================================================
SM 1735 1104 588 0 1.37 M 234.1 M 133
================================================================================
AV 56.0 35.6 7.6 FASTST M M 4 MAX(MPH)
MISC ----> 30 340 40 340
================================================================================
NOTES:
# LAST OF SEVERAL OCCURRENCES
COLUMN 17 PEAK WIND IN M.P.H.
PRELIMINARY LOCAL CLIMATOLOGICAL DATA (WS FORM: F-6) , PAGE 2
STATION: GAINESVILLE
MONTH: DECEMBER
YEAR: 2022
LATITUDE: 33 39 N
LONGITUDE: 97 12 W
[TEMPERATURE DATA] [PRECIPITATION DATA] SYMBOLS USED IN COLUMN 16
AVERAGE MONTHLY: 45.8 TOTAL FOR MONTH: 1.37 1 = FOG OR MIST
DPTR FM NORMAL: 2.2 DPTR FM NORMAL: -1.53 2 = FOG REDUCING VISIBILITY
HIGHEST: 78 ON 5 GRTST 24HR 0.70 ON 13-13 TO 1/4 MILE OR LESS
LOWEST: 8 ON 23,22 3 = THUNDER
SNOW, ICE PELLETS, HAIL 4 = ICE PELLETS
TOTAL MONTH: M 5 = HAIL
GRTST 24HR M ON M 6 = FREEZING RAIN OR DRIZZLE
GRTST DEPTH: M ON M 7 = DUSTSTORM OR SANDSTORM:
VSBY 1/2 MILE OR LESS
8 = SMOKE OR HAZE
[NO. OF DAYS WITH] [WEATHER - DAYS WITH] 9 = BLOWING SNOW
X = TORNADO
MAX 32 OR BELOW: 1 0.01 INCH OR MORE: 7
MAX 90 OR ABOVE: 0 0.10 INCH OR MORE: 3
MIN 32 OR BELOW: 13 0.50 INCH OR MORE: 1
MIN 0 OR BELOW: 0 1.00 INCH OR MORE: 0
[HDD (BASE 65) ]
TOTAL THIS MO. 588 CLEAR (SCALE 0-3) 14
DPTR FM NORMAL -76 PTCLDY (SCALE 4-7) 11
TOTAL FM JUL 1 1116 CLOUDY (SCALE 8-10) 6
DPTR FM NORMAL -23
[CDD (BASE 65) ]
TOTAL THIS MO. 0
DPTR FM NORMAL 0 [PRESSURE DATA]
TOTAL FM JAN 1 2652 HIGHEST SLP M ON M
DPTR FM NORMAL 438 LOWEST SLP M ON M
[REMARKS]
#FINAL-12-22#