000
CXUS54 KFWD 010730
CF6GLE
PRELIMINARY LOCAL CLIMATOLOGICAL DATA (WS FORM: F-6)
STATION: GAINESVILLE
MONTH: SEPTEMBER
YEAR: 2022
LATITUDE: 33 39 N
LONGITUDE: 97 12 W
TEMPERATURE IN F: :PCPN: SNOW: WIND :SUNSHINE: SKY :PK WND
================================================================================
1 2 3 4 5 6A 6B 7 8 9 10 11 12 13 14 15 16 17 18
12Z AVG MX 2MIN
DY MAX MIN AVG DEP HDD CDD WTR SNW DPTH SPD SPD DIR MIN PSBL S-S WX SPD DR
================================================================================
1 83 73 78 -2 0 13 0.03 M M 3.4 10 230 M M 5 23 230
2 87 70 79 -1 0 14 0.00 M M 5.8 14 160 M M 3 17 160
3 93 68 81 1 0 16 0.00 M M 2.8 9 80 M M 1 M M
4 85 67 76 -3 0 11 0.40 M M 3.2 12 50 M M 2 35 120
5 88 64 76 -3 0 11 0.00 M M 2.0 6 130 M M 0 M M
6 91 66 79 0 0 14 0.00 M M 1.5 8 60 M M 0 M M
7 91 66 79 1 0 14 0.00 M M 5.2 9 360 M M 1 17 40
8 88 66 77 -1 0 12 0.00 M M 5.0 12 90 M M 2 M M
9 88 64 76 -2 0 11 0.00 M M 3.5 8 160 M M 1 M M
10 88 60 74 -3 0 9 0.00 M M 2.8 12 360 M M 1 21 0
11 81 62 72 -5 0 7 0.00 M M 8.8 15 350 M M 4 21 350
12 85 55 70 -7 0 5 0.00 M M 2.0 6 150 M M 2 M M
13 89 62 76 0 0 11 0.00 M M 6.1 14 180 M M 1 23 180
14 89 61 75 -1 0 10 0.00 M M 6.7 12 130 M M 0 16 130
15 88 58 73 -3 0 8 0.00 M M 6.0 13 130 M M 0 20 140
16 92 63 78 3 0 13 0.00 M M 7.7 16 190 M M 1 21 190
17 94 72 83 8 0 18 0.00 M M 9.6 16 180 M M 2 22 180
18 95 72 84 9 0 19 0.00 M M 7.9 15 190 M M 0 24 210
19 96 68 82 8 0 17 0.00 M M 5.3 13 160 M M 1 21 150
20 97 68 83 9 0 18 0.00 M M 6.0 12 210 M M 1 20 170
21 97 69 83 9 0 18 0.00 M M 4.1 10 210 M M 1 18 170
22 98 67 83 10 0 18 0.00 M M 1.4 8 30 M M 2 20 0
23 96 62 79 6 0 14 0.00 M M 6.9 14 160 M M 0 21 160
24 97 68 83 11 0 18 0.00 M M 6.0 14 180 M M 0 20 200
25 98 67 83 11 0 18 0.00 M M 5.3 15 30 M M 3 23 30
26 87 55 71 -1 0 6 0.00 M M 4.4 8 30 M M 0 M M
27 90 54 72 0 0 7 0.00 M M 4.3 12 160 M M 0 17 160
28 91 59 75 4 0 10 0.00 M M 6.9 16 200 M M 1 20 190
29 82 60 71 0 0 6 0.00 M M 8.5 16 130 M M 0 21 130
30 83 54 69 -1 0 4 0.00 M M 5.1 9 140 M M 0 M M
================================================================================
SM 2707 1920 0 370 0.43 M 154.2 M 35
================================================================================
AV 90.2 64.0 5.1 FASTST M M 1 MAX(MPH)
MISC ----> # 16 190 35 120
================================================================================
NOTES:
# LAST OF SEVERAL OCCURRENCES
COLUMN 17 PEAK WIND IN M.P.H.
PRELIMINARY LOCAL CLIMATOLOGICAL DATA (WS FORM: F-6) , PAGE 2
STATION: GAINESVILLE
MONTH: SEPTEMBER
YEAR: 2022
LATITUDE: 33 39 N
LONGITUDE: 97 12 W
[TEMPERATURE DATA] [PRECIPITATION DATA] SYMBOLS USED IN COLUMN 16
AVERAGE MONTHLY: 77.1 TOTAL FOR MONTH: 0.43 1 = FOG OR MIST
DPTR FM NORMAL: 1.7 DPTR FM NORMAL: -3.59 2 = FOG REDUCING VISIBILITY
HIGHEST: 98 ON 25,22 GRTST 24HR 0.40 ON 4- 4 TO 1/4 MILE OR LESS
LOWEST: 54 ON 30,27 3 = THUNDER
SNOW, ICE PELLETS, HAIL 4 = ICE PELLETS
TOTAL MONTH: M 5 = HAIL
GRTST 24HR M ON M 6 = FREEZING RAIN OR DRIZZLE
GRTST DEPTH: M ON M 7 = DUSTSTORM OR SANDSTORM:
VSBY 1/2 MILE OR LESS
8 = SMOKE OR HAZE
[NO. OF DAYS WITH] [WEATHER - DAYS WITH] 9 = BLOWING SNOW
X = TORNADO
MAX 32 OR BELOW: 0 0.01 INCH OR MORE: 2
MAX 90 OR ABOVE: 15 0.10 INCH OR MORE: 1
MIN 32 OR BELOW: 0 0.50 INCH OR MORE: 0
MIN 0 OR BELOW: 0 1.00 INCH OR MORE: 0
[HDD (BASE 65) ]
TOTAL THIS MO. 0 CLEAR (SCALE 0-3) 28
DPTR FM NORMAL -11 PTCLDY (SCALE 4-7) 2
TOTAL FM JUL 1 0 CLOUDY (SCALE 8-10) 0
DPTR FM NORMAL -12
[CDD (BASE 65) ]
TOTAL THIS MO. 370
DPTR FM NORMAL 47 [PRESSURE DATA]
TOTAL FM JAN 1 2548 HIGHEST SLP M ON M
DPTR FM NORMAL 453 LOWEST SLP M ON M
[REMARKS]
#FINAL-09-22#