432
CXUS54 KFWD 010141
CF6GLE
PRELIMINARY LOCAL CLIMATOLOGICAL DATA (WS FORM: F-6)
STATION: GAINESVILLE
MONTH: DECEMBER
YEAR: 2020
LATITUDE: 33 39 N
LONGITUDE: 97 12 W
TEMPERATURE IN F: :PCPN: SNOW: WIND :SUNSHINE: SKY :PK WND
================================================================================
1 2 3 4 5 6A 6B 7 8 9 10 11 12 13 14 15 16 17 18
12Z AVG MX 2MIN
DY MAX MIN AVG DEP HDD CDD WTR SNW DPTH SPD SPD DIR MIN PSBL S-S WX SPD DR
================================================================================
1 M M M M M M M M M M M M M M 0 M M
2 M M M M M M M M M M M M M M 0 M M
3 M M M M M M M M M M M M M M 0 M M
4 57 34 46 0 19 0 0.00 M M 3.8 10 270 M M 0 M M
5 63 29 46 0 19 0 0.00 M M 3.5 9 350 M M 0 M M
6 60 38 49 3 16 0 M M M 7.9 14 360 M M 2 18 360
7 63 33 48 3 17 0 0.00 M M 6.0 9 300 M M 0 M M
8 70 36 53 8 12 0 0.00 M M 4.2 9 300 M M 0 M M
9 77 34 56 11 9 0 0.00 M M 3.4 12 220 M M 0 M M
10 74 38 56 11 9 0 0.00 M M 5.8 17 160 M M 0 23 160
11 61 40 51 7 14 0 0.07 M M 6.0 10 310 M M 7 16 290
12 51 33 42 -2 23 0 0.00 M M 5.6 10 330 M M 0 M M
13 39 33 36 -8 29 0 0.52 M M 11.8 18 340 M M 10 25 10
14 48 28 38 -6 27 0 0.00 M M 6.5 13 100 M M 3 1 16 320
15 36 32 34 -9 31 0 0.01 M M 7.5 14 110 M M 8 1 17 110
16 42 29 36 -7 29 0 0.00 M M 5.7 12 340 M M 6 1 18 330
17 60 24 42 -1 23 0 0.00 M M 3.4 8 280 M M 0 1 M M
18 57 37 47 4 18 0 0.00 M M 10.6 16 170 M M 4 23 160
19 57 33 45 2 20 0 0.00 M M 5.0 13 360 M M 5 1 21 360
20 62 29 46 4 19 0 0.00 M M 5.2 17 310 M M 0 21 310
21 69 30 50 8 15 0 0.00 M M 1.7 7 220 M M 0 M M
22 69 36 53 11 12 0 0.00 M M 9.4 22 170 M M 1 30 170
23 62 33 48 6 17 0 0.00 M M 17.5 25 350 M M 2 41 350
24 53 25 39 -3 26 0 0.00 M M 11.0 23 270 M M 0 31 280
25 58 26 42 0 23 0 0.00 M M 4.7 10 180 M M 0 M M
26 69 32 51 9 14 0 0.00 M M 8.1 23 210 M M 0 30 210
27 69 43 56 14 9 0 0.00 M M 11.0 18 240 M M 0 25 240
28 55 42 49 7 16 0 0.00 M M 9.6 14 110 M M 5 22 110
29 65 52 59 17 6 0 0.07 M M 13.6 22 160 M M 10 28 160
30 58 37 48 6 17 0 0.40 M M 14.7 24 350 M M 10 1 31 350
31 37 33 35 -6 30 0 0.90 M M 12.5 20 360 M M 10 35 360
================================================================================
SM 1641 949 519 0 1.97 M 215.6 M 83
================================================================================
AV 58.6 33.9 7.7 FASTST M M 3 MAX(MPH)
MISC ----> 25 350 41 350
================================================================================
NOTES:
# LAST OF SEVERAL OCCURRENCES
COLUMN 17 PEAK WIND IN M.P.H.
PRELIMINARY LOCAL CLIMATOLOGICAL DATA (WS FORM: F-6) , PAGE 2
STATION: GAINESVILLE
MONTH: DECEMBER
YEAR: 2020
LATITUDE: 33 39 N
LONGITUDE: 97 12 W
[TEMPERATURE DATA] [PRECIPITATION DATA] SYMBOLS USED IN COLUMN 16
AVERAGE MONTHLY: 46.3 TOTAL FOR MONTH: 1.97 1 = FOG OR MIST
DPTR FM NORMAL: 2.7 DPTR FM NORMAL: -0.93 2 = FOG REDUCING VISIBILITY
HIGHEST: 77 ON 9 GRTST 24HR 0.90 ON 31-31 TO 1/4 MILE OR LESS
LOWEST: 24 ON 17 3 = THUNDER
SNOW, ICE PELLETS, HAIL 4 = ICE PELLETS
TOTAL MONTH: M 5 = HAIL
GRTST 24HR M ON M 6 = FREEZING RAIN OR DRIZZLE
GRTST DEPTH: M ON M 7 = DUSTSTORM OR SANDSTORM:
VSBY 1/2 MILE OR LESS
8 = SMOKE OR HAZE
[NO. OF DAYS WITH] [WEATHER - DAYS WITH] 9 = BLOWING SNOW
X = TORNADO
MAX 32 OR BELOW: 0 0.01 INCH OR MORE: 6
MAX 90 OR ABOVE: 0 0.10 INCH OR MORE: 3
MIN 32 OR BELOW: 10 0.50 INCH OR MORE: 2
MIN 0 OR BELOW: 0 1.00 INCH OR MORE: 0
[HDD (BASE 65) ]
TOTAL THIS MO. 519 CLEAR (SCALE 0-3) 21
DPTR FM NORMAL -145 PTCLDY (SCALE 4-7) 5
TOTAL FM JUL 1 979 CLOUDY (SCALE 8-10) 5
DPTR FM NORMAL -160
[CDD (BASE 65) ]
TOTAL THIS MO. 0
DPTR FM NORMAL 0 [PRESSURE DATA]
TOTAL FM JAN 1 2097 HIGHEST SLP M ON M
DPTR FM NORMAL -117 LOWEST SLP M ON M
[REMARKS]
#FINAL-12-20#