000
CXUS54 KJAN 022010
CLMGLH
CLIMATE REPORT
NATIONAL WEATHER SERVICE JACKSON MS
310 PM CDT TUE APR 02 2024
...................................
...THE GREENVILLE CLIMATE SUMMARY FOR THE MONTH OF MARCH 2024...
CLIMATE NORMAL PERIOD: 1991 TO 2020
CLIMATE RECORD PERIOD: 1903 TO 2024
WEATHER OBSERVED NORMAL DEPART LAST YEAR`S
VALUE DATE(S) VALUE FROM VALUE DATE(S)
NORMAL
................................................................
TEMPERATURE (F)
RECORD
HIGH 91 03/24/1929
LOW 15 03/03/1943
HIGHEST 82 03/14 MM MM 82 03/01
03/26
03/31
LOWEST 35 03/19 MM MM 26 03/20
AVG. MAXIMUM 69.2 66.0 3.2 69.1
AVG. MINIMUM 49.8 45.2 4.6 48.3
MEAN 59.5 55.6 3.9 58.7
DAYS MAX >= 90 0 0.0 0.0 0
DAYS MAX <= 32 0 0.1 -0.1 0
DAYS MIN <= 32 0 2.6 -2.6 MM
DAYS MIN <= 0 0 0.0 0.0 MM
PRECIPITATION (INCHES)
RECORD
MAXIMUM 17.32 2016
MINIMUM 0.31 2007
TOTALS 9.51 4.71 4.80 4.93
DAILY AVG. 0.31 0.15 0.16 0.16
DAYS >= .01 9 10.4 -1.4 13
DAYS >= .10 7 6.9 0.1 9
DAYS >= .50 6 3.0 3.0 6
DAYS >= 1.00 5 1.1 3.9 0
GREATEST
24 HR. TOTAL 2.83 03/25 TO 03/25 1.14
SNOWFALL (INCHES)
TOTALS 0.0
DEGREE DAYS
HEATING TOTAL 190 311 -121 229
SINCE 7/1 2010 2499 -489 MM
COOLING TOTAL 29 20 9 42
SINCE 1/1 48 27 21 MM
................................................................
WIND (MPH)
AVERAGE WIND SPEED 8.3
HIGHEST WIND SPEED/DIRECTION 38/260 DATE 03/04
HIGHEST GUST SPEED/DIRECTION 49/150 DATE 03/25
SKY COVER
POSSIBLE SUNSHINE (PERCENT) MM
AVERAGE SKY COVER 0.40
NUMBER OF DAYS FAIR 14
NUMBER OF DAYS PC 11
NUMBER OF DAYS CLOUDY 6
AVERAGE RH (PERCENT) 69
WEATHER CONDITIONS. NUMBER OF DAYS WITH
THUNDERSTORM 6 MIXED PRECIP 0
HEAVY RAIN 6 RAIN 7
LIGHT RAIN 9 FREEZING RAIN 0
LT FREEZING RAIN 0 HAIL 0
HEAVY SNOW 0 SNOW 0
LIGHT SNOW 0 SLEET 0
FOG 14 FOG W/VIS <= 1/4 MILE 5
HAZE 0
- INDICATES NEGATIVE NUMBERS.
R INDICATES RECORD WAS SET OR TIED.
MM INDICATES DATA IS MISSING.
T INDICATES TRACE AMOUNT.
$$