000
CXUS54 KOUN 010810
CF6GOK
PRELIMINARY LOCAL CLIMATOLOGICAL DATA (WS FORM: F-6)
STATION: GUTHRIE MUNICIPAL
MONTH: JULY
YEAR: 2021
LATITUDE: 35 50 N
LONGITUDE: 97 25 W
TEMPERATURE IN F: :PCPN: SNOW: WIND :SUNSHINE: SKY :PK WND
================================================================================
1 2 3 4 5 6A 6B 7 8 9 10 11 12 13 14 15 16 17 18
12Z AVG MX 2MIN
DY MAX MIN AVG DEP HDD CDD WTR SNW DPTH SPD SPD DIR MIN PSBL S-S WX SPD DR
================================================================================
1 85 70 78 -3 0 13 3.79 M M M 17 150 M M 5 13 27 150
2 M M M M M M M M M M M M M M M M M
3 85 67 76 -6 0 11 0.00 M M 7.0 14 140 M M M 19 140
4 86 65 76 -6 0 11 0.00 M M 7.0 14 140 M M M 1 18 170
5 87 70 79 -3 0 14 0.00 0.0 M 6.5 14 160 M M M 16 130
6 88 67 78 -4 0 13 0.00 0.0 M 5.4 13 170 M M M 15 170
7 91 69 80 -2 0 15 0.01 0.0 M 3.1 13 320 M M M 3 20 330
8 92 67 80 -2 0 15 0.00 M M 3.8 10 170 M M M 15 170
9 92 74 83 0 0 18 0.00 M M 10.6 22 170 M M M 28 190
10 92 72 82 -1 0 17 0.60 M M 10.3 22 10 M M M 13 31 20
11 81 65 73 -10 0 8 0.00 M M 4.8 14 320 M M M 25 340
12 86 62 74 -9 0 9 0.00 M M 2.7 9 300 M M M 14 310
13 93 68 81 -2 0 16 0.00 M M 9.1 16 170 M M 0 22 180
14 91 72 82 -1 0 17 0.00 M M 13.0 25 190 M M 0 32 200
15 90 74 82 -1 0 17 T M M 12.1 23 190 M M 0 29 200
16 92 71 82 -1 0 17 0.03 M M 7.4 13 190 M M 3 13 18 200
17 93 71 82 -2 0 17 0.13 M M 5.4 22 280 M M 1 13 28 280
18 90 69 80 -4 0 15 0.47 M M 3.6 16 150 M M 2 1 22 230
19 87 70 79 -5 0 14 0.00 M M 6.4 12 50 M M 1 1 18 70
20 88 65 77 -7 0 12 0.00 M M 6.0 15 80 M M 1 1 20 80
21 86 62 74 -10 0 9 0.00 M M 3.8 10 120 M M 1 18 14 120
22 90 67 79 -5 0 14 0.00 0.0 M 6.4 14 160 M M 1 8 20 170
23 92 72 82 -2 0 17 0.00 M M 8.9 15 180 M M 0 20 170
24 97 74 86 2 0 21 0.00 M M 8.3 14 200 M M 0 17 200
25 97 73 85 1 0 20 0.00 M M 6.0 14 270 M M 0 19 90
26 96 71 84 0 0 19 0.92 M M 5.7 24 320 M M 1 13 41 330
27 96 70 83 -1 0 18 0.00 M M 3.4 12 120 M M 0 1 16 120
28 94 74 84 0 0 19 0.00 M M 5.8 12 160 M M 0 16 170
29 95 74 85 1 0 20 0.00 M M 5.7 12 180 M M 0 14 180
30 96 73 85 1 0 20 0.00 M M 5.5 13 180 M M 0 1 17 160
31 98 74 86 2 0 21 0.00 M M 7.6 22 50 M M 0 3 32 40
================================================================================
SM 2726 2092 0 467 5.95 0.0 191.3 M 16
================================================================================
AV 90.9 69.7 6.6 FASTST M M 1 MAX(MPH)
MISC ----> 25 190 41 330
================================================================================
NOTES:
# LAST OF SEVERAL OCCURRENCES
COLUMN 17 PEAK WIND IN M.P.H.
PRELIMINARY LOCAL CLIMATOLOGICAL DATA (WS FORM: F-6) , PAGE 2
STATION: GUTHRIE MUNICIPAL
MONTH: JULY
YEAR: 2021
LATITUDE: 35 50 N
LONGITUDE: 97 25 W
[TEMPERATURE DATA] [PRECIPITATION DATA] SYMBOLS USED IN COLUMN 16
AVERAGE MONTHLY: 80.3 TOTAL FOR MONTH: 5.95 1 = FOG OR MIST
DPTR FM NORMAL: -2.9 DPTR FM NORMAL: 3.22 2 = FOG REDUCING VISIBILITY
HIGHEST: 98 ON 31 GRTST 24HR 3.79 ON 1- 1 TO 1/4 MILE OR LESS
LOWEST: 62 ON 21,12 3 = THUNDER
SNOW, ICE PELLETS, HAIL 4 = ICE PELLETS
TOTAL MONTH: 0.0 INCH 5 = HAIL
GRTST 24HR 0.0 6 = FREEZING RAIN OR DRIZZLE
GRTST DEPTH: M ON M 7 = DUSTSTORM OR SANDSTORM:
VSBY 1/2 MILE OR LESS
8 = SMOKE OR HAZE
[NO. OF DAYS WITH] [WEATHER - DAYS WITH] 9 = BLOWING SNOW
X = TORNADO
MAX 32 OR BELOW: 0 0.01 INCH OR MORE: 7
MAX 90 OR ABOVE: 20 0.10 INCH OR MORE: 5
MIN 32 OR BELOW: 0 0.50 INCH OR MORE: 3
MIN 0 OR BELOW: 0 1.00 INCH OR MORE: 1
[HDD (BASE 65) ]
TOTAL THIS MO. 0 CLEAR (SCALE 0-3) 19
DPTR FM NORMAL 0 PTCLDY (SCALE 4-7) 1
TOTAL FM JUL 1 0 CLOUDY (SCALE 8-10) 11
DPTR FM NORMAL 0
[CDD (BASE 65) ]
TOTAL THIS MO. 467
DPTR FM NORMAL -96 [PRESSURE DATA]
TOTAL FM JAN 1 971 HIGHEST SLP M ON M
DPTR FM NORMAL -234 LOWEST SLP 29.85 ON 16
[REMARKS]
#FINAL-07-21#