000
CXUS54 KFWD 010830
CF6GOP
PRELIMINARY LOCAL CLIMATOLOGICAL DATA (WS FORM: F-6)
STATION: GATESVILLE
MONTH: DECEMBER
YEAR: 2022
LATITUDE: 31 25 N
LONGITUDE: 97 48 W
TEMPERATURE IN F: :PCPN: SNOW: WIND :SUNSHINE: SKY :PK WND
================================================================================
1 2 3 4 5 6A 6B 7 8 9 10 11 12 13 14 15 16 17 18
12Z AVG MX 2MIN
DY MAX MIN AVG DEP HDD CDD WTR SNW DPTH SPD SPD DIR MIN PSBL S-S WX SPD DR
================================================================================
1 52 30 41 -9 24 0 0.00 M M M M M M M 5 1 M M
2 75 48 62 12 3 0 0.00 M M M M M M M 5 12 M M
3 63 50 57 8 8 0 0.00 M M M M M M M 7 M M
4 55 48 52 3 13 0 0.00 M M M M M M M 9 18 M M
5 79 55 67 18 0 2 0.00 M M M M M M M 4 M M
6 75 63 69 21 0 4 0.00 M M M M M M M 1 M M
7 79 66 73 25 0 8 0.00 M M M M M M M 5 1 M M
8 79 63 71 23 0 6 0.00 M M M M M M M 3 1 M M
9 79 59 69 21 0 4 0.00 M M M M M M M 3 1 M M
10 75 61 68 21 0 3 M M M M M M M M 4 M M
11 61 54 58 11 7 0 0.36 M M M M M M M 10 13 M M
12 68 55 62 15 3 0 0.00 M M M M M M M 10 12 M M
13 73 55 64 18 1 0 0.05 M M M M M M M 5 8 M M
14 63 39 51 5 14 0 0.01 M M M M M M M 2 M M
15 59 32 46 0 19 0 0.00 M M M M M M M 0 M M
16 46 34 40 -6 25 0 0.00 M M M M M M M 3 M M
17 54 32 43 -3 22 0 0.00 M M M M M M M 0 M M
18 55 25 40 -6 25 0 0.00 M M M M M M M 3 M M
19 48 41 45 -1 20 0 0.04 M M M M M M M 10 12 M M
20 48 39 44 -1 21 0 0.00 M M M M M M M 8 12 M M
21 48 30 39 -6 26 0 0.00 M M M M M M M 2 1 M M
22 43 12 28 -17 37 0 0.00 M M M M M M M 6 128 M M
23 27 12 20 -25 45 0 0.00 M M M M M M M 0 M M
24 37 18 28 -17 37 0 0.00 M M M M M M M 0 M M
25 52 18 35 -10 30 0 0.00 M M M M M M M 0 M M
26 61 27 44 -1 21 0 0.00 M M M M M M M 0 M M
27 57 21 39 -6 26 0 0.00 M M M M M M M 0 M M
28 73 43 58 13 7 0 0.00 M M M M M M M 0 M M
29 72 52 62 17 3 0 0.00 M M M M M M M 4 M M
30 61 43 52 7 13 0 0.00 M M M M M M M 2 M M
31 77 41 59 14 6 0 0.00 M M M M M M M 0 M M
================================================================================
SM 1894 1266 456 27 0.46 M M M 111
================================================================================
AV 61.1 40.8 M FASTST M M 4 MAX(MPH)
MISC ----> M M M M
================================================================================
NOTES:
# LAST OF SEVERAL OCCURRENCES
COLUMN 17 PEAK WIND IN M.P.H.
PRELIMINARY LOCAL CLIMATOLOGICAL DATA (WS FORM: F-6) , PAGE 2
STATION: GATESVILLE
MONTH: DECEMBER
YEAR: 2022
LATITUDE: 31 25 N
LONGITUDE: 97 48 W
[TEMPERATURE DATA] [PRECIPITATION DATA] SYMBOLS USED IN COLUMN 16
AVERAGE MONTHLY: 51.0 TOTAL FOR MONTH: 0.46 1 = FOG OR MIST
DPTR FM NORMAL: 4.5 DPTR FM NORMAL: M 2 = FOG REDUCING VISIBILITY
HIGHEST: 79 ON 9, 8 GRTST 24HR 0.36 ON 11-11 TO 1/4 MILE OR LESS
LOWEST: 12 ON 23,22 3 = THUNDER
SNOW, ICE PELLETS, HAIL 4 = ICE PELLETS
TOTAL MONTH: M 5 = HAIL
GRTST 24HR M ON M 6 = FREEZING RAIN OR DRIZZLE
GRTST DEPTH: M ON M 7 = DUSTSTORM OR SANDSTORM:
VSBY 1/2 MILE OR LESS
8 = SMOKE OR HAZE
[NO. OF DAYS WITH] [WEATHER - DAYS WITH] 9 = BLOWING SNOW
X = TORNADO
MAX 32 OR BELOW: 1 0.01 INCH OR MORE: 4
MAX 90 OR ABOVE: 0 0.10 INCH OR MORE: 1
MIN 32 OR BELOW: 11 0.50 INCH OR MORE: 0
MIN 0 OR BELOW: 0 1.00 INCH OR MORE: 0
[HDD (BASE 65) ]
TOTAL THIS MO. 456 CLEAR (SCALE 0-3) 14
DPTR FM NORMAL -121 PTCLDY (SCALE 4-7) 12
TOTAL FM JUL 1 847 CLOUDY (SCALE 8-10) 5
DPTR FM NORMAL -121
[CDD (BASE 65) ]
TOTAL THIS MO. 27
DPTR FM NORMAL 25 [PRESSURE DATA]
TOTAL FM JAN 1 3320 HIGHEST SLP M ON M
DPTR FM NORMAL 1004 LOWEST SLP M ON M
[REMARKS]
#FINAL-12-22#