000
CXUS54 KFWD 010830
CF6GOP
PRELIMINARY LOCAL CLIMATOLOGICAL DATA (WS FORM: F-6)
STATION: GATESVILLE
MONTH: FEBRUARY
YEAR: 2021
LATITUDE: 31 25 N
LONGITUDE: 97 48 W
TEMPERATURE IN F: :PCPN: SNOW: WIND :SUNSHINE: SKY :PK WND
================================================================================
1 2 3 4 5 6A 6B 7 8 9 10 11 12 13 14 15 16 17 18
12Z AVG MX 2MIN
DY MAX MIN AVG DEP HDD CDD WTR SNW DPTH SPD SPD DIR MIN PSBL S-S WX SPD DR
================================================================================
1 61 32 47 0 18 0 0.00 M M 3.4 12 350 M M 0 18 350
2 66 34 50 3 15 0 0.00 M M 3.2 10 150 M M 0 17 170
3 73 41 57 10 8 0 0.00 M M 8.2 20 190 M M 0 24 190
4 75 50 63 16 2 0 0.00 M M 9.5 18 330 M M 2 24 330
5 57 41 49 2 16 0 T M M 5.4 9 330 M M 1 15 40
6 70 39 55 8 10 0 0.00 M M 8.3 21 320 M M 3 1 35 320
7 66 30 48 0 17 0 0.00 M M 5.9 16 180 M M 1 12 23 180
8 75 48 62 14 3 0 0.00 M M 9.3 17 200 M M 5 1 24 200
9 50 36 43 -5 22 0 M M M 6.8 9 350 M M 6 1 13 20
10 36 30 33 -15 32 0 0.00 M M 6.9 14 360 M M 6 1 17 360
11 30 25 28 -20 37 0 0.05 0.0 0 0.0 M M M M 0 1 M M
12 28 25 27 -21 38 0 0.00 0.0 0 0.0 M M M M 1 1 M M
13 30 21 26 -22 39 0 0.00 M M 2.5 10 30 M M 1 18 16 30
14 28 9 19 -30 46 0 M M M 1.4 10 360 M M 0 18 17 360
15 18 5 12 -37 53 0 0.00 M M 0.0 13 M M M 0 23 0
16 21 0 11 -38 54 0 0.00 M M 2.7 9 80 M M 0 18 M
17 27 19 23 -26 42 0 0.01 M M 7.4 12 340 M M 0 1 16 70
18 30 23 27 -22 38 0 0.00 M M 9.7 15 330 M M 0 22 340
19 45 14 30 -20 35 0 0.00 M M 3.8 8 160 M M 0 M M
20 57 25 41 -9 24 0 0.00 M M 7.7 15 210 M M 0 1 23 180
21 73 45 59 9 6 0 0.00 M M 9.3 21 210 M M 3 24 210
22 73 30 52 2 13 0 0.00 M M 3.6 12 190 M M 0 17 200
23 79 45 62 12 3 0 0.00 0.0 M 10.8 23 200 M M 0 27 170
24 75 48 62 11 3 0 0.00 M M 7.2 13 230 M M 2 21 170
25 57 45 51 0 14 0 M M M 6.3 12 30 M M 8 18 16 30
26 61 45 53 2 12 0 M M M 2.8 7 340 M M 8 1 14 320
27 73 55 64 13 1 0 0.00 M M 4.8 13 160 M M 7 12 20 160
28 79 55 67 15 0 2 0.00 M M 9.7 16 350 M M 6 1 22 350
================================================================================
SM 1513 915 601 2 0.06 0.0 156.5 M 60
================================================================================
AV 54.0 32.7 5.6 FASTST M M 2 MAX(MPH)
MISC ----> 23 200 35 320
================================================================================
NOTES:
# LAST OF SEVERAL OCCURRENCES
COLUMN 17 PEAK WIND IN M.P.H.
PRELIMINARY LOCAL CLIMATOLOGICAL DATA (WS FORM: F-6) , PAGE 2
STATION: GATESVILLE
MONTH: FEBRUARY
YEAR: 2021
LATITUDE: 31 25 N
LONGITUDE: 97 48 W
[TEMPERATURE DATA] [PRECIPITATION DATA] SYMBOLS USED IN COLUMN 16
AVERAGE MONTHLY: 43.4 TOTAL FOR MONTH: 0.06 1 = FOG OR MIST
DPTR FM NORMAL: -5.4 DPTR FM NORMAL: 0.06 2 = FOG REDUCING VISIBILITY
HIGHEST: 79 ON 28,23 GRTST 24HR 0.05 ON 11-11 TO 1/4 MILE OR LESS
LOWEST: 0 ON 16 3 = THUNDER
SNOW, ICE PELLETS, HAIL 4 = ICE PELLETS
TOTAL MONTH: 0.0 INCH 5 = HAIL
GRTST 24HR 0.0 6 = FREEZING RAIN OR DRIZZLE
GRTST DEPTH: 0 7 = DUSTSTORM OR SANDSTORM:
VSBY 1/2 MILE OR LESS
8 = SMOKE OR HAZE
[NO. OF DAYS WITH] [WEATHER - DAYS WITH] 9 = BLOWING SNOW
X = TORNADO
MAX 32 OR BELOW: 8 0.01 INCH OR MORE: 2
MAX 90 OR ABOVE: 0 0.10 INCH OR MORE: 0
MIN 32 OR BELOW: 14 0.50 INCH OR MORE: 0
MIN 0 OR BELOW: 1 1.00 INCH OR MORE: 0
[HDD (BASE 65) ]
TOTAL THIS MO. 601 CLEAR (SCALE 0-3) 19
DPTR FM NORMAL 146 PTCLDY (SCALE 4-7) 8
TOTAL FM JUL 1 1904 CLOUDY (SCALE 8-10) 1
DPTR FM NORMAL -131
[CDD (BASE 65) ]
TOTAL THIS MO. 2
DPTR FM NORMAL -1 [PRESSURE DATA]
TOTAL FM JAN 1 3 HIGHEST SLP M ON M
DPTR FM NORMAL 2 LOWEST SLP M ON M
[REMARKS]
#FINAL-02-21#