000
CXUS53 KGID 010930
CF6GRI
PRELIMINARY LOCAL CLIMATOLOGICAL DATA (WS FORM: F-6)
STATION: GRAND ISLAND NE
MONTH: FEBRUARY
YEAR: 2024
LATITUDE: 40 58 N
LONGITUDE: 98 19 W
TEMPERATURE IN F: :PCPN: SNOW: WIND :SUNSHINE: SKY :PK WND
================================================================================
1 2 3 4 5 6A 6B 7 8 9 10 11 12 13 14 15 16 17 18
12Z AVG MX 2MIN
DY MAX MIN AVG DEP HDD CDD WTR SNW DPTH SPD SPD DIR MIN PSBL S-S WX SPD DR
================================================================================
1 53 30 42 15 23 0 0.00 0.0 T 5.2 13 40 M M 2 1 18 50
2 53 32 43 16 22 0 0.00 0.0 T 7.6 17 100 M M 5 12 23 90
3 43 39 41 14 24 0 0.52 0.0 T 13.9 22 90 M M 10 12 28 100
4 43 32 38 11 27 0 0.31 0.0 0 10.5 17 20 M M 10 18 23 10
5 48 30 39 12 26 0 0.00 0.0 0 6.6 12 260 M M 5 12 14 150
6 55 31 43 15 22 0 0.00 0.0 0 11.4 22 160 M M 2 12 31 170
7 55 42 49 21 16 0 T 0.0 0 21.1 29 160 M M 2 45 170
8 52 30 41 13 24 0 T 0.0 0 13.6 29 180 M M 4 39 170
9 48 26 37 9 28 0 0.00 0.0 0 7.1 15 360 M M 0 22 340
10 35 25 30 2 35 0 0.00 0.0 0 7.2 16 30 M M 9 21 10
11 45 26 36 8 29 0 0.00 0.0 0 5.3 15 290 M M 4 20 280
12 57 24 41 12 24 0 0.00 0.0 0 6.9 14 320 M M 1 20 300
13 56 27 42 13 23 0 0.00 0.0 0 4.8 9 160 M M 2 13 130
14 61 27 44 15 21 0 0.00 0.0 0 12.7 33 340 M M 3 43 360
15 38 25 32 2 33 0 0.00 0.0 0 9.1 24 360 M M 5 8 32 350
16 29 9 19 -11 46 0 0.02 0.2 T 14.6 23 350 M M 7 1 29 350
17 42 8 25 -5 40 0 0.00 0.0 0 12.5 21 280 M M 0 28 270
18 53 20 37 7 28 0 0.00 0.0 0 8.8 15 260 M M 0 19 260
19 59 24 42 11 23 0 0.00 0.0 0 9.8 21 300 M M 0 29 310
20 72 26 49 18 16 0 0.00 0.0 0 10.9 29 230 M M 0 37 240
21 68 28 48 17 17 0 0.00 0.0 0 5.7 12 70 M M 0 17 80
22 62 35 49 17 16 0 0.00 0.0 0 12.6 25 340 M M 3 35 340
23 61 31 46 14 19 0 0.00 0.0 0 14.2 32 310 M M 1 45 300
24 66 25 46 14 19 0 0.00 0.0 0 10.8 35 270 M M 0 45 260
25 67 31 49 16 16 0 0.00 0.0 0 9.9 22 310 M M 0 33 300
26 78 35 57 24 8 0 0.00 0.0 0 14.9 36 260 M M 0 8 51 260
27 49 12 31 -3 34 0 0.01 0.1 0 21.8 40 340 M M 5 52 350
28 44 6 25 -9 40 0 0.00 0.0 T 11.2 22 350 M M 1 28 350
29 63 31 47 13 18 0 0.00 0.0 0 19.8 32 210 M M 0 45 220
================================================================================
SM 1555 767 717 0 0.86 0.3 320.5 M 81
================================================================================
AV 53.6 26.4 11.1 FASTST M M 3 MAX(MPH)
MISC ----> 40 340 52 350
================================================================================
NOTES:
# LAST OF SEVERAL OCCURRENCES
COLUMN 17 PEAK WIND IN M.P.H.
PRELIMINARY LOCAL CLIMATOLOGICAL DATA (WS FORM: F-6) , PAGE 2
STATION: GRAND ISLAND NE
MONTH: FEBRUARY
YEAR: 2024
LATITUDE: 40 58 N
LONGITUDE: 98 19 W
[TEMPERATURE DATA] [PRECIPITATION DATA] SYMBOLS USED IN COLUMN 16
AVERAGE MONTHLY: 40.0 TOTAL FOR MONTH: 0.86 1 = FOG OR MIST
DPTR FM NORMAL: 10.3 DPTR FM NORMAL: 0.12 2 = FOG REDUCING VISIBILITY
HIGHEST: 78 ON 26 GRTST 24HR 0.83 ON 3- 4 TO 1/4 MILE OR LESS
LOWEST: 6 ON 28 3 = THUNDER
SNOW, ICE PELLETS, HAIL 4 = ICE PELLETS
TOTAL MONTH: 0.3 INCH 5 = HAIL
GRTST 24HR 0.2 ON 16-16 6 = FREEZING RAIN OR DRIZZLE
GRTST DEPTH: 1 ON M 7 = DUSTSTORM OR SANDSTORM:
VSBY 1/2 MILE OR LESS
8 = SMOKE OR HAZE
[NO. OF DAYS WITH] [WEATHER - DAYS WITH] 9 = BLOWING SNOW
X = TORNADO
MAX 32 OR BELOW: 1 0.01 INCH OR MORE: 4
MAX 90 OR ABOVE: 0 0.10 INCH OR MORE: 2
MIN 32 OR BELOW: 25 0.50 INCH OR MORE: 1
MIN 0 OR BELOW: 0 1.00 INCH OR MORE: 0
[HDD (BASE 65) ]
TOTAL THIS MO. 717 CLEAR (SCALE 0-3) 18
DPTR FM NORMAL -270 PTCLDY (SCALE 4-7) 8
TOTAL FM JUL 1 4057 CLOUDY (SCALE 8-10) 3
DPTR FM NORMAL -559
[CDD (BASE 65) ]
TOTAL THIS MO. 0
DPTR FM NORMAL 0 [PRESSURE DATA]
TOTAL FM JAN 1 0 HIGHEST SLP 30.57 ON 16
DPTR FM NORMAL 0 LOWEST SLP 29.36 ON 27
[REMARKS]
#FINAL-02-24#