000
CXUS53 KGID 011527
CF6GRI
PRELIMINARY LOCAL CLIMATOLOGICAL DATA (WS FORM: F-6)
STATION: GRAND ISLAND NE
MONTH: JULY
YEAR: 2020
LATITUDE: 40 58 N
LONGITUDE: 98 19 W
TEMPERATURE IN F: :PCPN: SNOW: WIND :SUNSHINE: SKY :PK WND
================================================================================
1 2 3 4 5 6A 6B 7 8 9 10 11 12 13 14 15 16 17 18
12Z AVG MX 2MIN
DY MAX MIN AVG DEP HDD CDD WTR SNW DPTH SPD SPD DIR MIN PSBL S-S WX SPD DR
================================================================================
1 88 66 77 2 0 12 0.00 0.0 0 5.6 14 340 M M 1 18 10
2 88 67 78 2 0 13 0.00 0.0 0 8.6 16 110 M M 2 1 22 90
3 92 68 80 4 0 15 0.00 0.0 0 5.4 16 330 M M 1 8 20 330
4 88 69 79 3 0 14 0.00 0.0 0 6.3 14 110 M M 1 18 19 110
5 88 64 76 0 0 11 0.00 0.0 0 5.8 14 130 M M 1 128 20 130
6 91 69 80 4 0 15 0.00 0.0 0 8.0 22 60 M M 1 18 31 60
7 93 67 80 4 0 15 0.00 0.0 0 11.5 28 360 M M 0 8 37 360
8 94 65 80 4 0 15 0.73 0.0 0 14.4 52 330 M M 0 138 71 330
9 85 61 73 -3 0 8 0.29 0.0 0 6.4 26 70 M M 0 13 37 70
10 91 65 78 2 0 13 T 0.0 0 9.4 47 360 M M 0 3 63 360
11 87 65 76 0 0 11 0.35 0.0 0 10.0 32 50 M M 1 13 45 60
12 82 62 72 -4 0 7 0.00 0.0 0 6.6 14 120 M M 0 20 130
13 93 65 79 3 0 14 T 0.0 0 11.4 17 190 M M 0 29 230
14 79 67 73 -3 0 8 T 0.0 0 11.1 30 150 M M 5 41 160
15 83 63 73 -3 0 8 0.01 0.0 0 8.1 21 350 M M 3 1 27 20
16 87 65 76 0 0 11 0.00 0.0 0 9.3 16 150 M M 4 18 23 200
17 95 70 83 7 0 18 0.00 0.0 0 12.2 20 170 M M 0 27 160
18 100 73 87 11 0 22 T 0.0 0 12.1 23 340 M M 1 30 350
19 88 68 78 2 0 13 0.04 0.0 0 8.6 16 130 M M 5 138 22 120
20 83 64 74 -2 0 9 0.49 0.0 0 9.9 28 10 M M 5 13 39 10
21 85 65 75 -1 0 10 T 0.0 0 7.3 20 10 M M 1 26 360
22 85 66 76 0 0 11 T 0.0 0 9.5 17 130 M M 3 3 24 150
23 92 73 83 7 0 18 T 0.0 0 13.6 23 170 M M 1 3 32 170
24 93 74 84 8 0 19 0.00 0.0 0 15.2 25 160 M M 0 36 170
25 96 75 86 10 0 21 0.00 0.0 0 16.9 30 300 M M 0 40 280
26 88 72 80 4 0 15 0.23 0.0 0 7.6 21 290 M M 4 13 28 300
27 85 66 76 0 0 11 0.00 0.0 0 7.7 15 90 M M 3 18 19 90
28 88 63 76 0 0 11 0.00 0.0 0 7.3 14 190 M M 2 18 19 150
29 86 67 77 1 0 12 2.07 0.0 0 7.2 25 330 M M 4 1238 32 340
30 74 65 70 -6 0 5 0.34 0.0 0 8.7 17 20 M M 5 1 21 30
31 82 60 71 -5 0 6 0.00 0.0 0 5.6 14 10 M M 0 20 40
================================================================================
SM 2729 2069 0 391 4.55 0.0 287.3 M 54
================================================================================
AV 88.0 66.7 9.3 FASTST M M 2 MAX(MPH)
MISC ----> # 52 330 # 71 330
================================================================================
NOTES:
# LAST OF SEVERAL OCCURRENCES
COLUMN 17 PEAK WIND IN M.P.H.
PRELIMINARY LOCAL CLIMATOLOGICAL DATA (WS FORM: F-6) , PAGE 2
STATION: GRAND ISLAND NE
MONTH: JULY
YEAR: 2020
LATITUDE: 40 58 N
LONGITUDE: 98 19 W
[TEMPERATURE DATA] [PRECIPITATION DATA] SYMBOLS USED IN COLUMN 16
AVERAGE MONTHLY: 77.4 TOTAL FOR MONTH: 4.55 1 = FOG OR MIST
DPTR FM NORMAL: 1.2 DPTR FM NORMAL: 1.15 2 = FOG REDUCING VISIBILITY
HIGHEST: 100 ON 18 GRTST 24HR 2.41 ON 29-30 TO 1/4 MILE OR LESS
LOWEST: 60 ON 31 3 = THUNDER
SNOW, ICE PELLETS, HAIL 4 = ICE PELLETS
TOTAL MONTH: 0.0 INCH 5 = HAIL
GRTST 24HR 0.0 6 = FREEZING RAIN OR DRIZZLE
GRTST DEPTH: 0 7 = DUSTSTORM OR SANDSTORM:
VSBY 1/2 MILE OR LESS
8 = SMOKE OR HAZE
[NO. OF DAYS WITH] [WEATHER - DAYS WITH] 9 = BLOWING SNOW
X = TORNADO
MAX 32 OR BELOW: 0 0.01 INCH OR MORE: 9
MAX 90 OR ABOVE: 11 0.10 INCH OR MORE: 7
MIN 32 OR BELOW: 0 0.50 INCH OR MORE: 2
MIN 0 OR BELOW: 0 1.00 INCH OR MORE: 1
[HDD (BASE 65) ]
TOTAL THIS MO. 0 CLEAR (SCALE 0-3) 24
DPTR FM NORMAL -2 PTCLDY (SCALE 4-7) 7
TOTAL FM JUL 1 0 CLOUDY (SCALE 8-10) 0
DPTR FM NORMAL -2
[CDD (BASE 65) ]
TOTAL THIS MO. 391
DPTR FM NORMAL 42 [PRESSURE DATA]
TOTAL FM JAN 1 805 HIGHEST SLP 30.16 ON 11
DPTR FM NORMAL 178 LOWEST SLP 29.61 ON 9
[REMARKS]
#FINAL-07-20#