000
CXUS53 KGID 021353
CF6GRI
PRELIMINARY LOCAL CLIMATOLOGICAL DATA (WS FORM: F-6)
STATION: GRAND ISLAND NE
MONTH: FEBRUARY
YEAR: 2020
LATITUDE: 40 58 N
LONGITUDE: 98 19 W
TEMPERATURE IN F: :PCPN: SNOW: WIND :SUNSHINE: SKY :PK WND
================================================================================
1 2 3 4 5 6A 6B 7 8 9 10 11 12 13 14 15 16 17 18
12Z AVG MX 2MIN
DY MAX MIN AVG DEP HDD CDD WTR SNW DPTH SPD SPD DIR MIN PSBL S-S WX SPD DR
================================================================================
1 54 27 41 15 24 0 0.00 0.0 0 11.6 22 240 M M 0 27 230
2 64 33 49 23 16 0 0.00 0.0 0 11.1 20 40 M M 0 26 40
3 33 27 30 4 35 0 0.00 0.0 0 25.4 37 40 M M 10 49 30
4 29 22 26 0 39 0 0.00 0.0 0 18.3 29 10 M M 9 34 20
5 35 18 27 0 38 0 T T T 6.4 13 190 M M 6 17 190
6 43 15 29 2 36 0 T T 0 6.7 15 350 M M 2 20 200
7 34 19 27 0 38 0 T T 0 11.7 24 350 M M 6 31 350
8 45 17 31 4 34 0 0.00 0.0 0 11.7 26 160 M M 2 33 160
9 37 21 29 2 36 0 0.00 0.0 0 17.0 35 360 M M 4 46 360
10 44 20 32 4 33 0 0.00 0.0 0 8.3 23 240 M M 0 29 240
11 45 20 33 5 32 0 0.00 0.0 0 11.4 22 230 M M 0 28 250
12 44 4 24 -4 41 0 0.00 0.0 0 17.9 37 350 M M 4 47 350
13 17 -2 8 -20 57 0 0.00 0.0 0 9.5 23 350 M M 0 30 340
14 35 10 23 -6 42 0 0.00 0.0 0 18.4 30 180 M M 2 41 200
15 51 19 35 6 30 0 0.00 0.0 0 8.0 18 350 M M 0 24 340
16 55 32 44 15 21 0 0.00 0.0 0 9.6 17 230 M M 5 24 230
17 50 24 37 7 28 0 0.01 0.0 0 14.9 33 350 M M 4 1 42 350
18 45 20 33 3 32 0 0.00 0.0 0 6.9 20 10 M M 1 1 24 10
19 23 8 16 -14 49 0 0.07 1.6 0 14.7 21 30 M M 9 1 26 50
20 31 -5 13 -17 52 0 0.00 0.0 2 9.3 16 220 M M 0 23 220
21 52 22 37 6 28 0 0.00 0.0 1 15.7 26 230 M M 0 34 220
22 65 23 44 13 21 0 0.00 0.0 0 8.2 17 220 M M 0 1 22 220
23 55 27 41 9 24 0 0.00 0.0 0 7.9 20 40 M M 0 24 40
24 49 25 37 5 28 0 0.00 0.0 0 8.7 14 80 M M 2 19 70
25 37 26 32 0 33 0 0.03 0.4 0 17.9 30 350 M M 9 38 350
26 39 17 28 -5 37 0 0.00 0.0 0 12.6 25 350 M M 2 34 360
27 43 27 35 2 30 0 T T 0 10.1 18 320 M M 7 24 340
28 57 28 43 10 22 0 0.00 0.0 0 10.5 25 340 M M 1 33 330
29 67 30 49 15 16 0 0.00 0.0 0 12.2 28 190 M M 0 37 200
================================================================================
SM 1278 574 952 0 0.11 2.0 352.6 M 85
================================================================================
AV 44.1 19.8 12.2 FASTST M M 3 MAX(MPH)
MISC ----> # 37 40 # 49 30
================================================================================
NOTES:
# LAST OF SEVERAL OCCURRENCES
COLUMN 17 PEAK WIND IN M.P.H.
PRELIMINARY LOCAL CLIMATOLOGICAL DATA (WS FORM: F-6) , PAGE 2
STATION: GRAND ISLAND NE
MONTH: FEBRUARY
YEAR: 2020
LATITUDE: 40 58 N
LONGITUDE: 98 19 W
[TEMPERATURE DATA] [PRECIPITATION DATA] SYMBOLS USED IN COLUMN 16
AVERAGE MONTHLY: 31.9 TOTAL FOR MONTH: 0.11 1 = FOG OR MIST
DPTR FM NORMAL: 2.8 DPTR FM NORMAL: -0.57 2 = FOG REDUCING VISIBILITY
HIGHEST: 67 ON 29 GRTST 24HR 0.07 ON 19-19 TO 1/4 MILE OR LESS
LOWEST: -5 ON 20 3 = THUNDER
SNOW, ICE PELLETS, HAIL 4 = ICE PELLETS
TOTAL MONTH: 2.0 INCHES 5 = HAIL
GRTST 24HR 1.6 ON 19-19 6 = FREEZING RAIN OR DRIZZLE
GRTST DEPTH: 2 ON 20 7 = DUSTSTORM OR SANDSTORM:
VSBY 1/2 MILE OR LESS
8 = SMOKE OR HAZE
[NO. OF DAYS WITH] [WEATHER - DAYS WITH] 9 = BLOWING SNOW
X = TORNADO
MAX 32 OR BELOW: 4 0.01 INCH OR MORE: 3
MAX 90 OR ABOVE: 0 0.10 INCH OR MORE: 0
MIN 32 OR BELOW: 28 0.50 INCH OR MORE: 0
MIN 0 OR BELOW: 2 1.00 INCH OR MORE: 0
[HDD (BASE 65) ]
TOTAL THIS MO. 952 CLEAR (SCALE 0-3) 18
DPTR FM NORMAL -53 PTCLDY (SCALE 4-7) 7
TOTAL FM JUL 1 4483 CLOUDY (SCALE 8-10) 4
DPTR FM NORMAL -310
[CDD (BASE 65) ]
TOTAL THIS MO. 0
DPTR FM NORMAL 0 [PRESSURE DATA]
TOTAL FM JAN 1 0 HIGHEST SLP 30.91 ON 20
DPTR FM NORMAL 0 LOWEST SLP 29.58 ON 6
[REMARKS]
SUBSTITUTED LIQUID PRECIPITATION AT KGRI ON 02/25/2020 WITH COOP DATA DUE TO
THE AUTOMATED GAUGE UNDER-REPRESENTING PRECIP FROM THE SNOW EVENT.
#FINAL-02-20#