000
CXUS53 KIWX 010810
CF6GSH
PRELIMINARY LOCAL CLIMATOLOGICAL DATA (WS FORM: F-6)
STATION: GOSHEN
MONTH: APRIL
YEAR: 2022
LATITUDE: 41 31 N
LONGITUDE: 85 47 W
TEMPERATURE IN F: :PCPN: SNOW: WIND :SUNSHINE: SKY :PK WND
================================================================================
1 2 3 4 5 6A 6B 7 8 9 10 11 12 13 14 15 16 17 18
12Z AVG MX 2MIN
DY MAX MIN AVG DEP HDD CDD WTR SNW DPTH SPD SPD DIR MIN PSBL S-S WX SPD DR
================================================================================
1 39 26 33 -11 32 0 0.01 M M 10.1 23 310 M M 7 18 33 310
2 46 25 36 -8 29 0 0.24 M M 9.1 18 320 M M 5 1 25 170
3 49 35 42 -2 23 0 0.00 M M 5.8 15 310 M M 8 18 20 310
4 59 35 47 2 18 0 0.13 M M 11.7 26 280 M M 6 1 34 270
5 59 30 45 0 20 0 T M M 7.6 16 130 M M 6 128 22 130
6 55 42 49 3 16 0 0.58 M M 12.7 25 230 M M 9 1 35 210
7 45 38 42 -4 23 0 T M M 14.5 25 220 M M 9 31 230
8 44 34 39 -7 26 0 0.03 M M 11.5 20 280 M M 10 1 24 280
9 41 32 37 -10 28 0 0.03 M M 9.9 21 310 M M 10 18 27 340
10 60 30 45 -2 20 0 0.00 M M 10.5 26 150 M M 0 40 160
11 63 43 53 5 12 0 T M M 9.5 25 150 M M 5 3 37 160
12 69 33 51 3 14 0 0.00 M M 10.7 23 170 M M 3 1 31 170
13 68 49 59 11 6 0 0.56 M M 16.3 31 310 M M 8 13 41 300
14 56 35 46 -3 19 0 0.11 M M 22.1 41 240 M M 4 1 64 240
15 60 39 50 1 15 0 0.04 M M 11.2 26 240 M M 7 1 36 260
16 47 31 39 -10 26 0 0.00 M M 12.8 25 300 M M 3 33 320
17 48 25 37 -13 28 0 0.00 M M 6.8 18 120 M M 0 25 120
18 39 32 36 -14 29 0 0.24 M M 10.1 25 280 M M 9 12 33 280
19 43 29 36 -14 29 0 0.01 M M 12.3 23 320 M M 7 1 37 290
20 56 28 42 -9 23 0 0.02 M M 13.1 23 140 M M 6 34 130
21 67 44 56 5 9 0 0.12 M M 12.4 25 210 M M 5 1 35 220
22 56 39 48 -4 17 0 0.03 M M 10.2 22 120 M M 5 3 31 120
23 83 46 65 13 0 0 0.00 M M 14.5 26 200 M M 0 35 190
24 79 63 71 19 0 6 0.22 M M 16.5 35 200 M M 5 1 46 190
25 64 42 53 0 12 0 T M M 9.7 23 270 M M 9 31 270
26 45 32 39 -14 26 0 T M M 11.2 18 290 M M 9 24 290
27 46 26 36 -17 29 0 T M M 8.4 20 320 M M 5 24 320
28 51 38 45 -9 20 0 T M M 10.3 16 110 M M 10 23 120
29 63 41 52 -2 13 0 T 0.0 0 12.8 20 100 M M 8 27 80
30 62 47 55 1 10 0 0.46 M M 16.3 30 120 M M 8 13 42 120
================================================================================
SM 1662 1089 572 6 2.83 0.0 350.6 M 186
================================================================================
AV 55.4 36.3 11.7 FASTST M M 6 MAX(MPH)
MISC ----> 41 240 64 240
================================================================================
NOTES:
# LAST OF SEVERAL OCCURRENCES
COLUMN 17 PEAK WIND IN M.P.H.
PRELIMINARY LOCAL CLIMATOLOGICAL DATA (WS FORM: F-6) , PAGE 2
STATION: GOSHEN
MONTH: APRIL
YEAR: 2022
LATITUDE: 41 31 N
LONGITUDE: 85 47 W
[TEMPERATURE DATA] [PRECIPITATION DATA] SYMBOLS USED IN COLUMN 16
AVERAGE MONTHLY: 45.9 TOTAL FOR MONTH: 2.83 1 = FOG OR MIST
DPTR FM NORMAL: -3.2 DPTR FM NORMAL: -0.56 2 = FOG REDUCING VISIBILITY
HIGHEST: 83 ON 23 GRTST 24HR 0.67 ON 13-14 TO 1/4 MILE OR LESS
LOWEST: 25 ON 17, 2 3 = THUNDER
SNOW, ICE PELLETS, HAIL 4 = ICE PELLETS
TOTAL MONTH: 0.0 INCH 5 = HAIL
GRTST 24HR 0.0 6 = FREEZING RAIN OR DRIZZLE
GRTST DEPTH: 0 7 = DUSTSTORM OR SANDSTORM:
VSBY 1/2 MILE OR LESS
8 = SMOKE OR HAZE
[NO. OF DAYS WITH] [WEATHER - DAYS WITH] 9 = BLOWING SNOW
X = TORNADO
MAX 32 OR BELOW: 0 0.01 INCH OR MORE: 16
MAX 90 OR ABOVE: 0 0.10 INCH OR MORE: 9
MIN 32 OR BELOW: 12 0.50 INCH OR MORE: 2
MIN 0 OR BELOW: 0 1.00 INCH OR MORE: 0
[HDD (BASE 65) ]
TOTAL THIS MO. 572 CLEAR (SCALE 0-3) 4
DPTR FM NORMAL 89 PTCLDY (SCALE 4-7) 16
TOTAL FM JUL 1 5565 CLOUDY (SCALE 8-10) 10
DPTR FM NORMAL -380
[CDD (BASE 65) ]
TOTAL THIS MO. 6
DPTR FM NORMAL 0 [PRESSURE DATA]
TOTAL FM JAN 1 6 HIGHEST SLP 30.49 ON 22
DPTR FM NORMAL -2 LOWEST SLP 29.40 ON 13
[REMARKS]
#FINAL-04-22#