000
CXUS52 KRAH 132312 RRB
CLSGSO
CLIMATE REPORT
NATIONAL WEATHER SERVICE RALEIGH NC
706 PM EDT MON SEP 13 2021
...................................
...THE GREENSBORO NC CLIMATE SUMMARY FOR THE SEASON, FROM
6/1/2021 TO 8/31/2021...
CLIMATE NORMAL PERIOD 1991 TO 2020
CLIMATE RECORD PERIOD 1903 TO 2021
WEATHER OBSERVED NORMAL DEPART LAST YEAR`S
VALUE DATE(S) VALUE FROM VALUE
NORMAL
..............................................................
TEMPERATURE (F)
RECORD
HIGH 103 08/18/1988
LOW 42 06/08/1977
06/12/1972
06/11/1972
HIGHEST 95 07/29
LOWEST 54 06/01
AVG. MAXIMUM 86.5 86.8 -0.3
AVG. MINIMUM 67.5 67.6 -0.1
MEAN 77.0 77.2 -0.2
DAYS MAX >= 90 28 29.4 -1.4
DAYS MAX <= 32 0 0.0 0.0
DAYS MIN <= 32 0 0.0 0.0
DAYS MIN <= 0 0 0.0 0.0
PRECIPITATION (INCHES)
RECORD
MAXIMUM 24.00 1906
MINIMUM 3.51 1990
TOTALS 13.11 12.63 0.48
DAYS >= .01 34 32.1 1.9
DAYS >= 1.00 3 3.4 -0.4
GREATEST
24 HR. TOTAL 2.66 07/18 TO 07/19
DEGREE DAYS
COOLING TOTAL 1131 1127 4
SINCE 1/1 1284 1310 -26
..............................................................
WIND (MPH)
AVERAGE WIND SPEED 6.3
HIGHEST WIND SPEED/DIRECTION 36/280 DATE 07/17
HIGHEST GUST SPEED/DIRECTION 46/330 DATE 08/12
SKY COVER
POSSIBLE SUNSHINE (PERCENT) MM
AVERAGE SKY COVER 0.63
NUMBER OF DAYS FAIR 12
NUMBER OF DAYS PC 49
NUMBER OF DAYS CLOUDY 31
AVERAGE RH (PERCENT) 71
WEATHER CONDITIONS. NUMBER OF DAYS WITH
THUNDERSTORM 28 MIXED PRECIP 0
HEAVY RAIN 19 RAIN 18
LIGHT RAIN 40 FREEZING RAIN 0
LT FREEZING RAIN 0 HAIL 0
HEAVY SNOW 0 SNOW 0
LIGHT SNOW 0 SLEET 0
FOG 42 FOG W/VIS <= 1/4 MILE 1
HAZE 21
- INDICATES NEGATIVE NUMBERS.
R INDICATES RECORD WAS SET OR TIED.
MM INDICATES DATA IS MISSING.
T INDICATES TRACE AMOUNT.
$$