000
CXUS52 KGSP 011436
CF6GSP
PRELIMINARY LOCAL CLIMATOLOGICAL DATA (WS FORM: F-6)
STATION: GREENVILLE-SPARTANBURG SC
MONTH: MARCH
YEAR: 2022
LATITUDE: 34 54 N
LONGITUDE: 82 13 W
TEMPERATURE IN F: :PCPN: SNOW: WIND :SUNSHINE: SKY :PK WND
================================================================================
1 2 3 4 5 6A 6B 7 8 9 10 11 12 13 14 15 16 17 18
12Z AVG MX 2MIN
DY MAX MIN AVG DEP HDD CDD WTR SNW DPTH SPD SPD DIR MIN PSBL S-S WX SPD DR
================================================================================
1 68 34 51 2 14 0 0.00 0.0 0 4.5 14 200 M M 0 18 210
2 78 39 59 10 6 0 0.00 0.0 0 4.9 17 220 M M 0 23 210
3 82 45 64 14 1 0 0.00 0.0 0 5.4 20 200 M M 0 23 210
4 66 46 56 6 9 0 0.00 0.0 0 6.2 16 70 M M 0 22 80
5 72 42 57 7 8 0 0.00 0.0 0 3.8 13 160 M M 3 8 16 210
6 78 55 67 17 0 2 0.00 0.0 0 10.0 22 230 M M 5 18 27 220
7 78 53 66 16 0 1 0.09 0.0 0 14.9 32 220 M M 6 41 210
8 62 50 56 5 9 0 0.97 0.0 0 5.3 15 60 M M 9 1 20 60
9 61 50 56 5 9 0 0.54 0.0 0 5.6 16 80 M M 9 13 21 100
10 51 44 48 -3 17 0 0.05 0.0 0 7.0 15 50 M M 10 18 19 40
11 64 42 53 1 12 0 0.05 0.0 0 3.8 13 160 M M 9 18 17 160
12 52 26 39 -13 26 0 1.35 0.0 0 9.9 22 340 M M 4 13 36 310
13 52 23 38 -14 27 0 0.00 0.0 0 6.2 16 200 M M 0 21 190
14 66 30 48 -4 17 0 0.00 0.0 0 4.0 15 180 M M 0 20 170
15 65 37 51 -1 14 0 0.00 0.0 0 2.3 9 240 M M 3 11 230
16 55 50 53 0 12 0 0.90 0.0 0 8.5 18 20 M M 9 1 26 30
17 74 51 63 10 2 0 0.03 0.0 0 6.9 13 210 M M 4 18 17 220
18 70 47 59 6 6 0 0.15 0.0 0 5.7 28 120 M M 3 13 34 120
19 71 50 61 7 4 0 0.03 0.0 0 14.2 35 220 M M 5 1 46 230
20 68 45 57 3 8 0 0.00 0.0 0 6.1 15 360 M M 0 21 360
21 71 38 55 1 10 0 0.00 0.0 0 3.0 12 220 M M 0 16 140
22 74 46 60 6 5 0 0.00 0.0 0 6.3 16 180 M M 2 8 23 240
23 72 57 65 10 0 0 0.92 0.0 0 12.8 24 180 M M 8 18 31 180
24 69 50 60 5 5 0 0.00 0.0 0 10.4 22 210 M M 1 29 210
25 67 40 54 -1 11 0 0.00 0.0 0 10.8 25 230 M M 1 36 220
26 64 37 51 -4 14 0 0.00 0.0 0 11.9 29 280 M M 0 41 280
27 65 31 48 -8 17 0 0.00 0.0 0 3.9 15 50 M M 0 22 330
28 66 32 49 -7 16 0 0.00 0.0 0 4.5 13 30 M M 0 16 50
29 63 40 52 -4 13 0 0.00 0.0 0 4.6 12 100 M M 4 15 90
30 70 43 57 1 8 0 0.00 0.0 0 6.6 21 160 M M 5 18 28 150
31 74 60 67 10 0 2 0.95 0.0 0 16.8 26 220 M M 6 1 35 240
================================================================================
SM 2088 1333 300 5 6.03 0.0 226.8 M 106
================================================================================
AV 67.4 43.0 7.3 FASTST M M 3 MAX(MPH)
MISC ----> 35 220 46 230
================================================================================
NOTES:
# LAST OF SEVERAL OCCURRENCES
COLUMN 17 PEAK WIND IN M.P.H.
PRELIMINARY LOCAL CLIMATOLOGICAL DATA (WS FORM: F-6) , PAGE 2
STATION: GREENVILLE-SPARTANBURG SC
MONTH: MARCH
YEAR: 2022
LATITUDE: 34 54 N
LONGITUDE: 82 13 W
[TEMPERATURE DATA] [PRECIPITATION DATA] SYMBOLS USED IN COLUMN 16
AVERAGE MONTHLY: 55.2 TOTAL FOR MONTH: 6.03 1 = FOG OR MIST
DPTR FM NORMAL: 2.4 DPTR FM NORMAL: 1.55 2 = FOG REDUCING VISIBILITY
HIGHEST: 82 ON 3 GRTST 24HR 1.51 ON 8- 9 TO 1/4 MILE OR LESS
LOWEST: 23 ON 13 3 = THUNDER
SNOW, ICE PELLETS, HAIL 4 = ICE PELLETS
TOTAL MONTH: 0.0 INCH 5 = HAIL
GRTST 24HR 0.0 6 = FREEZING RAIN OR DRIZZLE
GRTST DEPTH: 0 7 = DUSTSTORM OR SANDSTORM:
VSBY 1/2 MILE OR LESS
8 = SMOKE OR HAZE
[NO. OF DAYS WITH] [WEATHER - DAYS WITH] 9 = BLOWING SNOW
X = TORNADO
MAX 32 OR BELOW: 0 0.01 INCH OR MORE: 12
MAX 90 OR ABOVE: 0 0.10 INCH OR MORE: 7
MIN 32 OR BELOW: 5 0.50 INCH OR MORE: 6
MIN 0 OR BELOW: 0 1.00 INCH OR MORE: 1
[HDD (BASE 65) ]
TOTAL THIS MO. 300 CLEAR (SCALE 0-3) 15
DPTR FM NORMAL -87 PTCLDY (SCALE 4-7) 11
TOTAL FM JUL 1 2510 CLOUDY (SCALE 8-10) 5
DPTR FM NORMAL -306
[CDD (BASE 65) ]
TOTAL THIS MO. 5
DPTR FM NORMAL -4 [PRESSURE DATA]
TOTAL FM JAN 1 8 HIGHEST SLP 30.48 ON 14
DPTR FM NORMAL -2 LOWEST SLP 29.43 ON 12
[REMARKS]
#FINAL-03-22#