000
CXUS54 KAMA 250710
CF6GUY
PRELIMINARY LOCAL CLIMATOLOGICAL DATA (WS FORM: F-6)
STATION: GUYMON
MONTH: APRIL
YEAR: 2024
LATITUDE: 36 41 N
LONGITUDE: 101 30 W
TEMPERATURE IN F: :PCPN: SNOW: WIND :SUNSHINE: SKY :PK WND
================================================================================
1 2 3 4 5 6A 6B 7 8 9 10 11 12 13 14 15 16 17 18
12Z AVG MX 2MIN
DY MAX MIN AVG DEP HDD CDD WTR SNW DPTH SPD SPD DIR MIN PSBL S-S WX SPD DR
================================================================================
1 63 41 52 0 13 0 0.34 M M 13.6 25 20 M M 3 32 30
2 63 34 49 -4 16 0 T M M 17.8 33 20 M M 1 46 30
3 73 36 55 2 10 0 0.00 M M 8.7 20 10 M M 0 29 330
4 83 41 62 9 3 0 0.00 M M 7.9 20 210 M M 0 26 210
5 85 41 63 10 2 0 0.00 M M 14.1 31 200 M M 0 49 160
6 66 47 57 3 8 0 0.00 M M 26.0 46 240 M M 1 67 230
7 70 37 54 0 11 0 0.00 M M 11.9 26 250 M M 0 35 250
8 65 33 49 -5 16 0 0.00 M M 9.5 24 30 M M 0 32 40
9 56 35 46 -8 19 0 0.00 M M 6.9 14 40 M M 1 20 50
10 72 33 53 -2 12 0 0.00 M M 12.0 28 20 M M 1 37 360
11 66 36 51 -4 14 0 0.00 M M 8.7 17 10 M M 1 25 10
12 84 38 61 6 4 0 0.00 M M 12.2 20 200 M M 0 31 220
13 89 45 67 12 0 2 0.00 M M 11.8 28 220 M M 0 42 240
14 88 44 66 10 0 1 0.00 M M 6.5 17 200 M M 0 26 210
15 90 46 68 12 0 3 0.00 M M 16.2 35 220 M M 0 48 220
16 78 49 64 8 1 0 0.00 M M 15.1 37 320 M M 2 52 320
17 86 41 64 8 1 0 0.00 M M 7.8 24 230 M M 0 31 260
18 62 43 53 -3 12 0 0.00 M M 19.5 40 360 M M 7 57 360
19 62 39 51 -6 14 0 0.00 M M 8.6 16 140 M M 4 22 180
20 59 37 48 -9 17 0 0.00 M M 12.0 23 50 M M 6 31 50
21 64 37 51 -6 14 0 T M M 6.8 17 200 M M 6 22 190
22 84 43 64 6 1 0 0.00 M M 18.0 32 230 M M 0 45 200
23 76 50 63 5 2 0 0.00 M M 16.3 29 20 M M 0 40 30
24 68 47 58 0 7 0 0.00 M M 9.8 18 160 M M 7 24 170
================================================================================
SM 1752 973 197 6 0.34 M 297.7 M 40
================================================================================
AV 73.0 40.5 12.4 FASTST M M 2 MAX(MPH)
MISC ----> 46 240 67 230
================================================================================
NOTES:
# LAST OF SEVERAL OCCURRENCES
COLUMN 17 PEAK WIND IN M.P.H.
PRELIMINARY LOCAL CLIMATOLOGICAL DATA (WS FORM: F-6) , PAGE 2
STATION: GUYMON
MONTH: APRIL
YEAR: 2024
LATITUDE: 36 41 N
LONGITUDE: 101 30 W
[TEMPERATURE DATA] [PRECIPITATION DATA] SYMBOLS USED IN COLUMN 16
AVERAGE MONTHLY: 56.8 TOTAL FOR MONTH: 0.34 1 = FOG OR MIST
DPTR FM NORMAL: 1.6 DPTR FM NORMAL: -0.80 2 = FOG REDUCING VISIBILITY
HIGHEST: 90 ON 15 GRTST 24HR 0.34 ON 1- 1 TO 1/4 MILE OR LESS
LOWEST: 33 ON 10, 8 3 = THUNDER
SNOW, ICE PELLETS, HAIL 4 = ICE PELLETS
TOTAL MONTH: M 5 = HAIL
GRTST 24HR M ON M 6 = FREEZING RAIN OR DRIZZLE
GRTST DEPTH: M ON M 7 = DUSTSTORM OR SANDSTORM:
VSBY 1/2 MILE OR LESS
8 = SMOKE OR HAZE
[NO. OF DAYS WITH] [WEATHER - DAYS WITH] 9 = BLOWING SNOW
X = TORNADO
MAX 32 OR BELOW: 0 0.01 INCH OR MORE: 1
MAX 90 OR ABOVE: 1 0.10 INCH OR MORE: 1
MIN 32 OR BELOW: 0 0.50 INCH OR MORE: 0
MIN 0 OR BELOW: 0 1.00 INCH OR MORE: 0
[HDD (BASE 65) ]
TOTAL THIS MO. 197 CLEAR (SCALE 0-3) 19
DPTR FM NORMAL -51 PTCLDY (SCALE 4-7) 5
TOTAL FM JUL 1 3824 CLOUDY (SCALE 8-10) 0
DPTR FM NORMAL -335
[CDD (BASE 65) ]
TOTAL THIS MO. 6
DPTR FM NORMAL -4 [PRESSURE DATA]
TOTAL FM JAN 1 6 HIGHEST SLP M ON M
DPTR FM NORMAL -8 LOWEST SLP 29.34 ON 15
[REMARKS]