000
CXUS52 KFFC 011010
CF6GVL
PRELIMINARY LOCAL CLIMATOLOGICAL DATA (WS FORM: F-6)
STATION: GAINESVILLE
MONTH: SEPTEMBER
YEAR: 2021
LATITUDE: 34 16 N
LONGITUDE: 83 50 W
TEMPERATURE IN F: :PCPN: SNOW: WIND :SUNSHINE: SKY :PK WND
================================================================================
1 2 3 4 5 6A 6B 7 8 9 10 11 12 13 14 15 16 17 18
12Z AVG MX 2MIN
DY MAX MIN AVG DEP HDD CDD WTR SNW DPTH SPD SPD DIR MIN PSBL S-S WX SPD DR
================================================================================
1 84 70 77 1 0 12 0.04 M M 11.3 18 290 M M 7 1 31 300
2 84 67 76 0 0 11 0.00 M M 4.6 12 60 M M 3 16 90
3 80 64 72 -4 0 7 0.00 M M M M M M M 0 M M
4 82 62 72 -4 0 7 0.00 M M M M M M M 1 M M
5 84 61 73 -2 0 8 0.00 M M M M M M M 1 12 M M
6 86 70 78 3 0 13 0.10 M M 1.5 9 230 M M 7 1 13 220
7 81 71 76 1 0 11 0.47 M M 6.5 12 90 M M 8 138 16 90
8 83 69 76 1 0 11 0.10 M M 3.8 12 240 M M 5 123 18 180
9 82 65 74 0 0 9 0.01 M M 6.6 14 300 M M 3 1 23 310
10 80 59 70 -4 0 5 0.00 M M 2.2 9 300 M M 1 13 300
11 83 60 72 -2 0 7 0.00 M M 2.4 9 280 M M 2 14 60
12 83 62 73 -1 0 8 0.00 M M 1.2 8 260 M M 1 13 240
13 88 63 76 3 0 11 0.00 M M 3.5 12 280 M M 0 1 17 310
14 87 66 77 4 0 12 0.00 M M 2.0 8 150 M M 0 12 230
15 79 64 72 -1 0 7 0.72 M M 4.7 13 90 M M 5 1 17 100
16 72 65 69 -3 0 4 0.40 M M 7.5 13 70 M M 10 1 18 80
17 78 69 74 2 0 9 T M M 4.4 10 90 M M 10 1 14 90
18 84 69 77 5 0 12 0.00 M M 3.9 9 40 M M 4 14 140
19 81 71 76 4 0 11 T M M 7.0 15 100 M M 4 22 130
20 73 68 71 0 0 6 1.87 M M 9.8 24 110 M M 10 1 40 130
21 76 69 73 2 0 8 0.29 M M 6.2 12 90 M M 10 1 16 90
22 75 57 66 -5 0 1 0.15 M M 8.7 18 300 M M 6 18 32 310
23 74 51 63 -7 2 0 0.00 M M 8.0 15 310 M M 0 22 290
24 75 50 63 -7 2 0 0.00 M M 2.8 10 100 M M 0 15 100
25 77 53 65 -5 0 0 0.00 M M 4.2 14 310 M M 0 21 310
26 79 55 67 -2 0 2 0.00 M M 4.7 13 290 M M 0 18 290
27 80 56 68 -1 0 3 0.00 M M 3.4 13 230 M M 0 18 230
28 82 58 70 2 0 5 0.00 0.0 M 4.4 14 280 M M 0 1 19 290
29 85 61 73 5 0 8 0.00 0.0 M 3.2 8 90 M M 0 12 60
30 83 63 73 5 0 8 0.00 M M 1.6 9 100 M M 0 1 12 110
================================================================================
SM 2420 1888 4 216 4.15 0.0 130.1 M 98
================================================================================
AV 80.7 62.9 4.8 FASTST M M 3 MAX(MPH)
MISC ----> 24 110 40 130
================================================================================
NOTES:
# LAST OF SEVERAL OCCURRENCES
COLUMN 17 PEAK WIND IN M.P.H.
PRELIMINARY LOCAL CLIMATOLOGICAL DATA (WS FORM: F-6) , PAGE 2
STATION: GAINESVILLE
MONTH: SEPTEMBER
YEAR: 2021
LATITUDE: 34 16 N
LONGITUDE: 83 50 W
[TEMPERATURE DATA] [PRECIPITATION DATA] SYMBOLS USED IN COLUMN 16
AVERAGE MONTHLY: 71.8 TOTAL FOR MONTH: 4.15 1 = FOG OR MIST
DPTR FM NORMAL: -0.6 DPTR FM NORMAL: 0.26 2 = FOG REDUCING VISIBILITY
HIGHEST: 88 ON 13 GRTST 24HR 1.97 ON 20-21 TO 1/4 MILE OR LESS
LOWEST: 50 ON 24 3 = THUNDER
SNOW, ICE PELLETS, HAIL 4 = ICE PELLETS
TOTAL MONTH: 0.0 INCH 5 = HAIL
GRTST 24HR 0.0 6 = FREEZING RAIN OR DRIZZLE
GRTST DEPTH: M ON M 7 = DUSTSTORM OR SANDSTORM:
VSBY 1/2 MILE OR LESS
8 = SMOKE OR HAZE
[NO. OF DAYS WITH] [WEATHER - DAYS WITH] 9 = BLOWING SNOW
X = TORNADO
MAX 32 OR BELOW: 0 0.01 INCH OR MORE: 10
MAX 90 OR ABOVE: 0 0.10 INCH OR MORE: 8
MIN 32 OR BELOW: 0 0.50 INCH OR MORE: 2
MIN 0 OR BELOW: 0 1.00 INCH OR MORE: 1
[HDD (BASE 65) ]
TOTAL THIS MO. 4 CLEAR (SCALE 0-3) 17
DPTR FM NORMAL -6 PTCLDY (SCALE 4-7) 9
TOTAL FM JUL 1 4 CLOUDY (SCALE 8-10) 4
DPTR FM NORMAL -3
[CDD (BASE 65) ]
TOTAL THIS MO. 216
DPTR FM NORMAL -16 [PRESSURE DATA]
TOTAL FM JAN 1 1604 HIGHEST SLP 30.33 ON 12
DPTR FM NORMAL 23 LOWEST SLP 29.65 ON 1
[REMARKS]
#FINAL-09-21#