557
CXUS54 KJAN 022115
CF6GWO
PRELIMINARY LOCAL CLIMATOLOGICAL DATA (WS FORM: F-6)
STATION: GREENWOOD
MONTH: FEBRUARY
YEAR: 2021
LATITUDE: 33 30 N
LONGITUDE: 90 5 W
TEMPERATURE IN F: :PCPN: SNOW: WIND :SUNSHINE: SKY :PK WND
================================================================================
1 2 3 4 5 6A 6B 7 8 9 10 11 12 13 14 15 16 17 18
12Z AVG MX 2MIN
DY MAX MIN AVG DEP HDD CDD WTR SNW DPTH SPD SPD DIR MIN PSBL S-S WX SPD DR
================================================================================
1 42 30 36 -9 29 0 0.00 0.0 0 8.4 20 350 M M 8 31 340
2 47 25 36 -9 29 0 0.00 0.0 0 3.1 12 330 M M 2 1 17 320
3 58 24 41 -4 24 0 T 0.0 0 2.3 10 110 M M 0 1 15 130
4 64 42 53 8 12 0 0.17 0.0 0 12.6 23 190 M M 6 18 38 180
5 54 29 42 -3 23 0 0.00 0.0 0 2.8 12 350 M M 0 18 360
6 57 33 45 0 20 0 0.18 0.0 0 8.0 26 120 M M 9 1 35 120
7 47 41 44 -2 21 0 0.00 0.0 0 6.1 13 30 M M 10 17 20
8 66 32 49 3 16 0 0.00 0.0 0 6.8 15 170 M M 2 27 150
9 69 43 56 10 9 0 0.00 0.0 0 3.5 12 150 M M 6 16 330
10 64 39 52 6 13 0 0.23 0.0 0 4.2 15 20 M M 9 13 18 30
11 40 32 36 -11 29 0 0.92 0.0 0 8.4 13 360 M M 10 13 21 350
12 35 30 33 -14 32 0 0.02 0.0 M 10.4 16 20 M M 10 16 23 360
13 30 25 28 -19 37 0 T 0.0 M 10.0 16 30 M M 10 16 23 350
14 26 20 23 -24 42 0 0.13 M M 10.1 18 20 M M 10 146 26 20
15 22 15 19 -29 46 0 0.61 M M 8.9 25 30 M M 10 148 35 40
16 26 13 20 -28 45 0 T M M 3.9 9 20 M M 3 14 350
17 33 22 28 -20 37 0 0.65 M M 7.9 14 50 M M 9 16 19 90
18 32 25 29 -19 36 0 T M M 7.5 14 340 M M 9 1 21 360
19 35 20 28 -21 37 0 0.00 0.0 M 3.4 9 350 M M 0 1 14 360
20 49 18 34 -15 31 0 T 0.0 M 1.3 7 110 M M 0 12 120
21 66 30 48 -1 17 0 0.00 0.0 0 9.6 23 170 M M 5 32 180
22 60 34 47 -3 18 0 0.14 0.0 0 4.7 18 200 M M 4 12 24 200
23 71 33 52 2 13 0 0.00 0.0 0 4.5 12 220 M M 0 19 220
24 76 43 60 10 5 0 0.00 0.0 0 6.2 17 200 M M 4 22 200
25 73 50 62 12 3 0 0.99 0.0 0 7.5 23 30 M M 7 13 28 30
26 66 50 58 7 7 0 2.05 0.0 0 7.8 23 30 M M 9 13 32 40
27 79 59 69 18 0 4 0.01 0.0 0 6.3 16 160 M M 8 1 22 160
28 83 62 73 22 0 8 0.78 0.0 0 12.0 22 360 M M 7 18 33 360
================================================================================
SM 1470 919 631 12 6.88 0.0 188.2 M 167
================================================================================
AV 52.5 32.8 6.7 FASTST M M 6 MAX(MPH)
MISC ----> 26 120 38 180
================================================================================
NOTES:
# LAST OF SEVERAL OCCURRENCES
COLUMN 17 PEAK WIND IN M.P.H.
PRELIMINARY LOCAL CLIMATOLOGICAL DATA (WS FORM: F-6) , PAGE 2
STATION: GREENWOOD
MONTH: FEBRUARY
YEAR: 2021
LATITUDE: 33 30 N
LONGITUDE: 90 5 W
[TEMPERATURE DATA] [PRECIPITATION DATA] SYMBOLS USED IN COLUMN 16
AVERAGE MONTHLY: 42.7 TOTAL FOR MONTH: 6.88 1 = FOG OR MIST
DPTR FM NORMAL: -4.8 DPTR FM NORMAL: 2.46 2 = FOG REDUCING VISIBILITY
HIGHEST: 83 ON 28 GRTST 24HR 3.04 ON 25-26 TO 1/4 MILE OR LESS
LOWEST: 13 ON 16 3 = THUNDER
SNOW, ICE PELLETS, HAIL 4 = ICE PELLETS
TOTAL MONTH: 0.0 INCH 5 = HAIL
GRTST 24HR 0.0 6 = FREEZING RAIN OR DRIZZLE
GRTST DEPTH: 0 7 = DUSTSTORM OR SANDSTORM:
VSBY 1/2 MILE OR LESS
8 = SMOKE OR HAZE
[NO. OF DAYS WITH] [WEATHER - DAYS WITH] 9 = BLOWING SNOW
X = TORNADO
MAX 32 OR BELOW: 5 0.01 INCH OR MORE: 13
MAX 90 OR ABOVE: 0 0.10 INCH OR MORE: 11
MIN 32 OR BELOW: 16 0.50 INCH OR MORE: 6
MIN 0 OR BELOW: 0 1.00 INCH OR MORE: 1
[HDD (BASE 65) ]
TOTAL THIS MO. 631 CLEAR (SCALE 0-3) 8
DPTR FM NORMAL 139 PTCLDY (SCALE 4-7) 8
TOTAL FM JUL 1 2075 CLOUDY (SCALE 8-10) 12
DPTR FM NORMAL -156
[CDD (BASE 65) ]
TOTAL THIS MO. 12
DPTR FM NORMAL 9 [PRESSURE DATA]
TOTAL FM JAN 1 14 HIGHEST SLP 30.49 ON 20
DPTR FM NORMAL 12 LOWEST SLP 29.70 ON 4
[REMARKS]
#FINAL-02-21#