000
CXUS55 KBOU 010900
CF6GXY
PRELIMINARY LOCAL CLIMATOLOGICAL DATA (WS FORM: F-6)
STATION: GREELEY CO
MONTH: JUNE
YEAR: 2021
LATITUDE: 40 25 N
LONGITUDE: 104 38 W
TEMPERATURE IN F: :PCPN: SNOW: WIND :SUNSHINE: SKY :PK WND
================================================================================
1 2 3 4 5 6A 6B 7 8 9 10 11 12 13 14 15 16 17 18
12Z AVG MX 2MIN
DY MAX MIN AVG DEP HDD CDD WTR SNW DPTH SPD SPD DIR MIN PSBL S-S WX SPD DR
================================================================================
1 74 43 59 M 6 0 T M M 4.8 17 140 M M 4 123 21 110
2 80 46 63 M 2 0 0.00 M M 3.5 9 140 M M 0 18 99
3 86 50 68 M 0 3 0.00 M M 4.5 12 120 M M 0 M M
4 91 52 72 M 0 7 0.00 M M 4.8 13 120 M M 0 M M
5 94 53 74 M 0 9 0.00 M M 6.4 22 340 M M 1 28 340
6 95 57 76 M 0 11 0.00 M M 6.6 23 90 M M 1 17 280
7 95 53 74 M 0 9 T M M 8.5 25 50 M M 0 3 39 150
8 95 52 74 M 0 9 0.00 M M 8.4 24 140 M M 0 33 140
9 94 57 76 M 0 11 0.00 M M 7.2 12 110 M M 0 17 120
10 99 61 80 M 0 15 0.00 M M 7.3 18 290 M M 0 40 150
11 80 55 68 M 0 3 0.00 M M 10.5 28 330 M M 0 8 36 330
12 94 47 71 M 0 6 0.00 M M 7.6 20 110 M M 0 25 110
13 99 62 81 M 0 16 T M M 7.3 18 120 M M 2 1 28 150
14 101 63 82 M 0 17 0.00 M M 6.3 10 100 M M 0 M M
15 104 60 82 M 0 17 0.00 M M 6.8 16 120 M M 0 M M
16 103 58 81 M 0 16 0.00 M M 5.8 22 20 M M 0 30 300
17 105 57 81 M 0 16 0.00 M M 5.5 15 340 M M 0 29 190
18 89 59 74 M 0 9 T M M 9.6 17 350 M M 0 20 20
19 90 56 73 M 0 8 T M M 8.3 31 340 M M 0 3 43 340
20 83 55 69 M 0 4 0.11 M M 10.4 25 20 M M 2 33 40
21 77 54 66 M 0 1 0.01 M M 4.0 8 180 M M 5 8 M M
22 96 50 73 M 0 8 0.00 M M 7.0 18 330 M M 0 1 30 330
23 100 54 77 M 0 12 0.00 M M 5.8 13 340 M M 1 M M
24 91 66 79 M 0 14 T M M 10.0 28 330 M M 3 8 37 310
25 77 60 69 M 0 4 0.02 M M 7.3 22 360 M M 7 31 30
26 76 57 67 M 0 2 T M M 8.9 20 290 M M 7 26 20
27 75 53 64 M 1 0 T M M 7.9 25 340 M M 6 29 340
28 76 50 63 M 2 0 0.00 M M 6.7 17 70 M M 4 22 70
29 84 50 67 M 0 2 0.00 M M 8.5 17 110 M M 3 23 110
30 88 55 72 M 0 7 0.00 M M 8.0 16 30 M M 1 26 140
================================================================================
SM 2691 1645 11 236 0.14 M 214.4 M 47
================================================================================
AV 89.7 54.8 7.1 FASTST M M 2 MAX(MPH)
MISC ----> 31 340 43 340
================================================================================
NOTES:
# LAST OF SEVERAL OCCURRENCES
COLUMN 17 PEAK WIND IN M.P.H.
PRELIMINARY LOCAL CLIMATOLOGICAL DATA (WS FORM: F-6) , PAGE 2
STATION: GREELEY CO
MONTH: JUNE
YEAR: 2021
LATITUDE: 40 25 N
LONGITUDE: 104 38 W
[TEMPERATURE DATA] [PRECIPITATION DATA] SYMBOLS USED IN COLUMN 16
AVERAGE MONTHLY: 72.3 TOTAL FOR MONTH: 0.14 1 = FOG OR MIST
DPTR FM NORMAL: 0.0 DPTR FM NORMAL: M 2 = FOG REDUCING VISIBILITY
HIGHEST: 105 ON 17 GRTST 24HR 0.12 ON 20-21 TO 1/4 MILE OR LESS
LOWEST: 43 ON 1 3 = THUNDER
SNOW, ICE PELLETS, HAIL 4 = ICE PELLETS
TOTAL MONTH: M 5 = HAIL
GRTST 24HR M ON M 6 = FREEZING RAIN OR DRIZZLE
GRTST DEPTH: M ON M 7 = DUSTSTORM OR SANDSTORM:
VSBY 1/2 MILE OR LESS
8 = SMOKE OR HAZE
[NO. OF DAYS WITH] [WEATHER - DAYS WITH] 9 = BLOWING SNOW
X = TORNADO
MAX 32 OR BELOW: 0 0.01 INCH OR MORE: 3
MAX 90 OR ABOVE: 17 0.10 INCH OR MORE: 1
MIN 32 OR BELOW: 0 0.50 INCH OR MORE: 0
MIN 0 OR BELOW: 0 1.00 INCH OR MORE: 0
[HDD (BASE 65) ]
TOTAL THIS MO. 11 CLEAR (SCALE 0-3) 24
DPTR FM NORMAL M PTCLDY (SCALE 4-7) 6
TOTAL FM JUL 1 5709 CLOUDY (SCALE 8-10) 0
DPTR FM NORMAL M
[CDD (BASE 65) ]
TOTAL THIS MO. 236
DPTR FM NORMAL M [PRESSURE DATA]
TOTAL FM JAN 1 247 HIGHEST SLP 30.25 ON 29
DPTR FM NORMAL M LOWEST SLP 29.53 ON 10
[REMARKS]
#FINAL-06-21#