000
CXUS55 KBOU 012358
CF6GXY
PRELIMINARY LOCAL CLIMATOLOGICAL DATA (WS FORM: F-6)
STATION: GREELEY CO
MONTH: SEPTEMBER
YEAR: 2020
LATITUDE: 40 25 N
LONGITUDE: 104 38 W
TEMPERATURE IN F: :PCPN: SNOW: WIND :SUNSHINE: SKY :PK WND
================================================================================
1 2 3 4 5 6A 6B 7 8 9 10 11 12 13 14 15 16 17 18
12Z AVG MX 2MIN
DY MAX MIN AVG DEP HDD CDD WTR SNW DPTH SPD SPD DIR MIN PSBL S-S WX SPD DR
================================================================================
1 82 46 64 M 1 0 M M M 5.4 9 160 M M 0 8 M M
2 91 45 68 M 0 3 M M M 4.3 8 300 M M 0 M M
3 84 52 68 M 0 3 M M M 8.7 27 10 M M 0 8 37 10
4 93 46 70 M 0 5 M M M 4.7 14 140 M M 2 8 M M
5 101 49 75 M 0 10 M M M 4.7 9 330 M M 0 8 M M
6 100 51 76 M 0 11 M M M 7.4 22 310 M M 0 8 25 340
7 M M M M M M M M M 9.7 27 10 M M 6 1 39 10
8 M M M M M M M M M 11.5 25 10 M M 10 1 31 10
9 45 33 39 M 26 0 M M M 3.7 8 90 M M 8 M M
10 56 38 47 M 18 0 M M M 3.2 9 80 M M 10 M M
11 65 43 54 M 11 0 M M M 3.6 7 330 M M 7 12 M M
12 85 39 62 M 3 0 M M M 5.5 16 330 M M 0 1 M M
13 87 40 64 M 1 0 M M M 5.0 13 110 M M 0 8 M M
14 90 43 67 M 0 2 M M M 4.9 12 180 M M 0 8 M M
15 91 44 68 M 0 3 M M M 5.7 14 360 M M 0 18 360
16 78 50 64 M 1 0 M M M 5.8 9 110 M M 0 8 M M
17 87 41 64 M 1 0 M M M 5.2 12 30 M M 0 18 M M
18 81 44 63 M 2 0 M M M 3.0 8 300 M M 0 18 M M
19 93 51 72 M 0 7 M M M 5.2 9 220 M M 0 18 M M
20 88 52 70 M 0 5 M M M 7.7 16 350 M M 1 8 18 210
21 89 46 68 M 0 3 M M M 5.2 10 60 M M 0 M M
22 90 47 69 M 0 4 M M M 4.1 12 290 M M 1 21 290
23 89 53 71 M 0 6 M M M 5.7 14 340 M M 1 23 340
24 92 45 69 M 0 4 M M M 3.9 10 150 M M 0 8 M M
25 87 46 67 M 0 2 M M M 4.4 9 60 M M 0 M M
26 85 48 67 M 0 2 M M M 5.8 25 30 M M 0 8 38 40
27 57 39 48 M 17 0 M M M 9.9 25 20 M M 8 37 30
28 66 28 47 M 18 0 M M M 7.9 22 320 M M 1 30 320
29 84 33 59 M 6 0 M M M 3.8 10 210 M M 0 M M
30 72 40 56 M 9 0 M M M 6.6 18 20 M M 2 8 25 20
================================================================================
SM 2308 1232 114 70 M M 172.2 M 57
================================================================================
AV 82.4 44.0 5.7 FASTST M M 2 MAX(MPH)
MISC ----> # 27 10 39 10
================================================================================
NOTES:
# LAST OF SEVERAL OCCURRENCES
COLUMN 17 PEAK WIND IN M.P.H.
PRELIMINARY LOCAL CLIMATOLOGICAL DATA (WS FORM: F-6) , PAGE 2
STATION: GREELEY CO
MONTH: SEPTEMBER
YEAR: 2020
LATITUDE: 40 25 N
LONGITUDE: 104 38 W
[TEMPERATURE DATA] [PRECIPITATION DATA] SYMBOLS USED IN COLUMN 16
AVERAGE MONTHLY: 63.2 TOTAL FOR MONTH: M 1 = FOG OR MIST
DPTR FM NORMAL: 0.0 DPTR FM NORMAL: M 2 = FOG REDUCING VISIBILITY
HIGHEST: 101 ON 5 GRTST 24HR 0.33 ON 7- 8 TO 1/4 MILE OR LESS
LOWEST: 28 ON 28 3 = THUNDER
SNOW, ICE PELLETS, HAIL 4 = ICE PELLETS
TOTAL MONTH: M 5 = HAIL
GRTST 24HR M ON M 6 = FREEZING RAIN OR DRIZZLE
GRTST DEPTH: M ON M 7 = DUSTSTORM OR SANDSTORM:
VSBY 1/2 MILE OR LESS
8 = SMOKE OR HAZE
[NO. OF DAYS WITH] [WEATHER - DAYS WITH] 9 = BLOWING SNOW
X = TORNADO
MAX 32 OR BELOW: 0 0.01 INCH OR MORE: 0
MAX 90 OR ABOVE: 9 0.10 INCH OR MORE: 0
MIN 32 OR BELOW: 1 0.50 INCH OR MORE: 0
MIN 0 OR BELOW: 0 1.00 INCH OR MORE: 0
[HDD (BASE 65) ]
TOTAL THIS MO. 114 CLEAR (SCALE 0-3) 24
DPTR FM NORMAL M PTCLDY (SCALE 4-7) 3
TOTAL FM JUL 1 116 CLOUDY (SCALE 8-10) 3
DPTR FM NORMAL M
[CDD (BASE 65) ]
TOTAL THIS MO. 70
DPTR FM NORMAL M [PRESSURE DATA]
TOTAL FM JAN 1 924 HIGHEST SLP 30.54 ON 9
DPTR FM NORMAL M LOWEST SLP 29.66 ON 7
[REMARKS]
#FINAL-09-20#