000
CXUS54 KEWX 011010
CF6GYB
PRELIMINARY LOCAL CLIMATOLOGICAL DATA (WS FORM: F-6)
STATION: GIDDINGS-LEE COUNTY AIRPORT
MONTH: MARCH
YEAR: 2021
LATITUDE: 30 10 N
LONGITUDE: 96 59 W
TEMPERATURE IN F: :PCPN: SNOW: WIND :SUNSHINE: SKY :PK WND
================================================================================
1 2 3 4 5 6A 6B 7 8 9 10 11 12 13 14 15 16 17 18
12Z AVG MX 2MIN
DY MAX MIN AVG DEP HDD CDD WTR SNW DPTH SPD SPD DIR MIN PSBL S-S WX SPD DR
================================================================================
1 59 47 53 M 12 0 0.08 M M 12.1 21 360 M M 10 1 32 360
2 63 40 52 M 13 0 0.00 M M 6.8 10 50 M M 2 20 10
3 68 36 52 M 13 0 0.00 M M 2.6 7 190 M M 0 M M
4 73 39 56 M 9 0 0.00 M M 5.5 10 170 M M 0 21 130
5 79 53 66 M 0 1 0.00 M M 6.9 17 340 M M 5 1 27 340
6 66 48 57 M 8 0 0.00 M M 7.5 14 70 M M 3 21 70
7 M M M M M M 0.00 M M 1.7 6 80 M M 0 M M
8 72 38 55 M 10 0 0.00 M M 3.9 8 150 M M 3 M M
9 76 56 66 M 0 1 0.00 M M 9.4 16 150 M M 7 1 24 150
10 80 59 70 M 0 5 0.00 M M 10.7 18 190 M M 5 30 190
11 76 68 72 M 0 7 0.00 M M 10.3 15 170 M M 7 24 180
12 82 67 75 M 0 10 0.00 M M 9.0 16 160 M M 7 1 23 160
13 79 64 72 M 0 7 0.00 M M 10.7 16 160 M M 8 24 160
14 70 49 60 M 5 0 0.08 M M 5.8 15 330 M M 7 25 160
15 81 42 62 M 3 0 0.00 M M 3.1 7 180 M M 2 1 M M
16 78 65 72 M 0 7 0.00 M M 7.0 10 170 M M 8 18 18 140
17 78 52 65 M 0 0 0.10 M M 12.4 21 300 M M 4 18 33 320
18 68 46 57 M 8 0 0.00 M M 12.0 22 340 M M 0 30 350
19 49 42 46 M 19 0 0.00 M M 5.5 7 360 M M 0 M M
20 68 38 53 M 12 0 0.00 M M 2.0 7 70 M M 0 M M
21 72 40 56 M 9 0 0.00 M M 5.7 10 150 M M 0 17 140
22 71 55 63 M 2 0 0.08 M M 8.5 15 180 M M 6 23 180
23 79 52 66 M 0 1 0.11 M M 2.7 8 350 M M 1 128 18 190
24 69 48 59 M 6 0 0.00 M M 6.5 10 70 M M 7 1 16 130
25 74 49 62 M 3 0 0.02 M M 6.6 14 340 M M 3 1 24 350
26 56 50 53 M 12 0 0.00 M M 2.3 6 100 M M 0 M M
27 82 65 74 M 0 9 0.00 M M 5.9 14 200 M M 5 18 21 170
28 72 51 62 M 3 0 0.00 M M 8.6 21 10 M M 2 1 31 10
29 73 38 56 M 9 0 0.00 M M 4.7 9 150 M M 2 20 170
30 80 62 71 M 0 6 0.00 M M 8.1 15 190 M M 8 23 190
31 73 59 66 M 0 1 0.00 M M 5.8 18 350 M M 10 1 26 360
================================================================================
SM 2166 1518 156 55 0.47 M 210.3 M 122
================================================================================
AV 72.2 50.6 6.8 FASTST M M 4 MAX(MPH)
MISC ----> 22 340 33 320
================================================================================
NOTES:
# LAST OF SEVERAL OCCURRENCES
COLUMN 17 PEAK WIND IN M.P.H.
PRELIMINARY LOCAL CLIMATOLOGICAL DATA (WS FORM: F-6) , PAGE 2
STATION: GIDDINGS-LEE COUNTY AIRPORT
MONTH: MARCH
YEAR: 2021
LATITUDE: 30 10 N
LONGITUDE: 96 59 W
[TEMPERATURE DATA] [PRECIPITATION DATA] SYMBOLS USED IN COLUMN 16
AVERAGE MONTHLY: 61.4 TOTAL FOR MONTH: 0.47 1 = FOG OR MIST
DPTR FM NORMAL: 0.0 DPTR FM NORMAL: M 2 = FOG REDUCING VISIBILITY
HIGHEST: 82 ON 27,12 GRTST 24HR 0.11 ON 23-23 TO 1/4 MILE OR LESS
LOWEST: 36 ON 3 3 = THUNDER
SNOW, ICE PELLETS, HAIL 4 = ICE PELLETS
TOTAL MONTH: M 5 = HAIL
GRTST 24HR M ON M 6 = FREEZING RAIN OR DRIZZLE
GRTST DEPTH: M ON M 7 = DUSTSTORM OR SANDSTORM:
VSBY 1/2 MILE OR LESS
8 = SMOKE OR HAZE
[NO. OF DAYS WITH] [WEATHER - DAYS WITH] 9 = BLOWING SNOW
X = TORNADO
MAX 32 OR BELOW: 0 0.01 INCH OR MORE: 6
MAX 90 OR ABOVE: 0 0.10 INCH OR MORE: 1
MIN 32 OR BELOW: 0 0.50 INCH OR MORE: 0
MIN 0 OR BELOW: 0 1.00 INCH OR MORE: 0
[HDD (BASE 65) ]
TOTAL THIS MO. 156 CLEAR (SCALE 0-3) 15
DPTR FM NORMAL M PTCLDY (SCALE 4-7) 14
TOTAL FM JUL 1 1455 CLOUDY (SCALE 8-10) 2
DPTR FM NORMAL M
[CDD (BASE 65) ]
TOTAL THIS MO. 55
DPTR FM NORMAL M [PRESSURE DATA]
TOTAL FM JAN 1 73 HIGHEST SLP M ON M
DPTR FM NORMAL M LOWEST SLP M ON M
[REMARKS]
#FINAL-03-21#