000
CXUS54 KFWD 230731
CF6GYI
PRELIMINARY LOCAL CLIMATOLOGICAL DATA (WS FORM: F-6)
STATION: SHERMAN/DENISON
MONTH: APRIL
YEAR: 2024
LATITUDE: 33 42 N
LONGITUDE: 96 40 W
TEMPERATURE IN F: :PCPN: SNOW: WIND :SUNSHINE: SKY :PK WND
================================================================================
1 2 3 4 5 6A 6B 7 8 9 10 11 12 13 14 15 16 17 18
12Z AVG MX 2MIN
DY MAX MIN AVG DEP HDD CDD WTR SNW DPTH SPD SPD DIR MIN PSBL S-S WX SPD DR
================================================================================
1 79 63 71 12 0 6 0.02 M M 11.8 20 190 M M 8 8 30 270
2 63 43 53 -6 12 0 0.00 M M 13.5 84 300 M M 5 28 320
3 69 40 55 -4 10 0 0.00 M M 8.6 22 320 M M 0 30 310
4 82 40 61 2 4 0 0.00 M M 3.6 16 350 M M 0 M M
5 84 53 69 9 0 4 0.00 M M 9.8 15 110 M M 0 23 100
6 78 61 70 10 0 5 0.00 M M 16.0 26 170 M M 4 35 170
7 77 48 63 3 2 0 0.00 M M 10.1 16 210 M M 1 23 220
8 83 53 68 8 0 3 0.97 M M 8.7 18 180 M M 2 23 180
9 68 58 63 2 2 0 0.94 M M 10.4 18 90 M M 8 25 90
10 64 52 58 -3 7 0 0.00 M M 9.4 20 340 M M 8 1 28 340
11 71 45 58 -3 7 0 0.00 M M 8.9 18 320 M M 0 26 320
12 80 43 62 1 3 0 0.00 M M 6.3 15 180 M M 0 20 180
13 82 57 70 8 0 5 0.00 M M 15.2 29 200 M M 0 29 170
14 83 62 73 11 0 8 0.00 M M 14.0 18 190 M M 2 25 190
15 74 67 71 9 0 6 0.00 M M 11.8 20 140 M M 6 25 160
16 85 68 77 15 0 12 0.00 M M 13.0 22 160 M M 4 1 31 170
17 85 68 77 14 0 12 0.00 M M 9.2 16 160 M M 4 18 21 150
18 87 59 73 10 0 8 0.00 M M 11.9 18 10 M M 6 23 10
19 69 56 63 0 2 0 0.00 M M 9.5 15 40 M M 10 8 22 10
20 58 48 53 -11 12 0 M M M 9.7 16 40 M M 10 1 25 40
21 66 45 56 -8 9 0 0.00 M M 8.7 16 30 M M 3 8 20 30
22 70 42 56 -8 9 0 0.00 M M 8.8 13 190 M M 0 18 150
================================================================================
SM 1657 1171 79 69 1.93 M 228.8 M 81
================================================================================
AV 75.3 53.2 10.4 FASTST M M 4 MAX(MPH)
MISC ----> 84 300 35 170
================================================================================
NOTES:
# LAST OF SEVERAL OCCURRENCES
COLUMN 17 PEAK WIND IN M.P.H.
PRELIMINARY LOCAL CLIMATOLOGICAL DATA (WS FORM: F-6) , PAGE 2
STATION: SHERMAN/DENISON
MONTH: APRIL
YEAR: 2024
LATITUDE: 33 42 N
LONGITUDE: 96 40 W
[TEMPERATURE DATA] [PRECIPITATION DATA] SYMBOLS USED IN COLUMN 16
AVERAGE MONTHLY: 64.3 TOTAL FOR MONTH: 1.93 1 = FOG OR MIST
DPTR FM NORMAL: 3.0 DPTR FM NORMAL: -0.49 2 = FOG REDUCING VISIBILITY
HIGHEST: 87 ON 18 GRTST 24HR 0.97 ON 8- 8 TO 1/4 MILE OR LESS
LOWEST: 40 ON 4, 3 3 = THUNDER
SNOW, ICE PELLETS, HAIL 4 = ICE PELLETS
TOTAL MONTH: M 5 = HAIL
GRTST 24HR M ON M 6 = FREEZING RAIN OR DRIZZLE
GRTST DEPTH: M ON M 7 = DUSTSTORM OR SANDSTORM:
VSBY 1/2 MILE OR LESS
8 = SMOKE OR HAZE
[NO. OF DAYS WITH] [WEATHER - DAYS WITH] 9 = BLOWING SNOW
X = TORNADO
MAX 32 OR BELOW: 0 0.01 INCH OR MORE: 3
MAX 90 OR ABOVE: 0 0.10 INCH OR MORE: 2
MIN 32 OR BELOW: 0 0.50 INCH OR MORE: 2
MIN 0 OR BELOW: 0 1.00 INCH OR MORE: 0
[HDD (BASE 65) ]
TOTAL THIS MO. 79 CLEAR (SCALE 0-3) 10
DPTR FM NORMAL -37 PTCLDY (SCALE 4-7) 8
TOTAL FM JUL 1 2185 CLOUDY (SCALE 8-10) 4
DPTR FM NORMAL -642
[CDD (BASE 65) ]
TOTAL THIS MO. 69
DPTR FM NORMAL 34 [PRESSURE DATA]
TOTAL FM JAN 1 132 HIGHEST SLP M ON M
DPTR FM NORMAL 81 LOWEST SLP M ON M
[REMARKS]