000
CXUS51 KGYX 021346
CF6GYX
PRELIMINARY LOCAL CLIMATOLOGICAL DATA (WS FORM: F-6)
STATION: GRAY ME
MONTH: APRIL
YEAR: 2021
LATITUDE: 43 53 N
LONGITUDE: 70 15 W
TEMPERATURE IN F: :PCPN: SNOW: WIND :SUNSHINE: SKY :PK WND
================================================================================
1 2 3 4 5 6A 6B 7 8 9 10 11 12 13 14 15 16 17 18
12Z AVG MX 2MIN
DY MAX MIN AVG DEP HDD CDD WTR SNW DPTH SPD SPD DIR MIN PSBL S-S WX SPD DR
================================================================================
1 47 28 38 0 27 0 0.81 T 0 M M M M M M M M
2 39 23 31 -8 34 0 0.00 0.0 0 M M M M M M M M
3 47 21 34 -5 31 0 0.00 0.0 0 M M M M M M M M
4 57 28 43 4 22 0 0.00 0.0 0 M M M M M M M M
5 46 35 41 1 24 0 0.01 0.0 0 M M M M M M M M
6 57 40 49 9 16 0 0.00 0.0 0 M M M M M M M M
7 61 40 51 10 14 0 0.00 0.0 0 M M M M M M M M
8 65 43 54 13 11 0 0.00 0.0 0 M M M M M M M M
9 63 42 53 11 12 0 0.00 0.0 0 M M M M M M M M
10 75 40 58 16 7 0 0.00 0.0 0 M M M M M M M M
11 56 38 47 5 18 0 0.00 0.0 0 M M M M M M M M
12 55 39 47 4 18 0 T 0.0 0 M M M M M M M M
13 64 40 52 9 13 0 0.00 0.0 0 M M M M M M M M
14 60 37 49 5 16 0 0.00 0.0 0 M M M M M M M M
15 55 37 46 2 19 0 0.00 0.0 0 M M M M M M M M
16 38 32 35 -9 30 0 0.74 0.9 0 M M M M M M M M
17 44 32 38 -7 27 0 0.08 T 0 M M M M M M M M
18 52 37 45 0 20 0 T 0.0 0 M M M M M M M M
19 64 38 51 5 14 0 T 0.0 0 M M M M M M M M
20 66 39 53 7 12 0 0.02 0.0 0 M M M M M M M M
21 61 32 47 0 18 0 0.55 T 0 M M M M M M M M
22 38 30 34 -13 31 0 T T 0 M M M M M M M M
23 57 32 45 -2 20 0 0.00 0.0 0 M M M M M M M M
24 72 42 57 9 8 0 T 0.0 0 M M M M M M M M
25 58 45 52 4 13 0 0.01 0.0 0 M M M M M M M M
26 46 37 42 -7 23 0 T 0.0 0 M M M M M M M M
27 66 36 51 2 14 0 0.00 0.0 0 M M M M M M M M
28 64 45 55 6 10 0 0.22 0.0 0 M M M M M M M M
29 52 45 49 -1 16 0 0.69 0.0 0 M M M M M M 1 M M
30 51 43 47 -3 18 0 0.81 0.0 0 M M M M M M M M
================================================================================
SM 1676 1096 556 0 3.94 0.9 M M M
================================================================================
AV 55.9 36.5 M FASTST M M M MAX(MPH)
MISC ----> M M M M
================================================================================
NOTES:
# LAST OF SEVERAL OCCURRENCES
COLUMN 17 PEAK WIND IN M.P.H.
PRELIMINARY LOCAL CLIMATOLOGICAL DATA (WS FORM: F-6) , PAGE 2
STATION: GRAY ME
MONTH: APRIL
YEAR: 2021
LATITUDE: 43 53 N
LONGITUDE: 70 15 W
[TEMPERATURE DATA] [PRECIPITATION DATA] SYMBOLS USED IN COLUMN 16
AVERAGE MONTHLY: 46.2 TOTAL FOR MONTH: 3.94 1 = FOG OR MIST
DPTR FM NORMAL: 1.9 DPTR FM NORMAL: -0.44 2 = FOG REDUCING VISIBILITY
HIGHEST: 75 ON 10 GRTST 24HR 0.81 ON 1- 1 TO 1/4 MILE OR LESS
LOWEST: 21 ON 3 3 = THUNDER
SNOW, ICE PELLETS, HAIL 4 = ICE PELLETS
TOTAL MONTH: 0.9 INCH 5 = HAIL
GRTST 24HR 0.9 ON 16-16 6 = FREEZING RAIN OR DRIZZLE
GRTST DEPTH: 0 7 = DUSTSTORM OR SANDSTORM:
VSBY 1/2 MILE OR LESS
8 = SMOKE OR HAZE
[NO. OF DAYS WITH] [WEATHER - DAYS WITH] 9 = BLOWING SNOW
X = TORNADO
MAX 32 OR BELOW: 0 0.01 INCH OR MORE: 10
MAX 90 OR ABOVE: 0 0.10 INCH OR MORE: 6
MIN 32 OR BELOW: 9 0.50 INCH OR MORE: 5
MIN 0 OR BELOW: 0 1.00 INCH OR MORE: 0
[HDD (BASE 65) ]
TOTAL THIS MO. 556 CLEAR (SCALE 0-3) 0
DPTR FM NORMAL -68 PTCLDY (SCALE 4-7) 0
TOTAL FM JUL 1 6276 CLOUDY (SCALE 8-10) 30
DPTR FM NORMAL -498
[CDD (BASE 65) ]
TOTAL THIS MO. 0
DPTR FM NORMAL -1 [PRESSURE DATA]
TOTAL FM JAN 1 0 HIGHEST SLP M ON M
DPTR FM NORMAL -1 LOWEST SLP M ON M
[REMARKS]
#FINAL-04-21#