000
CXUS54 KHGX 011603
CF6HGX
PRELIMINARY LOCAL CLIMATOLOGICAL DATA (WS FORM: F-6)
STATION: DICKINSON WFO
MONTH: JANUARY
YEAR: 2021
LATITUDE: 29 28 N
LONGITUDE: 95 5 W
TEMPERATURE IN F: :PCPN: SNOW: WIND :SUNSHINE: SKY :PK WND
================================================================================
1 2 3 4 5 6A 6B 7 8 9 10 11 12 13 14 15 16 17 18
12Z AVG MX 2MIN
DY MAX MIN AVG DEP HDD CDD WTR SNW DPTH SPD SPD DIR MIN PSBL S-S WX SPD DR
================================================================================
1 55 41 48 -4 17 0 0.00 0.0 0 M M M M M M M M
2 58 39 49 -3 16 0 0.00 0.0 0 M M M M M M M M
3 66 39 53 1 12 0 0.00 0.0 0 M M M M M M M M
4 77 48 63 11 2 0 0.00 0.0 0 M M M M M M M M
5 68 52 60 8 5 0 0.00 0.0 0 M M M M M M M M
6 74 52 63 11 2 0 0.91 0.0 0 M M M M M M M M
7 60 47 54 2 11 0 0.00 0.0 0 M M M M M M M M
8 53 41 47 -5 18 0 0.00 0.0 0 M M M M M M M M
9 53 37 45 -7 20 0 0.02 0.0 0 M M M M M M M M
10 47 36 42 -10 23 0 0.73 0.0 0 M M M M M M M M
11 47 36 42 -10 23 0 0.00 0.0 0 M M M M M M M M
12 50 31 41 -11 24 0 0.02 0.0 0 M M M M M M M M
13 60 37 49 -3 16 0 0.00 0.0 0 M M M M M M M M
14 74 42 58 6 7 0 0.00 0.0 0 M M M M M M M M
15 61 41 51 -1 14 0 0.00 0.0 0 M M M M M M M M
16 60 36 48 -4 17 0 0.00 0.0 0 M M M M M M M M
17 68 38 53 1 12 0 0.00 0.0 0 M M M M M M M M
18 69 40 55 3 10 0 0.00 0.0 0 M M M M M M M M
19 74 58 66 13 0 1 0.00 0.0 0 M M M M M M M M
20 61 57 59 6 6 0 T 0.0 0 M M M M M M M M
21 72 59 66 13 0 1 0.16 0.0 0 M M M M M M M M
22 70 62 66 13 0 1 T 0.0 0 M M M M M M M M
23 64 59 62 9 3 0 0.03 0.0 0 M M M M M M M M
24 77 60 69 16 0 4 0.01 0.0 0 M M M M M M M M
25 78 66 72 19 0 7 0.11 0.0 0 M M M M M M M M
26 76 60 68 15 0 3 0.00 0.0 0 M M M M M M M M
27 69 52 61 8 4 0 0.00 0.0 0 M M M M M M M M
28 59 42 51 -2 14 0 0.00 0.0 0 M M M M M M M M
29 61 42 52 -2 13 0 0.00 0.0 0 M M M M M M M M
30 75 58 67 13 0 2 T 0.0 0 M M M M M M M M
31 68 53 61 7 4 0 0.00 0.0 0 M M M M M M M M
================================================================================
SM 2004 1461 293 19 1.99 0.0 M M M
================================================================================
AV 64.6 47.1 M FASTST M M M MAX(MPH)
MISC ----> M M M M
================================================================================
NOTES:
# LAST OF SEVERAL OCCURRENCES
COLUMN 17 PEAK WIND IN M.P.H.
PRELIMINARY LOCAL CLIMATOLOGICAL DATA (WS FORM: F-6) , PAGE 2
STATION: DICKINSON WFO
MONTH: JANUARY
YEAR: 2021
LATITUDE: 29 28 N
LONGITUDE: 95 5 W
[TEMPERATURE DATA] [PRECIPITATION DATA] SYMBOLS USED IN COLUMN 16
AVERAGE MONTHLY: 55.9 TOTAL FOR MONTH: 1.99 1 = FOG OR MIST
DPTR FM NORMAL: 3.3 DPTR FM NORMAL: -2.48 2 = FOG REDUCING VISIBILITY
HIGHEST: 78 ON 25 GRTST 24HR 1.20 ON 9-10 TO 1/4 MILE OR LESS
LOWEST: 31 ON 12 3 = THUNDER
SNOW, ICE PELLETS, HAIL 4 = ICE PELLETS
TOTAL MONTH: 0.0 INCH 5 = HAIL
GRTST 24HR 0.0 6 = FREEZING RAIN OR DRIZZLE
GRTST DEPTH: 0 7 = DUSTSTORM OR SANDSTORM:
VSBY 1/2 MILE OR LESS
8 = SMOKE OR HAZE
[NO. OF DAYS WITH] [WEATHER - DAYS WITH] 9 = BLOWING SNOW
X = TORNADO
MAX 32 OR BELOW: 0 0.01 INCH OR MORE: 8
MAX 90 OR ABOVE: 0 0.10 INCH OR MORE: 4
MIN 32 OR BELOW: 1 0.50 INCH OR MORE: 2
MIN 0 OR BELOW: 0 1.00 INCH OR MORE: 0
[HDD (BASE 65) ]
TOTAL THIS MO. 293 CLEAR (SCALE 0-3) 0
DPTR FM NORMAL -99 PTCLDY (SCALE 4-7) 0
TOTAL FM JUL 1 629 CLOUDY (SCALE 8-10) 31
DPTR FM NORMAL -312
[CDD (BASE 65) ]
TOTAL THIS MO. 19
DPTR FM NORMAL 10 [PRESSURE DATA]
TOTAL FM JAN 1 19 HIGHEST SLP M ON M
DPTR FM NORMAL 10 LOWEST SLP M ON M
[REMARKS]
#FINAL-01-21#