000
CXUS53 KGID 012257
CF6HJH
PRELIMINARY LOCAL CLIMATOLOGICAL DATA (WS FORM: F-6)
STATION: HEBRON NE
MONTH: JANUARY
YEAR: 2022
LATITUDE: 40 9 N
LONGITUDE: 97 35 W
TEMPERATURE IN F: :PCPN: SNOW: WIND :SUNSHINE: SKY :PK WND
================================================================================
1 2 3 4 5 6A 6B 7 8 9 10 11 12 13 14 15 16 17 18
12Z AVG MX 2MIN
DY MAX MIN AVG DEP HDD CDD WTR SNW DPTH SPD SPD DIR MIN PSBL S-S WX SPD DR
================================================================================
1 13 2 8 M 57 0 M M M 17.6 23 20 M M 9 32 20
2 17 -12 3 M 62 0 0.00 M M 3.2 8 210 M M 0 M M
3 41 4 23 M 42 0 0.00 M M 4.7 15 190 M M 0 22 190
4 53 19 36 M 29 0 0.00 M M 11.8 24 340 M M 0 33 340
5 19 9 14 M 51 0 0.00 M M 14.8 20 330 M M 5 30 340
6 13 1 7 M 58 0 T M M 9.2 16 350 M M 4 8 23 340
7 24 8 16 M 49 0 0.00 M M 10.2 17 180 M M 1 23 180
8 41 15 28 M 37 0 0.00 M M 6.3 20 360 M M 3 1 30 360
9 32 11 22 M 43 0 0.00 M M 8.2 17 350 M M 1 27 350
10 48 17 33 M 32 0 0.00 M M 3.8 10 220 M M 0 16 220
11 57 24 41 M 24 0 0.00 M M 4.7 13 230 M M 0 20 230
12 59 25 42 M 23 0 0.00 M M 5.7 13 300 M M 1 18 250
13 58 33 46 M 19 0 0.00 M M 5.5 14 340 M M 0 22 340
14 51 20 36 M 29 0 M M M 12.4 30 340 M M 7 39 340
15 23 11 17 M 48 0 M M M 13.9 30 350 M M 5 45 350
16 53 11 32 M 33 0 0.00 M M 7.5 20 360 M M 1 30 350
17 55 24 40 M 25 0 0.00 M M 4.9 14 240 M M 0 24 240
18 65 24 45 M 20 0 0.00 M M 5.6 22 20 M M 0 31 20
19 33 5 19 M 46 0 T M M 15.7 22 360 M M 6 33 20
20 19 -3 8 M 57 0 0.00 M M 2.6 7 180 M M 0 M M
21 32 7 20 M 45 0 0.00 M M 10.3 17 200 M M 3 24 210
22 50 17 34 M 31 0 0.00 M M 7.4 14 220 M M 1 21 240
23 51 31 41 M 24 0 0.00 M M 6.9 13 310 M M 7 18 270
24 50 17 34 M 31 0 0.00 M M 10.3 22 360 M M 4 30 360
25 24 11 18 M 47 0 0.00 M M 3.7 8 10 M M 7 M M
26 38 17 28 M 37 0 0.00 M M 10.5 21 210 M M 3 27 210
27 46 22 34 M 31 0 0.00 M M 8.3 14 340 M M 4 24 350
28 40 21 31 M 34 0 0.00 M M 5.7 14 200 M M 5 M M
29 62 24 43 M 22 0 0.00 M M 7.5 15 280 M M 0 21 310
30 51 24 38 M 27 0 0.00 M M 3.8 10 210 M M 0 16 220
31 62 23 43 M 22 0 0.00 M M 4.8 13 200 M M 0 20 210
================================================================================
SM 1280 462 1135 0 M M 247.5 M 77
================================================================================
AV 41.3 14.9 8.0 FASTST M M 2 MAX(MPH)
MISC ----> # 30 340 M M
================================================================================
NOTES:
# LAST OF SEVERAL OCCURRENCES
COLUMN 17 PEAK WIND IN M.P.H.
PRELIMINARY LOCAL CLIMATOLOGICAL DATA (WS FORM: F-6) , PAGE 2
STATION: HEBRON NE
MONTH: JANUARY
YEAR: 2022
LATITUDE: 40 9 N
LONGITUDE: 97 35 W
[TEMPERATURE DATA] [PRECIPITATION DATA] SYMBOLS USED IN COLUMN 16
AVERAGE MONTHLY: 28.1 TOTAL FOR MONTH: M 1 = FOG OR MIST
DPTR FM NORMAL: M DPTR FM NORMAL: M 2 = FOG REDUCING VISIBILITY
HIGHEST: 65 ON 18 GRTST 24HR M ON M TO 1/4 MILE OR LESS
LOWEST: -12 ON 2 3 = THUNDER
SNOW, ICE PELLETS, HAIL 4 = ICE PELLETS
TOTAL MONTH: M 5 = HAIL
GRTST 24HR M ON M 6 = FREEZING RAIN OR DRIZZLE
GRTST DEPTH: M ON M 7 = DUSTSTORM OR SANDSTORM:
VSBY 1/2 MILE OR LESS
8 = SMOKE OR HAZE
[NO. OF DAYS WITH] [WEATHER - DAYS WITH] 9 = BLOWING SNOW
X = TORNADO
MAX 32 OR BELOW: 10 0.01 INCH OR MORE: M
MAX 90 OR ABOVE: 0 0.10 INCH OR MORE: M
MIN 32 OR BELOW: 30 0.50 INCH OR MORE: M
MIN 0 OR BELOW: 2 1.00 INCH OR MORE: M
[HDD (BASE 65) ]
TOTAL THIS MO. 1135 CLEAR (SCALE 0-3) 19
DPTR FM NORMAL M PTCLDY (SCALE 4-7) 11
TOTAL FM JUL 1 2845 CLOUDY (SCALE 8-10) 1
DPTR FM NORMAL M
[CDD (BASE 65) ]
TOTAL THIS MO. 0
DPTR FM NORMAL M [PRESSURE DATA]
TOTAL FM JAN 1 0 HIGHEST SLP M ON M
DPTR FM NORMAL M LOWEST SLP M ON M
[REMARKS]
#FINAL-01-22#