000
CXUS51 KPBZ 010730
CF6HLG
PRELIMINARY LOCAL CLIMATOLOGICAL DATA (WS FORM: F-6)
STATION: WHEELING WV
MONTH: MARCH
YEAR: 2020
LATITUDE: 40 10 N
LONGITUDE: 80 39 W
TEMPERATURE IN F: :PCPN: SNOW: WIND :SUNSHINE: SKY :PK WND
================================================================================
1 2 3 4 5 6A 6B 7 8 9 10 11 12 13 14 15 16 17 18
12Z AVG MX 2MIN
DY MAX MIN AVG DEP HDD CDD WTR SNW DPTH SPD SPD DIR MIN PSBL S-S WX SPD DR
================================================================================
1 49 21 35 0 30 0 0.00 M M 9.1 20 190 M M 0 26 190
2 56 46 51 16 14 0 0.08 M M 13.1 26 220 M M 9 1 36 200
3 58 41 50 14 15 0 0.41 M M 12.5 33 270 M M 8 1 55 270
4 53 35 44 8 21 0 T M M 11.1 24 280 M M 4 33 280
5 54 29 42 6 23 0 0.00 M M 3.5 12 170 M M 0 17 150
6 40 30 35 -1 30 0 0.02 M M 10.7 28 320 M M 8 1 37 310
7 43 29 36 -1 29 0 T M M 8.8 18 320 M M 5 24 300
8 60 30 45 8 20 0 0.00 M M 9.3 16 200 M M 0 21 220
9 67 49 58 20 7 0 0.00 M M 12.2 22 230 M M 0 27 230
10 61 40 51 13 14 0 0.15 M M 14.4 25 200 M M 10 1 35 210
11 49 38 44 6 21 0 T M M 3.7 8 90 M M 9 18 10 70
12 66 42 54 16 11 0 0.03 M M 6.1 17 180 M M 7 1 23 170
13 58 41 50 11 15 0 0.11 M M 14.8 29 270 M M 4 1 41 260
14 42 32 37 -2 28 0 0.17 M M 5.4 16 300 M M 6 12 23 310
15 48 31 40 0 25 0 0.02 M M 6.9 15 10 M M 7 1 20 10
16 49 29 39 -1 26 0 0.06 M M 6.2 14 180 M M 7 1 17 180
17 44 41 43 3 22 0 0.02 M M 6.7 13 300 M M 10 1 16 300
18 56 33 45 4 20 0 0.90 M M 8.7 23 190 M M 6 1 34 210
19 66 50 58 17 7 0 0.38 M M 8.1 23 210 M M 10 1 32 200
20 74 41 58 17 7 0 0.99 M M 16.1 33 260 M M 9 1 49 240
21 41 29 35 -7 30 0 0.00 M M 8.5 18 10 M M 10 24 360
22 50 27 39 -3 26 0 T M M 9.5 18 140 M M 5 25 130
23 48 40 44 1 21 0 0.22 M M 8.4 18 130 M M 10 13 22 130
24 46 38 42 -1 23 0 T M M 6.8 15 50 M M 9 18 50
25 55 42 49 6 16 0 0.13 M M 6.6 15 70 M M 7 1 19 60
26 69 42 56 12 9 0 0.17 M M 7.8 17 270 M M 2 1 23 280
27 58 47 53 9 12 0 0.04 M M 5.6 14 50 M M 8 1 17 50
28 79 53 66 21 0 1 1.00 M M 9.3 25 330 M M 9 13 33 320
29 77 62 70 25 0 5 0.03 M M 17.9 28 200 M M 4 51 230
30 57 39 48 3 17 0 0.01 M M 13.4 30 260 M M 8 1 42 250
31 46 38 42 -4 23 0 0.03 M M 5.6 13 50 M M 10 1 15 60
================================================================================
SM 1719 1185 562 6 4.97 M 286.8 M 201
================================================================================
AV 55.5 38.2 9.3 FASTST M M 6 MAX(MPH)
MISC ----> # 33 270 55 270
================================================================================
NOTES:
# LAST OF SEVERAL OCCURRENCES
COLUMN 17 PEAK WIND IN M.P.H.
PRELIMINARY LOCAL CLIMATOLOGICAL DATA (WS FORM: F-6) , PAGE 2
STATION: WHEELING WV
MONTH: MARCH
YEAR: 2020
LATITUDE: 40 10 N
LONGITUDE: 80 39 W
[TEMPERATURE DATA] [PRECIPITATION DATA] SYMBOLS USED IN COLUMN 16
AVERAGE MONTHLY: 46.8 TOTAL FOR MONTH: 4.97 1 = FOG OR MIST
DPTR FM NORMAL: 6.7 DPTR FM NORMAL: 1.81 2 = FOG REDUCING VISIBILITY
HIGHEST: 79 ON 28 GRTST 24HR 1.23 ON 19-20 TO 1/4 MILE OR LESS
LOWEST: 21 ON 1 3 = THUNDER
SNOW, ICE PELLETS, HAIL 4 = ICE PELLETS
TOTAL MONTH: M 5 = HAIL
GRTST 24HR M ON M 6 = FREEZING RAIN OR DRIZZLE
GRTST DEPTH: M ON M 7 = DUSTSTORM OR SANDSTORM:
VSBY 1/2 MILE OR LESS
8 = SMOKE OR HAZE
[NO. OF DAYS WITH] [WEATHER - DAYS WITH] 9 = BLOWING SNOW
X = TORNADO
MAX 32 OR BELOW: 0 0.01 INCH OR MORE: 21
MAX 90 OR ABOVE: 0 0.10 INCH OR MORE: 11
MIN 32 OR BELOW: 10 0.50 INCH OR MORE: 3
MIN 0 OR BELOW: 0 1.00 INCH OR MORE: 1
[HDD (BASE 65) ]
TOTAL THIS MO. 562 CLEAR (SCALE 0-3) 5
DPTR FM NORMAL -211 PTCLDY (SCALE 4-7) 13
TOTAL FM JUL 1 4213 CLOUDY (SCALE 8-10) 13
DPTR FM NORMAL -727
[CDD (BASE 65) ]
TOTAL THIS MO. 6
DPTR FM NORMAL 5 [PRESSURE DATA]
TOTAL FM JAN 1 6 HIGHEST SLP 30.57 ON 22
DPTR FM NORMAL 5 LOWEST SLP 29.46 ON 3
[REMARKS]
#FINAL-03-20#