000
CXUS54 KMAF 011110
CF6HOB
PRELIMINARY LOCAL CLIMATOLOGICAL DATA (WS FORM: F-6)
STATION: LEA AIRPORT, HOBBS
MONTH: APRIL
YEAR: 2022
LATITUDE: 32 40 N
LONGITUDE: 103-12 E
TEMPERATURE IN F: :PCPN: SNOW: WIND :SUNSHINE: SKY :PK WND
================================================================================
1 2 3 4 5 6A 6B 7 8 9 10 11 12 13 14 15 16 17 18
12Z AVG MX 2MIN
DY MAX MIN AVG DEP HDD CDD WTR SNW DPTH SPD SPD DIR MIN PSBL S-S WX SPD DR
================================================================================
1 79 43 61 M 4 0 0.00 M M 13.2 23 160 M M 0 30 170
2 79 34 57 M 8 0 0.00 M M 8.9 17 170 M M 0 28 170
3 88 46 67 M 0 2 0.00 M M 9.7 17 240 M M 0 24 150
4 75 48 62 M 3 0 0.00 M M 11.5 22 20 M M 1 29 20
5 88 46 67 M 0 2 0.00 M M 15.2 25 240 M M 0 8 36 240
6 66 45 56 M 9 0 0.00 M M 13.2 28 20 M M 3 8 36 20
7 66 32 49 M 16 0 0.00 M M 6.2 12 50 M M 4 15 170
8 68 32 50 M 15 0 0.00 M M 7.8 12 50 M M 2 18 50
9 86 39 63 M 2 0 0.00 M M 11.9 21 210 M M 0 29 210
10 84 50 67 M 0 2 0.00 M M 15.6 25 240 M M 0 36 240
11 84 55 70 M 0 5 0.00 M M 13.8 23 220 M M 0 36 220
12 84 55 70 M 0 5 0.00 M M 19.9 35 230 M M 1 47 220
13 70 48 59 M 6 0 0.00 M M 14.4 28 300 M M 1 33 250
14 81 34 58 M 7 0 0.00 M M 8.4 17 210 M M 0 26 210
15 90 52 71 M 0 6 0.00 M M 13.2 25 240 M M 0 32 240
16 72 48 60 M 5 0 0.00 M M 12.7 29 360 M M 0 31 360
17 86 43 65 M 0 0 0.00 M M 11.5 29 320 M M 0 36 320
18 77 48 63 M 2 0 0.00 M M 15.6 23 90 M M 1 7 35 90
19 82 55 69 M 0 4 0.00 M M 14.6 23 150 M M 3 30 150
20 91 54 73 M 0 8 0.00 M M 12.4 26 240 M M 3 12 33 240
21 93 57 75 M 0 10 0.00 M M 11.2 23 160 M M 1 32 160
22 91 68 80 M 0 15 0.00 M M 23.3 30 160 M M 6 7 43 180
23 84 54 69 M 0 4 0.00 M M 13.6 30 220 M M 1 39 230
24 79 50 65 M 0 0 0.00 M M 11.1 20 70 M M 2 29 70
25 70 50 60 M 5 0 0.00 M M 13.1 22 60 M M 4 30 60
26 73 41 57 M 8 0 0.00 M M 10.8 18 130 M M 2 22 150
27 82 57 70 M 0 5 0.00 M M 15.5 21 160 M M 4 28 150
28 91 55 73 M 0 8 0.00 M M 12.8 24 230 M M 0 41 230
29 88 54 71 M 0 6 0.00 M M 12.6 23 250 M M 0 31 260
30 81 52 67 M 0 2 0.00 M M 12.3 25 360 M M 2 33 360
================================================================================
SM 2428 1445 90 84 0.00 M 385.8 M 41
================================================================================
AV 80.9 48.2 12.9 FASTST M M 1 MAX(MPH)
MISC ----> 35 230 47 220
================================================================================
NOTES:
# LAST OF SEVERAL OCCURRENCES
COLUMN 17 PEAK WIND IN M.P.H.
PRELIMINARY LOCAL CLIMATOLOGICAL DATA (WS FORM: F-6) , PAGE 2
STATION: LEA AIRPORT, HOBBS
MONTH: APRIL
YEAR: 2022
LATITUDE: 32 40 N
LONGITUDE: 103-12 E
[TEMPERATURE DATA] [PRECIPITATION DATA] SYMBOLS USED IN COLUMN 16
AVERAGE MONTHLY: 64.6 TOTAL FOR MONTH: 0.00 1 = FOG OR MIST
DPTR FM NORMAL: 0.0 DPTR FM NORMAL: M 2 = FOG REDUCING VISIBILITY
HIGHEST: 93 ON 21 GRTST 24HR 0.00 ON 1- 1 TO 1/4 MILE OR LESS
LOWEST: 32 ON 8, 7 3 = THUNDER
SNOW, ICE PELLETS, HAIL 4 = ICE PELLETS
TOTAL MONTH: M 5 = HAIL
GRTST 24HR M ON M 6 = FREEZING RAIN OR DRIZZLE
GRTST DEPTH: M ON M 7 = DUSTSTORM OR SANDSTORM:
VSBY 1/2 MILE OR LESS
8 = SMOKE OR HAZE
[NO. OF DAYS WITH] [WEATHER - DAYS WITH] 9 = BLOWING SNOW
X = TORNADO
MAX 32 OR BELOW: 0 0.01 INCH OR MORE: 0
MAX 90 OR ABOVE: 5 0.10 INCH OR MORE: 0
MIN 32 OR BELOW: 2 0.50 INCH OR MORE: 0
MIN 0 OR BELOW: 0 1.00 INCH OR MORE: 0
[HDD (BASE 65) ]
TOTAL THIS MO. 90 CLEAR (SCALE 0-3) 26
DPTR FM NORMAL M PTCLDY (SCALE 4-7) 4
TOTAL FM JUL 1 2802 CLOUDY (SCALE 8-10) 0
DPTR FM NORMAL M
[CDD (BASE 65) ]
TOTAL THIS MO. 84
DPTR FM NORMAL M [PRESSURE DATA]
TOTAL FM JAN 1 94 HIGHEST SLP M ON M
DPTR FM NORMAL M LOWEST SLP M ON M
[REMARKS]
#FINAL-04-22#