000
CXUS53 KFSD 011640
CF6HON
PRELIMINARY LOCAL CLIMATOLOGICAL DATA (WS FORM: F-6)
STATION: HURON
MONTH: JULY
YEAR: 2022
LATITUDE: 44 22 N
LONGITUDE: 98 13 W
TEMPERATURE IN F: :PCPN: SNOW: WIND :SUNSHINE: SKY :PK WND
================================================================================
1 2 3 4 5 6A 6B 7 8 9 10 11 12 13 14 15 16 17 18
12Z AVG MX 2MIN
DY MAX MIN AVG DEP HDD CDD WTR SNW DPTH SPD SPD DIR MIN PSBL S-S WX SPD DR
================================================================================
1 88 56 72 0 0 7 0.09 0.0 0 4.5 14 280 M M 1 19 250
2 86 65 76 4 0 11 0.05 0.0 0 8.9 17 150 M M 4 25 180
3 80 66 73 0 0 8 1.84 0.0 0 12.2 26 150 M M 4 13 36 150
4 91 68 80 7 0 15 0.17 0.0 0 7.7 28 220 M M 3 3 40 230
5 87 66 77 4 0 12 3.45 0.0 0 9.1 74 310 M M 3 123 96 320
6 86 69 78 5 0 13 0.00 0.0 0 4.2 13 120 M M 5 1 19 130
7 82 67 75 2 0 10 0.64 0.0 0 6.8 32 310 M M 4 13 42 310
8 87 65 76 3 0 11 0.00 0.0 0 4.7 9 120 M M 3 13 20
9 88 67 78 4 0 13 0.00 0.0 0 12.3 24 170 M M 1 36 160
10 90 69 80 6 0 15 0.00 0.0 0 13.1 25 330 M M 1 37 170
11 82 62 72 -2 0 7 0.05 0.0 0 16.1 38 310 M M 2 1 49 320
12 86 60 73 -1 0 8 0.00 0.0 0 7.9 16 260 M M 0 21 250
13 86 60 73 -1 0 8 0.00 0.0 0 6.3 13 90 M M 0 18 80
14 92 68 80 6 0 15 0.00 0.0 0 10.8 21 150 M M 0 28 150
15 92 70 81 7 0 16 0.00 0.0 0 5.7 17 40 M M 2 1 22 50
16 82 70 76 2 0 11 0.08 0.0 0 9.0 29 40 M M 4 1 37 40
17 87 64 76 2 0 11 0.00 0.0 0 6.9 13 170 M M 0 1 19 200
18 96 69 83 9 0 18 0.00 0.0 0 14.9 25 190 M M 0 1 39 160
19 86 70 78 4 0 13 0.00 0.0 0 20.2 39 280 M M 0 51 290
20 92 63 78 4 0 13 0.00 0.0 0 10.9 20 360 M M 0 28 350
21 87 58 73 -1 0 8 T 0.0 0 8.0 17 360 M M 0 3 24 350
22 94 68 81 7 0 16 0.00 0.0 0 7.5 15 160 M M 0 20 150
23 85 66 76 2 0 11 T 0.0 0 11.1 23 90 M M 0 3 34 80
24 82 57 70 -4 0 5 0.00 0.0 0 7.4 16 350 M M 0 36 10
25 72 63 68 -6 0 3 0.15 0.0 0 9.9 17 140 M M 6 1 25 130
26 84 64 74 0 0 9 0.00 0.0 0 8.4 21 320 M M 6 27 330
27 82 58 70 -4 0 5 0.00 0.0 0 6.4 16 10 M M 3 22 10
28 79 51 65 -9 0 0 0.00 0.0 0 8.2 20 320 M M 1 26 20
29 84 50 67 -7 0 2 0.00 0.0 0 6.0 14 140 M M 1 21 140
30 88 66 77 3 0 12 0.00 0.0 0 15.4 25 180 M M 1 36 210
31 85 62 74 0 0 9 T 0.0 0 12.9 25 180 M M 1 3 35 190
================================================================================
SM 2668 1977 0 315 6.52 0.0 293.4 M 56
================================================================================
AV 86.1 63.8 9.5 FASTST M M 2 MAX(MPH)
MISC ----> 74 310 96 320
================================================================================
NOTES:
# LAST OF SEVERAL OCCURRENCES
-COLUMN 17 PEAK WIND IN M.P.H.
-PRECIPITATION AMOUNTS IN COLUMNS 7,8 AND 9 ARE THE OFFICIAL
PRECIPITATION AMOUNTS FOR HURON, SD.
-SNOW DEPTH IN COLUMN 9 IS RECORDED AT 6 AM CST (12Z).
PRELIMINARY LOCAL CLIMATOLOGICAL DATA (WS FORM: F-6) , PAGE 2
STATION: HURON
MONTH: JULY
YEAR: 2022
LATITUDE: 44 22 N
LONGITUDE: 98 13 W
[TEMPERATURE DATA] [PRECIPITATION DATA] SYMBOLS USED IN COLUMN 16
AVERAGE MONTHLY: 74.9 TOTAL FOR MONTH: 6.52 1 = FOG OR MIST
DPTR FM NORMAL: 1.2 DPTR FM NORMAL: 3.69 2 = FOG REDUCING VISIBILITY
HIGHEST: 96 ON 18 GRTST 24HR 3.45 ON 5- 5 TO 1/4 MILE OR LESS
LOWEST: 50 ON 29 3 = THUNDER
SNOW, ICE PELLETS, HAIL 4 = ICE PELLETS
TOTAL MONTH: 0.0 INCH 5 = HAIL
GRTST 24HR 0.0 6 = FREEZING RAIN OR DRIZZLE
GRTST DEPTH: 0 7 = DUSTSTORM OR SANDSTORM:
VSBY 1/2 MILE OR LESS
8 = SMOKE OR HAZE
[NO. OF DAYS WITH] [WEATHER - DAYS WITH] 9 = BLOWING SNOW
X = TORNADO
MAX 32 OR BELOW: 0 0.01 INCH OR MORE: 9
MAX 90 OR ABOVE: 7 0.10 INCH OR MORE: 5
MIN 32 OR BELOW: 0 0.50 INCH OR MORE: 3
MIN 0 OR BELOW: 0 1.00 INCH OR MORE: 2
[HDD (BASE 65) ]
TOTAL THIS MO. 0 CLEAR (SCALE 0-3) 23
DPTR FM NORMAL -8 PTCLDY (SCALE 4-7) 8
TOTAL FM JUL 1 0 CLOUDY (SCALE 8-10) 0
DPTR FM NORMAL 0
[CDD (BASE 65) ]
TOTAL THIS MO. 315
DPTR FM NORMAL 39 [PRESSURE DATA]
TOTAL FM JAN 1 558 HIGHEST SLP 30.15 ON 29
DPTR FM NORMAL 102 LOWEST SLP 29.45 ON 19
[REMARKS]
RECORD DAILY PRECIPITATION WAS ESTABLISHED ON THE 3RD WITH 1.84
INCHES. THE PREVIOUS RECORD WAS 1.57 INCHES IN 1963.
RECORD DAILY PRECIPITATION WAS ESTABLISHED ON THE 5TH WITH 3.45
INCHES. THE PREVIOUS RECORD WAS 1.70 INCHES IN 1908.
#FINAL-07-22#