000
CXUS54 KLZK 011230
CF6HOT
PRELIMINARY LOCAL CLIMATOLOGICAL DATA (WS FORM: F-6)
STATION: HOT SPRINGS MEMORIAL FIELD
MONTH: JANUARY
YEAR: 2022
LATITUDE: 34 28 N
LONGITUDE: 93 6 W
TEMPERATURE IN F: :PCPN: SNOW: WIND :SUNSHINE: SKY :PK WND
================================================================================
1 2 3 4 5 6A 6B 7 8 9 10 11 12 13 14 15 16 17 18
12Z AVG MX 2MIN
DY MAX MIN AVG DEP HDD CDD WTR SNW DPTH SPD SPD DIR MIN PSBL S-S WX SPD DR
================================================================================
1 71 37 54 12 11 0 1.15 M M 7.0 15 310 M M 10 123 30 310
2 37 24 31 -11 34 0 T M M 8.3 15 340 M M 7 4 23 340
3 44 21 33 -9 32 0 0.00 M M 3.5 9 330 M M 0 12 330
4 50 23 37 -5 28 0 0.00 M M 5.8 14 180 M M 0 20 150
5 62 31 47 5 18 0 0.00 M M 6.5 16 70 M M 1 20 80
6 46 26 36 -6 29 0 T M M 8.0 20 60 M M 7 27 50
7 39 22 31 -11 34 0 0.00 M M 7.7 14 90 M M 1 17 90
8 60 32 46 4 19 0 0.69 M M 5.6 10 90 M M 10 138 17 180
9 63 39 51 9 14 0 1.26 M M 5.2 18 40 M M 8 13 25 50
10 54 27 41 -1 24 0 0.00 M M 2.1 9 320 M M 0 12 320
11 58 26 42 0 23 0 0.00 M M 1.5 9 200 M M M 13 230
12 62 28 45 3 20 0 0.00 M M 5.6 17 230 M M 0 24 240
13 71 34 53 11 12 0 0.00 M M 5.1 15 330 M M 0 22 330
14 60 34 47 5 18 0 0.00 M M 4.7 13 100 M M 0 16 80
15 51 30 41 -1 24 0 0.07 M M 8.7 18 310 M M 9 18 29 300
16 48 33 41 -1 24 0 T M M 8.2 17 340 M M 3 1 26 330
17 56 29 43 1 22 0 0.00 M M 3.8 13 330 M M 0 19 290
18 62 28 45 3 20 0 0.00 M M 5.2 15 210 M M 1 23 230
19 57 34 46 4 19 0 0.01 M M 6.2 22 50 M M 9 18 30 40
20 35 24 30 -13 35 0 0.00 M M 8.7 18 30 M M 2 27 40
21 36 17 27 -16 38 0 0.00 M M 5.8 13 50 M M 0 16 30
22 47 15 31 -12 34 0 0.00 M M 1.2 9 270 M M 0 13 270
23 63 23 43 0 22 0 0.00 M M 3.7 14 270 M M 0 21 270
24 64 27 46 3 19 0 0.00 M M 4.2 20 240 M M 0 26 260
25 50 33 42 -1 23 0 0.00 M M 9.0 17 60 M M 0 21 40
26 43 25 34 -9 31 0 0.00 M M 7.0 16 50 M M 0 21 50
27 50 31 41 -2 24 0 0.00 M M 2.9 10 90 M M 9 8 14 80
28 51 28 40 -3 25 0 0.00 M M 6.9 20 310 M M 3 32 300
29 54 20 37 -6 28 0 0.00 M M 4.1 17 230 M M 0 8 20 190
30 69 31 50 6 15 0 0.00 M M 2.9 8 350 M M 0 8 12 20
31 68 28 48 4 17 0 0.00 M M 3.3 15 190 M M 3 18 23 190
================================================================================
SM 1681 860 736 0 3.18 M 168.4 M 83
================================================================================
AV 54.2 27.7 5.4 FASTST M M 3 MAX(MPH)
MISC ----> 22 50 32 300
================================================================================
NOTES:
# LAST OF SEVERAL OCCURRENCES
COLUMN 17 PEAK WIND IN M.P.H.
PRELIMINARY LOCAL CLIMATOLOGICAL DATA (WS FORM: F-6) , PAGE 2
STATION: HOT SPRINGS MEMORIAL FIELD
MONTH: JANUARY
YEAR: 2022
LATITUDE: 34 28 N
LONGITUDE: 93 6 W
[TEMPERATURE DATA] [PRECIPITATION DATA] SYMBOLS USED IN COLUMN 16
AVERAGE MONTHLY: 41.0 TOTAL FOR MONTH: 3.18 1 = FOG OR MIST
DPTR FM NORMAL: -1.6 DPTR FM NORMAL: -0.21 2 = FOG REDUCING VISIBILITY
HIGHEST: 71 ON 13, 1 GRTST 24HR 2.33 ON 8- 9 TO 1/4 MILE OR LESS
LOWEST: 15 ON 22 3 = THUNDER
SNOW, ICE PELLETS, HAIL 4 = ICE PELLETS
TOTAL MONTH: M 5 = HAIL
GRTST 24HR M ON M 6 = FREEZING RAIN OR DRIZZLE
GRTST DEPTH: M ON M 7 = DUSTSTORM OR SANDSTORM:
VSBY 1/2 MILE OR LESS
8 = SMOKE OR HAZE
[NO. OF DAYS WITH] [WEATHER - DAYS WITH] 9 = BLOWING SNOW
X = TORNADO
MAX 32 OR BELOW: 0 0.01 INCH OR MORE: 5
MAX 90 OR ABOVE: 0 0.10 INCH OR MORE: 3
MIN 32 OR BELOW: 24 0.50 INCH OR MORE: 3
MIN 0 OR BELOW: 0 1.00 INCH OR MORE: 2
[HDD (BASE 65) ]
TOTAL THIS MO. 736 CLEAR (SCALE 0-3) 22
DPTR FM NORMAL 42 PTCLDY (SCALE 4-7) 2
TOTAL FM JUL 1 1532 CLOUDY (SCALE 8-10) 7
DPTR FM NORMAL -311
[CDD (BASE 65) ]
TOTAL THIS MO. 0
DPTR FM NORMAL -1 [PRESSURE DATA]
TOTAL FM JAN 1 0 HIGHEST SLP 30.71 ON 10
DPTR FM NORMAL -1 LOWEST SLP 29.58 ON 1
[REMARKS]
#FINAL-01-22#