000
CXUS54 KHGX 041455
CF6HOU
PRELIMINARY LOCAL CLIMATOLOGICAL DATA (WS FORM: F-6)
STATION: HOUSTON/HOBBY AIRPORT
MONTH: MARCH
YEAR: 2021
LATITUDE: 29 38 N
LONGITUDE: 95 17 W
TEMPERATURE IN F: :PCPN: SNOW: WIND :SUNSHINE: SKY :PK WND
================================================================================
1 2 3 4 5 6A 6B 7 8 9 10 11 12 13 14 15 16 17 18
12Z AVG MX 2MIN
DY MAX MIN AVG DEP HDD CDD WTR SNW DPTH SPD SPD DIR MIN PSBL S-S WX SPD DR
================================================================================
1 72 53 63 3 2 0 0.53 0.0 0 13.5 26 20 M M 10 13 33 60
2 66 49 58 -2 7 0 0.02 0.0 0 11.6 21 10 M M 6 1 25 360
3 68 44 56 -5 9 0 0.00 0.0 0 4.7 13 180 M M 1 15 180
4 71 45 58 -3 7 0 0.00 0.0 0 7.0 17 100 M M 4 21 110
5 76 53 65 4 0 0 0.01 0.0 0 8.0 17 40 M M 9 12 23 50
6 71 53 62 1 3 0 0.00 0.0 0 11.8 21 20 M M 4 27 20
7 67 47 57 -5 8 0 0.00 0.0 0 9.4 20 120 M M 2 25 120
8 73 46 60 -2 5 0 0.00 0.0 0 7.3 22 120 M M 3 1 26 120
9 76 57 67 5 0 2 0.00 0.0 0 12.6 23 140 M M 6 1 29 150
10 78 63 71 9 0 6 0.06 0.0 0 14.4 25 170 M M 9 33 170
11 80 70 75 13 0 10 T 0.0 0 14.5 24 180 M M 10 30 160
12 83 67 75 13 0 10 0.01 0.0 0 12.7 25 160 M M 7 1 30 170
13 83 65 74 11 0 9 0.00 0.0 0 13.2 25 160 M M 7 34 160
14 76 59 68 5 0 3 0.18 0.0 0 12.2 24 150 M M 10 1 33 160
15 82 61 72 9 0 7 T 0.0 0 5.5 16 180 M M 9 12 19 170
16 81 68 75 12 0 10 0.01 0.0 0 8.1 17 160 M M 9 12 21 180
17 81 58 70 6 0 5 0.18 0.0 0 15.6 32 310 M M 6 1 41 310
18 70 50 60 -4 5 0 0.00 0.0 0 15.3 26 310 M M 0 34 310
19 69 48 59 -5 6 0 0.00 0.0 0 12.0 21 330 M M 1 25 350
20 69 46 58 -6 7 0 0.00 0.0 0 9.3 18 100 M M 1 26 10
21 70 48 59 -5 6 0 0.00 0.0 0 7.8 16 120 M M 4 23 120
22 77 56 67 2 0 2 0.04 0.0 0 13.0 24 160 M M 8 18 32 170
23 84 62 73 8 0 8 0.39 0.0 0 4.7 18 350 M M 4 138 20 350
24 72 63 68 3 0 3 0.01 0.0 0 14.8 30 110 M M 9 18 37 110
25 83 63 73 8 0 8 0.00 0.0 0 9.8 21 320 M M 5 18 26 320
26 84 57 71 6 0 6 T 0.0 0 10.2 20 130 M M 3 1 26 120
27 85 71 78 12 0 13 T 0.0 0 11.0 22 190 M M 9 18 27 210
28 76 53 65 -1 0 0 0.07 0.0 0 9.8 30 360 M M 8 18 37 10
29 73 49 61 -5 4 0 T 0.0 0 8.1 17 130 M M 4 1 22 70
30 84 66 75 9 0 10 T 0.0 0 11.9 26 190 M M 9 1 32 180
31 83 60 72 6 0 7 T 0.0 0 11.8 28 40 M M 10 18 36 10
================================================================================
SM 2363 1750 69 119 1.51 0.0 331.6 M 187
================================================================================
AV 76.2 56.5 10.7 FASTST M M 6 MAX(MPH)
MISC ----> 32 310 41 310
================================================================================
NOTES:
# LAST OF SEVERAL OCCURRENCES
COLUMN 17 PEAK WIND IN M.P.H.
PRELIMINARY LOCAL CLIMATOLOGICAL DATA (WS FORM: F-6) , PAGE 2
STATION: HOUSTON/HOBBY AIRPORT
MONTH: MARCH
YEAR: 2021
LATITUDE: 29 38 N
LONGITUDE: 95 17 W
[TEMPERATURE DATA] [PRECIPITATION DATA] SYMBOLS USED IN COLUMN 16
AVERAGE MONTHLY: 66.3 TOTAL FOR MONTH: 1.51 1 = FOG OR MIST
DPTR FM NORMAL: 3.0 DPTR FM NORMAL: -1.69 2 = FOG REDUCING VISIBILITY
HIGHEST: 85 ON 27 GRTST 24HR 0.55 ON 1- 2 TO 1/4 MILE OR LESS
LOWEST: 44 ON 3 3 = THUNDER
SNOW, ICE PELLETS, HAIL 4 = ICE PELLETS
TOTAL MONTH: 0.0 INCH 5 = HAIL
GRTST 24HR 0.0 6 = FREEZING RAIN OR DRIZZLE
GRTST DEPTH: 0 7 = DUSTSTORM OR SANDSTORM:
VSBY 1/2 MILE OR LESS
8 = SMOKE OR HAZE
[NO. OF DAYS WITH] [WEATHER - DAYS WITH] 9 = BLOWING SNOW
X = TORNADO
MAX 32 OR BELOW: 0 0.01 INCH OR MORE: 12
MAX 90 OR ABOVE: 0 0.10 INCH OR MORE: 4
MIN 32 OR BELOW: 0 0.50 INCH OR MORE: 1
MIN 0 OR BELOW: 0 1.00 INCH OR MORE: 0
[HDD (BASE 65) ]
TOTAL THIS MO. 69 CLEAR (SCALE 0-3) 7
DPTR FM NORMAL -52 PTCLDY (SCALE 4-7) 12
TOTAL FM JUL 1 998 CLOUDY (SCALE 8-10) 12
DPTR FM NORMAL -193
[CDD (BASE 65) ]
TOTAL THIS MO. 119
DPTR FM NORMAL 50 [PRESSURE DATA]
TOTAL FM JAN 1 193 HIGHEST SLP 30.48 ON 8
DPTR FM NORMAL 86 LOWEST SLP 29.57 ON 25
[REMARKS]
#FINAL-03-21#