000
CXUS55 KSEW 041744
CF6HQM
PRELIMINARY LOCAL CLIMATOLOGICAL DATA (WS FORM: F-6)
STATION: HOQUIAM WA AIRPORT
MONTH: MARCH
YEAR: 2022
LATITUDE: 46 58 N
LONGITUDE: 123 56 W
TEMPERATURE IN F: :PCPN: SNOW: WIND :SUNSHINE: SKY :PK WND
================================================================================
1 2 3 4 5 6A 6B 7 8 9 10 11 12 13 14 15 16 17 18
12Z AVG MX 2MIN
DY MAX MIN AVG DEP HDD CDD WTR SNW DPTH SPD SPD DIR MIN PSBL S-S WX SPD DR
================================================================================
1 54 50 52 8 13 0 0.18 M M 9.2 20 220 M M 10 1 26 220
2 52 46 49 5 16 0 0.11 M M 6.8 15 300 M M 10 1 21 300
3 50 42 46 1 19 0 0.11 M M 8.0 17 290 M M 8 18 25 270
4 51 38 45 0 20 0 0.01 M M 5.2 15 290 M M 7 12 21 300
5 52 38 45 0 20 0 0.00 M M 5.1 13 260 M M 7 12 15 260
6 52 38 45 0 20 0 0.00 M M 5.3 13 260 M M 5 12 16 260
7 51 35 43 -2 22 0 0.00 M M 8.7 16 280 M M 7 12 22 290
8 50 43 47 2 18 0 0.11 M M 9.2 18 290 M M 9 18 24 310
9 53 33 43 -2 22 0 0.00 M M 7.0 16 70 M M 5 1 22 90
10 50 30 40 -5 25 0 T M M 5.4 12 260 M M 3 17 220
11 52 40 46 1 19 0 0.00 M M 7.7 15 270 M M 8 18 270
12 50 44 47 2 18 0 0.66 M M 11.7 28 170 M M 9 1 38 170
13 51 44 48 2 17 0 0.39 M M 13.2 28 230 M M 9 1 34 220
14 50 46 48 2 17 0 0.98 M M 11.6 24 170 M M 10 1 34 190
15 53 46 50 4 15 0 0.16 M M 13.2 25 250 M M 8 18 33 250
16 53 40 47 1 18 0 0.02 M M 4.7 16 250 M M 6 1 20 250
17 49 43 46 0 19 0 0.12 M M 7.9 21 190 M M 10 1 27 190
18 51 47 49 3 16 0 0.46 M M 7.7 17 210 M M 10 18 23 210
19 51 43 47 1 18 0 0.25 M M 11.5 24 250 M M 6 1 31 260
20 49 39 44 -2 21 0 0.71 M M 10.0 21 200 M M 10 1 25 200
21 50 44 47 1 18 0 0.53 M M 9.9 15 80 M M 10 1 21 80
22 59 49 54 8 11 0 0.23 M M 3.9 14 290 M M 9 1 19 290
23 53 39 46 0 19 0 0.13 M M 8.2 21 290 M M 6 18 29 300
24 61 38 50 4 15 0 0.00 M M 8.5 21 100 M M 2 1 25 90
25 56 46 51 5 14 0 0.00 M M 6.6 20 260 M M 5 23 250
26 57 47 52 5 13 0 0.10 M M 5.4 12 80 M M 10 1 16 80
27 58 51 55 8 10 0 0.00 M M 5.0 12 240 M M 8 1 13 220
28 53 49 51 4 14 0 0.02 M M 7.4 14 280 M M 10 1 19 290
29 51 48 50 3 15 0 T M M 7.3 17 220 M M 10 20 220
30 54 44 49 2 16 0 0.11 M M 10.2 21 270 M M 5 1 28 270
31 53 40 47 0 18 0 0.04 M M 5.1 17 270 M M 4 24 260
================================================================================
SM 1629 1320 536 0 5.43 M 246.6 M 236
================================================================================
AV 52.5 42.6 8.0 FASTST M M 8 MAX(MPH)
MISC ----> # 28 170 38 170
================================================================================
NOTES:
# LAST OF SEVERAL OCCURRENCES
COLUMN 17 PEAK WIND IN M.P.H.
PRELIMINARY LOCAL CLIMATOLOGICAL DATA (WS FORM: F-6) , PAGE 2
STATION: HOQUIAM WA AIRPORT
MONTH: MARCH
YEAR: 2022
LATITUDE: 46 58 N
LONGITUDE: 123 56 W
[TEMPERATURE DATA] [PRECIPITATION DATA] SYMBOLS USED IN COLUMN 16
AVERAGE MONTHLY: 47.6 TOTAL FOR MONTH: 5.43 1 = FOG OR MIST
DPTR FM NORMAL: 1.8 DPTR FM NORMAL: -2.31 2 = FOG REDUCING VISIBILITY
HIGHEST: 61 ON 24 GRTST 24HR 1.01 ON 13-14 TO 1/4 MILE OR LESS
LOWEST: 30 ON 10 3 = THUNDER
SNOW, ICE PELLETS, HAIL 4 = ICE PELLETS
TOTAL MONTH: M 5 = HAIL
GRTST 24HR M ON M 6 = FREEZING RAIN OR DRIZZLE
GRTST DEPTH: M ON M 7 = DUSTSTORM OR SANDSTORM:
VSBY 1/2 MILE OR LESS
8 = SMOKE OR HAZE
[NO. OF DAYS WITH] [WEATHER - DAYS WITH] 9 = BLOWING SNOW
X = TORNADO
MAX 32 OR BELOW: 0 0.01 INCH OR MORE: 21
MAX 90 OR ABOVE: 0 0.10 INCH OR MORE: 17
MIN 32 OR BELOW: 1 0.50 INCH OR MORE: 4
MIN 0 OR BELOW: 0 1.00 INCH OR MORE: 0
[HDD (BASE 65) ]
TOTAL THIS MO. 536 CLEAR (SCALE 0-3) 2
DPTR FM NORMAL -61 PTCLDY (SCALE 4-7) 14
TOTAL FM JUL 1 3606 CLOUDY (SCALE 8-10) 15
DPTR FM NORMAL -417
[CDD (BASE 65) ]
TOTAL THIS MO. 0
DPTR FM NORMAL 0 [PRESSURE DATA]
TOTAL FM JAN 1 0 HIGHEST SLP M ON M
DPTR FM NORMAL 0 LOWEST SLP 29.64 ON 12
[REMARKS]
#FINAL-03-22#
CORRECTED