000
CXUS54 KBRO 280800
CF6HRL
PRELIMINARY LOCAL CLIMATOLOGICAL DATA (WS FORM: F-6)
STATION: HARLINGEN
MONTH: MARCH
YEAR: 2024
LATITUDE: 26 13 N
LONGITUDE: 97 40 W
TEMPERATURE IN F: :PCPN: SNOW: WIND :SUNSHINE: SKY :PK WND
================================================================================
1 2 3 4 5 6A 6B 7 8 9 10 11 12 13 14 15 16 17 18
12Z AVG MX 2MIN
DY MAX MIN AVG DEP HDD CDD WTR SNW DPTH SPD SPD DIR MIN PSBL S-S WX SPD DR
================================================================================
1 60 51 56 -11 9 0 0.00 0.0 0 7.1 14 350 M M 10 18 18 350
2 82 57 70 2 0 5 0.00 0.0 0 5.7 16 120 M M 5 12 22 100
3 83 64 74 6 0 9 0.00 0.0 0 10.5 20 150 M M 8 12 26 160
4 84 69 77 9 0 12 0.00 0.0 0 8.4 17 160 M M 6 1 22 170
5 91 68 80 12 0 15 0.00 0.0 0 7.6 20 100 M M 6 18 24 90
6 86 66 76 8 0 11 0.00 0.0 0 11.0 22 110 M M 8 128 35 100
7 83 72 78 10 0 13 0.00 0.0 M 14.5 24 170 M M 9 18 33 170
8 87 62 75 6 0 10 0.00 0.0 M 9.7 22 350 M M 5 18 27 350
9 73 54 64 -5 1 0 0.00 0.0 M 14.7 28 350 M M 1 1 36 360
10 73 54 64 -5 1 0 0.00 0.0 0 8.4 16 70 M M 7 20 80
11 79 53 66 -3 0 1 0.00 0.0 0 9.0 20 100 M M 5 27 130
12 81 58 70 1 0 5 0.00 0.0 0 12.8 23 140 M M 4 29 140
13 89 69 79 9 0 14 0.00 0.0 0 17.2 25 160 M M 3 1 35 140
14 86 73 80 10 0 15 0.00 0.0 0 18.9 26 150 M M 6 18 39 170
15 86 73 80 10 0 15 0.00 0.0 0 13.2 21 140 M M 7 1 27 130
16 88 64 76 6 0 11 0.15 0.0 0 M 35 360 M M 3 13 42 360
17 86 66 76 6 0 11 0.00 0.0 0 M 24 30 M M 9 1 32 30
18 69 58 64 -6 1 0 0.81 0.0 0 16.8 28 30 M M 10 13 37 50
19 68 59 64 -7 1 0 0.00 0.0 0 8.4 17 70 M M 10 24 80
20 70 61 66 -5 0 1 0.20 0.0 0 6.7 14 110 M M 10 1 16 100
21 78 63 71 0 0 6 0.04 0.0 0 6.7 16 220 M M 8 128 22 220
22 91 58 75 4 0 10 0.00 0.0 0 8.4 22 60 M M 4 12 29 60
23 78 57 68 -4 0 3 0.00 0.0 0 8.5 20 90 M M 0 28 80
24 84 59 72 0 0 7 0.00 0.0 0 21.0 36 170 M M 6 49 150
25 90 64 77 5 0 12 0.00 0.0 0 12.9 23 180 M M 4 18 31 160
26 83 59 71 -1 0 6 0.00 0.0 0 11.2 22 50 M M 1 33 50
27 79 56 68 -4 0 3 0.00 0.0 0 10.1 23 60 M M 3 30 60
================================================================================
SM 2187 1667 13 195 1.20 0.0 279.4 M 158
================================================================================
AV 81.0 61.7 11.2 FASTST M M 6 MAX(MPH)
MISC ----> 36 170 49 150
================================================================================
NOTES:
# LAST OF SEVERAL OCCURRENCES
COLUMN 17 PEAK WIND IN M.P.H.
PRELIMINARY LOCAL CLIMATOLOGICAL DATA (WS FORM: F-6) , PAGE 2
STATION: HARLINGEN
MONTH: MARCH
YEAR: 2024
LATITUDE: 26 13 N
LONGITUDE: 97 40 W
[TEMPERATURE DATA] [PRECIPITATION DATA] SYMBOLS USED IN COLUMN 16
AVERAGE MONTHLY: 71.4 TOTAL FOR MONTH: 1.20 1 = FOG OR MIST
DPTR FM NORMAL: 1.6 DPTR FM NORMAL: 0.07 2 = FOG REDUCING VISIBILITY
HIGHEST: 91 ON 22, 5 GRTST 24HR 0.81 ON 18-18 TO 1/4 MILE OR LESS
LOWEST: 51 ON 1 3 = THUNDER
SNOW, ICE PELLETS, HAIL 4 = ICE PELLETS
TOTAL MONTH: 0.0 INCH 5 = HAIL
GRTST 24HR 0.0 6 = FREEZING RAIN OR DRIZZLE
GRTST DEPTH: 0 7 = DUSTSTORM OR SANDSTORM:
VSBY 1/2 MILE OR LESS
8 = SMOKE OR HAZE
[NO. OF DAYS WITH] [WEATHER - DAYS WITH] 9 = BLOWING SNOW
X = TORNADO
MAX 32 OR BELOW: 0 0.01 INCH OR MORE: 4
MAX 90 OR ABOVE: 3 0.10 INCH OR MORE: 3
MIN 32 OR BELOW: 0 0.50 INCH OR MORE: 1
MIN 0 OR BELOW: 0 1.00 INCH OR MORE: 0
[HDD (BASE 65) ]
TOTAL THIS MO. 13 CLEAR (SCALE 0-3) 5
DPTR FM NORMAL -26 PTCLDY (SCALE 4-7) 16
TOTAL FM JUL 1 463 CLOUDY (SCALE 8-10) 6
DPTR FM NORMAL -100
[CDD (BASE 65) ]
TOTAL THIS MO. 195
DPTR FM NORMAL 28 [PRESSURE DATA]
TOTAL FM JAN 1 335 HIGHEST SLP M ON M
DPTR FM NORMAL 8 LOWEST SLP 29.43 ON 25
[REMARKS]