000
CXUS54 KBRO 010800
CF6HRL
PRELIMINARY LOCAL CLIMATOLOGICAL DATA (WS FORM: F-6)
STATION: HARLINGEN
MONTH: AUGUST
YEAR: 2022
LATITUDE: 26 13 N
LONGITUDE: 97 40 W
TEMPERATURE IN F: :PCPN: SNOW: WIND :SUNSHINE: SKY :PK WND
================================================================================
1 2 3 4 5 6A 6B 7 8 9 10 11 12 13 14 15 16 17 18
12Z AVG MX 2MIN
DY MAX MIN AVG DEP HDD CDD WTR SNW DPTH SPD SPD DIR MIN PSBL S-S WX SPD DR
================================================================================
1 95 74 85 -2 0 20 0.08 0.0 0 9.6 24 160 M M 1 3 31 170
2 97 75 86 -1 0 21 0.00 0.0 0 14.1 26 160 M M 1 33 170
3 97 80 89 2 0 24 0.00 0.0 0 19.8 30 150 M M 1 43 150
4 96 81 89 2 0 24 0.00 0.0 0 16.9 28 170 M M 0 36 160
5 97 76 87 0 0 22 0.00 0.0 0 11.9 23 120 M M 0 32 130
6 96 75 86 -1 0 21 0.12 0.0 0 9.7 29 50 M M 3 3 37 50
7 94 74 84 -3 0 19 T 0.0 0 9.8 22 100 M M 2 3 31 100
8 95 74 85 -2 0 20 T 0.0 0 8.8 20 100 M M 1 3 27 100
9 95 74 85 -2 0 20 0.00 0.0 0 9.4 21 120 M M 2 26 130
10 98 73 86 -1 0 21 T 0.0 0 7.2 20 110 M M 2 26 110
11 98 75 87 0 0 22 T 0.0 0 8.1 21 60 M M 0 26 40
12 98 75 87 0 0 22 T 0.0 0 6.0 20 90 M M 0 25 80
13 92 75 84 -3 0 19 0.45 0.0 0 6.2 15 70 M M 2 21 60
14 83 74 79 -8 0 14 2.05 0.0 0 9.1 26 140 M M 9 138 32 150
15 93 77 85 -2 0 20 0.02 0.0 0 12.5 28 160 M M 2 34 170
16 95 75 85 -2 0 20 0.10 0.0 0 10.6 23 160 M M 2 1 31 150
17 94 76 85 -1 0 20 T 0.0 0 8.4 21 120 M M 3 26 120
18 96 75 86 0 0 21 T 0.0 0 8.8 21 100 M M 1 1 27 120
19 96 73 85 -1 0 20 T 0.0 0 10.4 22 140 M M 1 28 130
20 92 75 84 -2 0 19 0.01 0.0 0 12.1 26 130 M M 4 34 130
21 95 77 86 0 0 21 T 0.0 0 14.0 30 140 M M 4 37 150
22 97 77 87 1 0 22 0.00 0.0 0 13.5 23 140 M M 1 28 140
23 98 75 87 1 0 22 0.00 0.0 0 8.5 21 140 M M 2 31 140
24 99 75 87 1 0 22 0.00 0.0 0 8.7 22 100 M M 1 29 110
25 97 74 86 0 0 21 T 0.0 0 6.4 21 80 M M 2 1 28 60
26 92 76 84 -2 0 19 0.31 0.0 0 5.2 24 140 M M 4 3 30 130
27 93 74 84 -1 0 19 0.00 0.0 0 8.0 22 100 M M 1 1 27 110
28 95 75 85 0 0 20 0.00 0.0 0 7.6 20 110 M M 2 24 110
29 93 78 86 1 0 21 0.00 0.0 0 11.2 22 140 M M 1 30 140
30 94 77 86 1 0 21 0.20 0.0 0 9.8 25 200 M M 2 1 36 190
31 94 75 85 0 0 20 T 0.0 0 6.7 18 70 M M 2 24 60
================================================================================
SM 2944 2339 0 637 3.34 0.0 309.0 M 59
================================================================================
AV 95.0 75.5 10.0 FASTST M M 2 MAX(MPH)
MISC ----> # 30 150 43 150
================================================================================
NOTES:
# LAST OF SEVERAL OCCURRENCES
COLUMN 17 PEAK WIND IN M.P.H.
PRELIMINARY LOCAL CLIMATOLOGICAL DATA (WS FORM: F-6) , PAGE 2
STATION: HARLINGEN
MONTH: AUGUST
YEAR: 2022
LATITUDE: 26 13 N
LONGITUDE: 97 40 W
[TEMPERATURE DATA] [PRECIPITATION DATA] SYMBOLS USED IN COLUMN 16
AVERAGE MONTHLY: 85.2 TOTAL FOR MONTH: 3.34 1 = FOG OR MIST
DPTR FM NORMAL: -1.0 DPTR FM NORMAL: 1.42 2 = FOG REDUCING VISIBILITY
HIGHEST: 99 ON 24 GRTST 24HR 2.05 ON 14-14 TO 1/4 MILE OR LESS
LOWEST: 73 ON 19,10 3 = THUNDER
SNOW, ICE PELLETS, HAIL 4 = ICE PELLETS
TOTAL MONTH: 0.0 INCH 5 = HAIL
GRTST 24HR 0.0 6 = FREEZING RAIN OR DRIZZLE
GRTST DEPTH: 0 7 = DUSTSTORM OR SANDSTORM:
VSBY 1/2 MILE OR LESS
8 = SMOKE OR HAZE
[NO. OF DAYS WITH] [WEATHER - DAYS WITH] 9 = BLOWING SNOW
X = TORNADO
MAX 32 OR BELOW: 0 0.01 INCH OR MORE: 9
MAX 90 OR ABOVE: 30 0.10 INCH OR MORE: 6
MIN 32 OR BELOW: 0 0.50 INCH OR MORE: 1
MIN 0 OR BELOW: 0 1.00 INCH OR MORE: 1
[HDD (BASE 65) ]
TOTAL THIS MO. 0 CLEAR (SCALE 0-3) 26
DPTR FM NORMAL 0 PTCLDY (SCALE 4-7) 4
TOTAL FM JUL 1 0 CLOUDY (SCALE 8-10) 1
DPTR FM NORMAL 0
[CDD (BASE 65) ]
TOTAL THIS MO. 637
DPTR FM NORMAL -21 [PRESSURE DATA]
TOTAL FM JAN 1 3176 HIGHEST SLP M ON M
DPTR FM NORMAL 86 LOWEST SLP 29.85 ON 30
[REMARKS]
#FINAL-08-22#