000
CXUS53 KGID 012254
CLMHSI
CLIMATE REPORT
NATIONAL WEATHER SERVICE HASTINGS NE
454 PM CST MON JAN 01 2024
...................................
...THE HASTINGS NE CLIMATE SUMMARY FOR THE MONTH OF DECEMBER 2023...
CLIMATE NORMAL PERIOD 1991 TO 2020
CLIMATE RECORD PERIOD 1894 TO 2023
WEATHER OBSERVED NORMAL DEPART LAST YEAR`S
VALUE DATE(S) VALUE FROM VALUE DATE(S)
NORMAL
................................................................
TEMPERATURE (F)
RECORD
HIGH 80 12/23/1964
LOW -23 12/23/1989
12/22/1989
HIGHEST 60 12/22 63 -3 60 12/28
LOWEST 15 12/28 -9 24 -15 12/22
12/31
AVG. MAXIMUM 42.9 39.1 3.8 37.3
AVG. MINIMUM 25.0 19.4 5.6 14.2
MEAN 34.0 29.2 4.8 25.7
DAYS MAX >= 90 0 0.0 0.0 0
DAYS MAX <= 32 5 10.0 -5.0 10
DAYS MIN <= 32 28 29.2 -1.2 31
DAYS MIN <= 0 0 2.1 -2.1 4
PRECIPITATION (INCHES)
RECORD
MAXIMUM 4.93 1913
MINIMUM 0.00 1976
TOTALS 1.51 0.86 0.65 0.66
DAILY AVG. 0.05 0.03 0.02 0.02
DAYS >= .01 8 5.0 3.0 7
DAYS >= .10 4 1.9 2.1 3
DAYS >= .50 0 0.4 -0.4 0
DAYS >= 1.00 0 0.2 -0.2 0
GREATEST
24 HR. TOTAL 0.58 12/14 TO 12/15
SNOWFALL (INCHES)
RECORDS
TOTAL 31.0 1973
TOTALS 6.1 5.6 0.5 2.5
SINCE 7/1 7.4 9.1 -1.7 MM
DAYS >= 1.0 3 1.8 1.2 1
GREATEST
SNOW DEPTH 4 12/26 2 12/22
12/28
12/23
24 HR TOTAL 3.6 12/25 TO 12/25
DEGREE DAYS
HEATING TOTAL 952 1108 -156 1210
SINCE 7/1 1998 2338 -340 MM
COOLING TOTAL 0 0 0 0
SINCE 1/1 1205 1135 70 MM
................................................................
WIND (MPH)
AVERAGE WIND SPEED 9.0
HIGHEST WIND SPEED/DIRECTION 33/340 DATE 12/09
33/350 12/24
HIGHEST GUST SPEED/DIRECTION 47/320 DATE 12/09
SKY COVER
POSSIBLE SUNSHINE (PERCENT) MM
AVERAGE SKY COVER 0.38
NUMBER OF DAYS FAIR 18
NUMBER OF DAYS PC 6
NUMBER OF DAYS CLOUDY 7
AVERAGE RH (PERCENT) 75
WEATHER CONDITIONS. NUMBER OF DAYS WITH
THUNDERSTORM 0 MIXED PRECIP 0
HEAVY RAIN 0 RAIN 1
LIGHT RAIN 5 FREEZING RAIN 0
LT FREEZING RAIN 0 HAIL 0
HEAVY SNOW 0 SNOW 1
LIGHT SNOW 5 SLEET 0
FOG 12 FOG W/VIS <= 1/4 MILE 5
HAZE 3
- INDICATES NEGATIVE NUMBERS.
R INDICATES RECORD WAS SET OR TIED.
MM INDICATES DATA IS MISSING.
T INDICATES TRACE AMOUNT.
$$