000
CXUS53 KAPX 211449
CF6HTL
PRELIMINARY LOCAL CLIMATOLOGICAL DATA (WS FORM: F-6)
STATION: HOUGHTON LAKE MI
MONTH: OCTOBER
YEAR: 2022
LATITUDE: 44 22 N
LONGITUDE: 84 41 W
TEMPERATURE IN F: :PCPN: SNOW: WIND :SUNSHINE: SKY :PK WND
================================================================================
1 2 3 4 5 6A 6B 7 8 9 10 11 12 13 14 15 16 17 18
12Z AVG MX 2MIN
DY MAX MIN AVG DEP HDD CDD WTR SNW DPTH SPD SPD DIR MIN PSBL S-S WX SPD DR
================================================================================
1 70 31 51 -2 14 0 0.00 0.0 0 4.9 12 70 M M 0 1 18 30
2 63 31 47 -5 18 0 0.00 0.0 0 6.4 18 60 M M 1 1 25 60
3 66 26 46 -6 19 0 0.00 0.0 0 1.8 8 270 M M 1 12 10 270
4 72 32 52 1 13 0 0.00 0.0 0 1.8 7 310 M M 0 1 9 310
5 70 39 55 4 10 0 0.00 0.0 0 3.3 10 240 M M 1 1 15 230
6 65 40 53 2 12 0 0.15 0.0 0 8.2 20 310 M M 6 1 28 310
7 49 33 41 -9 24 0 0.00 0.0 0 9.9 18 330 M M 6 27 350
8 52 35 44 -6 21 0 0.00 0.0 0 12.5 22 260 M M 5 34 260
9 60 37 49 0 16 0 0.00 0.0 0 6.3 12 330 M M 5 17 250
10 59 26 43 -6 22 0 0.00 0.0 0 1.8 8 260 M M 0 1 11 260
11 73 29 51 2 14 0 0.03 0.0 0 6.9 20 190 M M 4 12 31 170
12 64 45 55 7 10 0 0.50 0.0 0 12.6 29 290 M M 10 1 60 290
13 50 38 44 -4 21 0 0.07 0.0 0 9.5 22 260 M M 8 1 35 260
14 47 37 42 -6 23 0 0.00 0.0 0 11.1 23 200 M M 9 35 200
15 45 38 42 -5 23 0 0.02 0.0 0 12.2 22 250 M M 9 1 33 260
16 48 40 44 -3 21 0 0.05 0.0 0 8.1 17 220 M M 10 1 26 220
17 46 33 40 -6 25 0 0.22 T 0 11.7 23 330 M M 10 1 34 330
18 40 33 37 -9 28 0 0.13 T 0 15.7 23 320 M M 10 1 37 300
19 41 34 38 -8 27 0 0.05 T 0 13.0 21 310 M M 9 1 30 300
20 44 31 38 -7 27 0 0.05 T 0 7.5 14 270 M M 5 1 21 230
21 65 29 47 2 18 0 0.00 0.0 0 6.8 17 190 M M 0 28 200
22 72 46 59 15 6 0 0.00 0.0 0 8.0 16 170 M M 0 23 170
23 73 52 63 19 2 0 0.00 0.0 0 9.3 21 170 M M 1 33 160
24 73 54 64 20 1 0 0.01 0.0 0 9.4 20 180 M M 4 31 180
25 67 55 61 18 4 0 0.20 0.0 0 6.5 16 170 M M 5 1 23 180
26 59 36 48 5 17 0 0.41 0.0 0 10.4 22 320 M M 9 1 35 320
27 51 25 38 -5 27 0 0.00 0.0 0 2.9 8 240 M M 2 1 11 250
28 54 27 41 -1 24 0 0.00 0.0 0 3.3 14 160 M M 0 1 18 180
29 64 26 45 3 20 0 0.00 0.0 0 2.4 8 160 M M 0 1 11 160
30 62 27 45 3 20 0 0.00 0.0 0 2.3 7 190 M M 0 M M
31 65 35 50 9 15 0 0.00 0.0 0 1.5 6 99 M M 2 1 M M
================================================================================
SM 1829 1100 542 0 1.89 T 228.0 M 132
================================================================================
AV 59.0 35.5 7.4 FASTST M M 4 MAX(MPH)
MISC ----> 29 290 60 290
================================================================================
NOTES:
# LAST OF SEVERAL OCCURRENCES
COLUMN 17 PEAK WIND IN M.P.H.
PRELIMINARY LOCAL CLIMATOLOGICAL DATA (WS FORM: F-6) , PAGE 2
STATION: HOUGHTON LAKE MI
MONTH: OCTOBER
YEAR: 2022
LATITUDE: 44 22 N
LONGITUDE: 84 41 W
[TEMPERATURE DATA] [PRECIPITATION DATA] SYMBOLS USED IN COLUMN 16
AVERAGE MONTHLY: 47.2 TOTAL FOR MONTH: 1.89 1 = FOG OR MIST
DPTR FM NORMAL: 0.4 DPTR FM NORMAL: -1.19 2 = FOG REDUCING VISIBILITY
HIGHEST: 73 ON 24,23 GRTST 24HR 0.52 ON 11-12 TO 1/4 MILE OR LESS
LOWEST: 25 ON 27 3 = THUNDER
SNOW, ICE PELLETS, HAIL 4 = ICE PELLETS
TOTAL MONTH: T 5 = HAIL
GRTST 24HR T ON 17-17 6 = FREEZING RAIN OR DRIZZLE
GRTST DEPTH: 0 7 = DUSTSTORM OR SANDSTORM:
VSBY 1/2 MILE OR LESS
8 = SMOKE OR HAZE
[NO. OF DAYS WITH] [WEATHER - DAYS WITH] 9 = BLOWING SNOW
X = TORNADO
MAX 32 OR BELOW: 0 0.01 INCH OR MORE: 13
MAX 90 OR ABOVE: 0 0.10 INCH OR MORE: 6
MIN 32 OR BELOW: 12 0.50 INCH OR MORE: 1
MIN 0 OR BELOW: 0 1.00 INCH OR MORE: 0
[HDD (BASE 65) ]
TOTAL THIS MO. 542 CLEAR (SCALE 0-3) 14
DPTR FM NORMAL -25 PTCLDY (SCALE 4-7) 9
TOTAL FM JUL 1 769 CLOUDY (SCALE 8-10) 8
DPTR FM NORMAL -131
[CDD (BASE 65) ]
TOTAL THIS MO. 0
DPTR FM NORMAL -2 [PRESSURE DATA]
TOTAL FM JAN 1 373 HIGHEST SLP 30.54 ON 28
DPTR FM NORMAL 36 LOWEST SLP 29.52 ON 12
[REMARKS]
#FINAL-10-22#