000
CXUS51 KRLX 011237
CF6HTS
PRELIMINARY LOCAL CLIMATOLOGICAL DATA (WS FORM: F-6)
STATION: HUNTINGTON WV
MONTH: FEBRUARY
YEAR: 2020
LATITUDE: 38 22 N
LONGITUDE: 82 33 W
TEMPERATURE IN F: :PCPN: SNOW: WIND :SUNSHINE: SKY :PK WND
================================================================================
1 2 3 4 5 6A 6B 7 8 9 10 11 12 13 14 15 16 17 18
12Z AVG MX 2MIN
DY MAX MIN AVG DEP HDD CDD WTR SNW DPTH SPD SPD DIR MIN PSBL S-S WX SPD DR
================================================================================
1 42 37 40 5 25 0 0.17 0.0 0 5.1 15 270 M M 10 12 24 280
2 63 37 50 15 15 0 0.00 0.0 0 12.0 24 230 M M 4 39 210
3 68 45 57 22 8 0 T 0.0 0 7.7 15 210 M M 1 19 210
4 66 45 56 21 9 0 0.29 0.0 0 8.2 22 240 M M 10 1 32 240
5 45 34 40 5 25 0 0.12 0.0 0 7.6 15 10 M M 10 1 21 360
6 49 34 42 7 23 0 0.24 0.0 0 6.1 15 110 M M 10 12 23 170
7 34 27 31 -5 34 0 0.29 4.0 3 8.5 17 260 M M 9 1 26 260
8 36 25 31 -5 34 0 0.01 T 1 4.6 10 220 M M 8 1 13 160
9 50 28 39 3 26 0 T 0.0 0 6.1 14 190 M M 5 1 19 180
10 50 45 48 12 17 0 1.04 0.0 0 4.4 15 190 M M 9 12 21 190
11 49 39 44 8 21 0 0.32 0.0 0 4.9 12 310 M M 9 12 17 350
12 40 34 37 1 28 0 0.81 0.0 0 4.9 26 310 M M 7 128 36 320
13 49 32 41 4 24 0 0.62 T 0 7.4 16 290 M M 10 18 25 300
14 32 18 25 -12 40 0 T T 0 6.3 15 300 M M 8 23 310
15 44 13 29 -8 36 0 0.00 0.0 0 3.8 12 190 M M 0 1 18 190
16 54 39 47 10 18 0 T 0.0 0 4.2 13 270 M M 7 19 240
17 57 29 43 5 22 0 0.00 0.0 0 5.4 12 120 M M 2 1 16 140
18 54 40 47 9 18 0 0.28 0.0 0 6.3 16 340 M M 8 1 26 340
19 47 30 39 1 26 0 0.00 0.0 0 3.9 10 340 M M 1 1 14 340
20 39 23 31 -7 34 0 0.00 0.0 0 6.0 12 340 M M 3 21 340
21 38 18 28 -11 37 0 0.00 0.0 0 3.1 12 10 M M 0 15 20
22 50 18 34 -5 31 0 0.00 0.0 0 3.7 13 180 M M 0 17 210
23 57 21 39 0 26 0 0.00 0.0 0 3.8 13 180 M M 4 19 250
24 50 38 44 4 21 0 0.06 0.0 0 4.8 14 190 M M 9 18 19 180
25 60 44 52 12 13 0 0.42 0.0 0 6.2 16 240 M M 10 1 22 240
26 51 32 42 2 23 0 0.16 0.0 0 7.4 21 290 M M 10 1 32 310
27 34 27 31 -9 34 0 0.01 T 0 10.3 21 250 M M 10 29 260
28 44 31 38 -3 27 0 T 0.1 0 9.1 20 310 M M 9 1 27 290
29 38 22 30 -11 35 0 0.01 0.1 T 7.1 17 320 M M 2 1 23 350
================================================================================
SM 1390 905 730 0 4.85 4.2 178.9 M 185
================================================================================
AV 47.9 31.2 6.2 FASTST M M 6 MAX(MPH)
MISC ----> # 26 310 # 39 210
================================================================================
NOTES:
# LAST OF SEVERAL OCCURRENCES
COLUMN 17 PEAK WIND IN M.P.H.
PRELIMINARY LOCAL CLIMATOLOGICAL DATA (WS FORM: F-6) , PAGE 2
STATION: HUNTINGTON WV
MONTH: FEBRUARY
YEAR: 2020
LATITUDE: 38 22 N
LONGITUDE: 82 33 W
[TEMPERATURE DATA] [PRECIPITATION DATA] SYMBOLS USED IN COLUMN 16
AVERAGE MONTHLY: 39.6 TOTAL FOR MONTH: 4.85 1 = FOG OR MIST
DPTR FM NORMAL: 2.4 DPTR FM NORMAL: 1.78 2 = FOG REDUCING VISIBILITY
HIGHEST: 68 ON 3 GRTST 24HR 1.04 ON 10-10 TO 1/4 MILE OR LESS
LOWEST: 13 ON 15 3 = THUNDER
SNOW, ICE PELLETS, HAIL 4 = ICE PELLETS
TOTAL MONTH: 4.2 INCHES 5 = HAIL
GRTST 24HR 4.0 ON 7- 7 6 = FREEZING RAIN OR DRIZZLE
GRTST DEPTH: 3 ON 7 7 = DUSTSTORM OR SANDSTORM:
VSBY 1/2 MILE OR LESS
8 = SMOKE OR HAZE
[NO. OF DAYS WITH] [WEATHER - DAYS WITH] 9 = BLOWING SNOW
X = TORNADO
MAX 32 OR BELOW: 1 0.01 INCH OR MORE: 16
MAX 90 OR ABOVE: 0 0.10 INCH OR MORE: 12
MIN 32 OR BELOW: 16 0.50 INCH OR MORE: 3
MIN 0 OR BELOW: 0 1.00 INCH OR MORE: 1
[HDD (BASE 65) ]
TOTAL THIS MO. 730 CLEAR (SCALE 0-3) 8
DPTR FM NORMAL -47 PTCLDY (SCALE 4-7) 8
TOTAL FM JUL 1 3061 CLOUDY (SCALE 8-10) 13
DPTR FM NORMAL -464
[CDD (BASE 65) ]
TOTAL THIS MO. 0
DPTR FM NORMAL 0 [PRESSURE DATA]
TOTAL FM JAN 1 4 HIGHEST SLP 30.63 ON 21
DPTR FM NORMAL 4 LOWEST SLP 29.28 ON 6
[REMARKS]
#FINAL-02-20#