000
CXUS51 KRLX 011739
CLMHTS
CLIMATE REPORT
NATIONAL WEATHER SERVICE CHARLESTON WV
139 PM EDT THU JUN 01 2023
...................................
...THE HUNTINGTON WV CLIMATE SUMMARY FOR THE MONTH OF MAY 2023...
CLIMATE NORMAL PERIOD: 1991 TO 2020
CLIMATE RECORD PERIOD: 1897 TO 2023
WEATHER OBSERVED NORMAL DEPART LAST YEAR`S
VALUE DATE(S) VALUE FROM VALUE
NORMAL
..............................................................
TEMPERATURE (F)
RECORD
HIGH 97 05/30/1914
LOW 27 05/10/1966
HIGHEST 84 05/11 91
LOWEST 36 05/04 46
AVG. MAXIMUM 73.9 76.2 -2.3 78.2
AVG. MINIMUM 52.0 54.2 -2.2 56.8
MEAN 63.0 65.2 -2.2 67.5
DAYS MAX >= 90 0 0.8 -0.8 2
DAYS MAX <= 32 0 0.0 0.0 0
DAYS MAX >= 80 7 15
DAYS MAX >= 100 0 0
DAYS MIN <= 32 0 0.2 -0.2 0
PRECIPITATION (INCHES)
RECORD
MAXIMUM 9.67 2003
MINIMUM 0.78 1932
TOTALS 3.75 4.51 -0.76 4.70
DAILY AVG. 0.12 0.15 -0.03 0.15
DAYS >= .01 9 13.7 -4.7 9
DAYS >= .10 7 8.2 -1.2 8
DAYS >= .50 4 3.0 1.0 3
DAYS >= 1.00 0 1.0 -1.0 1
GREATEST
24 HR. TOTAL 0.86 05/20 TO 05/20 2.24
SNOWFALL (INCHES)
RECORDS
TOTAL 0.2 1989
24 HR TOTAL 0.2 05/07/1989 TO 05/07/1989
SNOW DEPTH MM MM
TOTALS 0.0 0.0 0.0 0.0
SINCE 7/1 2.6 19.8 -17.2 MM
SNOWDEPTH AVG. 0 0
DAYS >= TRACE 0 0.0 0.0 0
DAYS >= 1.0 0 0.0 0.0 0
GREATEST
SNOW DEPTH 0 0
24 HR TOTAL 0.0 MM
DEGREE DAYS
HEATING TOTAL 99 97 2 32
SINCE 7/1 3812 4312 -500 MM
COOLING TOTAL 45 103 -58 119
SINCE 1/1 79 140 -61 MM
..............................................................
WIND (MPH)
AVERAGE WIND SPEED 4.9
HIGHEST WIND SPEED/DIRECTION 22/260 DATE 05/01
HIGHEST GUST SPEED/DIRECTION 37/250 DATE 05/01
SKY COVER
AVERAGE SKY COVER 0.39
NUMBER OF DAYS FAIR 18
NUMBER OF DAYS PC 7
NUMBER OF DAYS CLOUDY 6
AVERAGE RH (PERCENT) 69
WEATHER CONDITIONS. NUMBER OF DAYS WITH
THUNDERSTORM 5 MIXED PRECIP 0
HEAVY RAIN 4 RAIN 8
LIGHT RAIN 13 FREEZING RAIN 0
LT FREEZING RAIN 0 HAIL 0
HEAVY SNOW 0 SNOW 0
LIGHT SNOW 0 SLEET 0
FOG 15 FOG W/VIS <= 1/4 MILE 1
HAZE 1
- INDICATES NEGATIVE NUMBERS.
R INDICATES RECORD WAS SET OR TIED.
MM INDICATES DATA IS MISSING.
T INDICATES TRACE AMOUNT.
$$