000
CXUS53 KIND 010700
CF6HUF
PRELIMINARY LOCAL CLIMATOLOGICAL DATA (WS FORM: F-6)
STATION: TERRE HAUTE IN
MONTH: NOVEMBER
YEAR: 2022
LATITUDE: 39 27 N
LONGITUDE: 87 18 W
TEMPERATURE IN F: :PCPN: SNOW: WIND :SUNSHINE: SKY :PK WND
================================================================================
1 2 3 4 5 6A 6B 7 8 9 10 11 12 13 14 15 16 17 18
12Z AVG MX 2MIN
DY MAX MIN AVG DEP HDD CDD WTR SNW DPTH SPD SPD DIR MIN PSBL S-S WX SPD DR
================================================================================
1 70 45 58 10 7 0 0.00 M M 3.7 12 190 M M 4 18 16 220
2 72 43 58 10 7 0 0.00 M M 4.6 13 180 M M 0 1 16 180
3 74 45 60 12 5 0 0.00 M M 7.0 16 190 M M 0 1 23 180
4 76 53 65 18 0 0 0.00 M M 13.1 25 190 M M 2 34 180
5 69 46 58 11 7 0 0.50 M M 17.6 35 200 M M 4 13 55 220
6 67 39 53 6 12 0 0.00 M M 6.4 17 220 M M 0 26 200
7 65 42 54 8 11 0 0.00 M M 7.5 17 30 M M 0 25 20
8 64 37 51 5 14 0 0.00 M M 8.2 18 90 M M 1 27 110
9 75 44 60 14 5 0 0.00 M M 4.4 12 170 M M 0 8 14 130
10 73 47 60 15 5 0 0.00 M M 7.5 18 180 M M 0 26 190
11 52 30 41 -4 24 0 0.00 M M 9.6 22 330 M M 5 32 330
12 34 29 32 -12 33 0 0.15 M M 8.4 16 310 M M 9 1 25 310
13 40 23 32 -12 33 0 T M M 4.8 12 300 M M 7 17 300
14 44 19 32 -12 33 0 0.00 M M 5.1 13 100 M M 1 18 130
15 38 34 36 -7 29 0 0.03 M M 6.8 15 290 M M 9 1 23 310
16 40 30 35 -8 30 0 T M M 11.2 23 260 M M 10 1 32 250
17 38 29 34 -8 31 0 0.00 M M 10.2 18 240 M M 8 24 230
18 35 25 30 -12 35 0 0.00 M M 12.2 22 280 M M 9 31 290
19 37 19 28 -14 37 0 T M M 12.0 24 260 M M 3 35 290
20 35 14 25 -17 40 0 0.00 M M 6.8 20 300 M M 0 29 300
21 52 23 38 -3 27 0 0.00 M M 9.7 21 200 M M 0 27 210
22 58 22 40 -1 25 0 0.00 M M 5.1 17 230 M M 0 25 240
23 61 23 42 2 23 0 0.00 M M 3.5 10 180 M M 0 14 220
24 57 28 43 3 22 0 0.03 M M 3.5 9 210 M M 5 1 12 200
25 49 25 37 -3 28 0 T M M 5.0 13 330 M M 7 12 19 320
26 54 22 38 -1 27 0 0.08 M M 3.0 9 100 M M 5 12 13 80
27 57 43 50 11 15 0 0.64 M M 12.3 30 250 M M 10 1 39 260
28 47 42 45 6 20 0 0.00 M M 3.5 12 180 M M 10 15 180
29 62 41 52 14 13 0 0.03 M M 14.0 26 300 M M 5 1 42 300
30 47 27 37 -1 28 0 T M M 14.8 29 300 M M 3 43 310
================================================================================
SM 1642 989 626 0 1.46 M 241.5 M 117
================================================================================
AV 54.7 33.0 8.1 FASTST M M 4 MAX(MPH)
MISC ----> 35 200 55 220
================================================================================
NOTES:
# LAST OF SEVERAL OCCURRENCES
COLUMN 17 PEAK WIND IN M.P.H.
PRELIMINARY LOCAL CLIMATOLOGICAL DATA (WS FORM: F-6) , PAGE 2
STATION: TERRE HAUTE IN
MONTH: NOVEMBER
YEAR: 2022
LATITUDE: 39 27 N
LONGITUDE: 87 18 W
[TEMPERATURE DATA] [PRECIPITATION DATA] SYMBOLS USED IN COLUMN 16
AVERAGE MONTHLY: 43.9 TOTAL FOR MONTH: 1.46 1 = FOG OR MIST
DPTR FM NORMAL: 0.8 DPTR FM NORMAL: -1.59 2 = FOG REDUCING VISIBILITY
HIGHEST: 76 ON 4 GRTST 24HR 0.72 ON 26-27 TO 1/4 MILE OR LESS
LOWEST: 14 ON 20 3 = THUNDER
SNOW, ICE PELLETS, HAIL 4 = ICE PELLETS
TOTAL MONTH: M 5 = HAIL
GRTST 24HR M ON M 6 = FREEZING RAIN OR DRIZZLE
GRTST DEPTH: M ON M 7 = DUSTSTORM OR SANDSTORM:
VSBY 1/2 MILE OR LESS
8 = SMOKE OR HAZE
[NO. OF DAYS WITH] [WEATHER - DAYS WITH] 9 = BLOWING SNOW
X = TORNADO
MAX 32 OR BELOW: 0 0.01 INCH OR MORE: 7
MAX 90 OR ABOVE: 0 0.10 INCH OR MORE: 3
MIN 32 OR BELOW: 16 0.50 INCH OR MORE: 2
MIN 0 OR BELOW: 0 1.00 INCH OR MORE: 0
[HDD (BASE 65) ]
TOTAL THIS MO. 626 CLEAR (SCALE 0-3) 15
DPTR FM NORMAL -30 PTCLDY (SCALE 4-7) 8
TOTAL FM JUL 1 1039 CLOUDY (SCALE 8-10) 7
DPTR FM NORMAL -23
[CDD (BASE 65) ]
TOTAL THIS MO. 0
DPTR FM NORMAL 0 [PRESSURE DATA]
TOTAL FM JAN 1 1307 HIGHEST SLP M ON M
DPTR FM NORMAL 231 LOWEST SLP 29.35 ON 27
[REMARKS]
#FINAL-11-22#